{"id":197,"date":"2020-12-26T16:21:16","date_gmt":"2020-12-26T16:21:16","guid":{"rendered":"https:\/\/protectoraberga.com\/?page_id=197"},"modified":"2020-12-26T17:22:43","modified_gmt":"2020-12-26T17:22:43","slug":"qui-som","status":"publish","type":"page","link":"https:\/\/protectoraberga.com\/?page_id=197","title":{"rendered":"QUI SOM?"},"content":{"rendered":"\n<p class=\"has-text-align-center\">L&#8217;Associaci\u00f3 Berguedana per a la Protecci\u00f3 dels Animals som una associaci\u00f3 sense \u00e0nim de lucre que estem en funcionament des del setembre de 1990. <\/p>\n\n\n\n<p class=\"has-text-align-center\">El radi d&#8217;actuaci\u00f3 \u00e9s comarcal, el Bergued\u00e0, tot i que mantenim contacte amb altres protectores i diferents grups interessats en la mateixa tasca. <\/p>\n\n\n\n<p class=\"has-text-align-center\">El refugi es mant\u00e9 gr\u00e0cies a les aportacions dels socis, dels teamers, dels convenis signats amb els Ajuntaments de la comarca (exceptuant-ne algun) i amb el Consell Comarcal del Bergued\u00e0. <\/p>\n\n\n\n<p class=\"has-text-align-center\">Tamb\u00e9 volem destacar l&#8217;ajuda molt important que darrerament rebem des d&#8217;Alemanya i Su\u00efssa, tant econ\u00f2mica com material, i tamb\u00e9 en l&#8217;adopci\u00f3 dels animals. <\/p>\n\n\n\n<p class=\"has-text-align-center\">Les tasques de manteniment i cura dels animals es fan di\u00e0riament per part del personal del refugi i dels voluntaris que hi col\u00b7laboren.<\/p>\n","protected":false},"excerpt":{"rendered":"<p>L&#8217;Associaci\u00f3 Berguedana per a la Protecci\u00f3 dels Animals som una associaci\u00f3 sense \u00e0nim de lucre que estem en funcionament des del setembre de 1990. El radi d&#8217;actuaci\u00f3 \u00e9s comarcal, el Bergued\u00e0, tot i que mantenim contacte amb altres protectores i diferents grups interessats en la mateixa tasca. El refugi es mant\u00e9 gr\u00e0cies a les aportacions [&hellip;]<\/p>\n","protected":false},"author":1,"featured_media":0,"parent":0,"menu_order":0,"comment_status":"closed","ping_status":"closed","template":"","meta":{"ngg_post_thumbnail":0,"footnotes":""},"class_list":["post-197","page","type-page","status-publish","hentry","post-preview"],"_links":{"self":[{"href":"https:\/\/protectoraberga.com\/index.php?rest_route=\/wp\/v2\/pages\/197","targetHints":{"allow":["GET"]}}],"collection":[{"href":"https:\/\/protectoraberga.com\/index.php?rest_route=\/wp\/v2\/pages"}],"about":[{"href":"https:\/\/protectoraberga.com\/index.php?rest_route=\/wp\/v2\/types\/page"}],"author":[{"embeddable":true,"href":"https:\/\/protectoraberga.com\/index.php?rest_route=\/wp\/v2\/users\/1"}],"replies":[{"embeddable":true,"href":"https:\/\/protectoraberga.com\/index.php?rest_route=%2Fwp%2Fv2%2Fcomments&post=197"}],"version-history":[{"count":2,"href":"https:\/\/protectoraberga.com\/index.php?rest_route=\/wp\/v2\/pages\/197\/revisions"}],"predecessor-version":[{"id":292,"href":"https:\/\/protectoraberga.com\/index.php?rest_route=\/wp\/v2\/pages\/197\/revisions\/292"}],"wp:attachment":[{"href":"https:\/\/protectoraberga.com\/index.php?rest_route=%2Fwp%2Fv2%2Fmedia&parent=197"}],"curies":[{"name":"wp","href":"https:\/\/api.w.org\/{rel}","templated":true}]}}