{"id":203,"date":"2020-12-26T16:27:12","date_gmt":"2020-12-26T16:27:12","guid":{"rendered":"https:\/\/protectoraberga.com\/?page_id=203"},"modified":"2021-01-03T18:26:56","modified_gmt":"2021-01-03T18:26:56","slug":"contacte","status":"publish","type":"page","link":"https:\/\/protectoraberga.com\/?page_id=203","title":{"rendered":"Contacte"},"content":{"rendered":"\n<figure class=\"wp-block-table\"><table><tbody><tr><td>Tel\u00e8fon: <\/td><td>938221291 (de dilluns a dissabte de 4 a 7 de la tarda)<\/td><\/tr><tr><td>Mail:<\/td><td><a href=\"mailto:prote.berga@telefonica.net\">prote.berga@telefonica.net<\/a><\/td><\/tr><tr><td>Adre\u00e7a:<\/td><td><a href=\"https:\/\/goo.gl\/maps\/FWkjaAgYeK9qY6EY8\" target=\"_blank\" rel=\"noreferrer noopener\">Casa Nova de Cal Galta s\/n 08600 Berga<\/a><\/td><\/tr><tr><td>Facebook:<\/td><td><a href=\"https:\/\/www.facebook.com\/ProtectoraBerga\/\" target=\"_blank\" rel=\"noreferrer noopener\">Associaci\u00f3 Berguedana per a la Protecci\u00f3 dels Animals<\/a><\/td><\/tr><tr><td>Instagram:<\/td><td><a href=\"https:\/\/www.instagram.com\/protectoraberga\/\" target=\"_blank\" rel=\"noreferrer noopener\"><img loading=\"lazy\" decoding=\"async\" width=\"150\" height=\"42\" class=\"wp-image-319\" style=\"width: 150px;\" src=\"https:\/\/protectoraberga.com\/wp-content\/uploads\/2021\/01\/insta.png\" alt=\"\"><\/a><\/td><\/tr><\/tbody><\/table><figcaption><strong>L&#8217;horari d&#8217;atenci\u00f3 al p\u00fablic \u00e9s de dilluns a dissabte de 4 a 7 de la tarda (tant per tel\u00e8fon com presencial).<\/strong><\/figcaption><\/figure>\n\n\n\n<p><\/p>\n\n\n\n<iframe loading=\"lazy\" src=\"https:\/\/www.google.com\/maps\/embed?pb=!1m18!1m12!1m3!1d11842.756631581069!2d1.8311533921068395!3d42.09270911729033!2m3!1f0!2f0!3f0!3m2!1i1024!2i768!4f13.1!3m3!1m2!1s0x12a50832e160702b%3A0x1640ba4c43760183!2sAssociaci%C3%B3%20Berguedana%20per%20a%20la%20Protecci%C3%B3%20dels%20Animals!5e0!3m2!1sen!2ses!4v1609000300647!5m2!1sen!2ses\" width=\"600\" height=\"450\" frameborder=\"0\" style=\"border:0;\" allowfullscreen=\"\" aria-hidden=\"false\" tabindex=\"0\"><\/iframe>\n","protected":false},"excerpt":{"rendered":"<p>Tel\u00e8fon: 938221291 (de dilluns a dissabte de 4 a 7 de la tarda) Mail: prote.berga@telefonica.net Adre\u00e7a: Casa Nova de Cal Galta s\/n 08600 Berga Facebook: Associaci\u00f3 Berguedana per a la Protecci\u00f3 dels Animals Instagram: L&#8217;horari d&#8217;atenci\u00f3 al p\u00fablic \u00e9s de dilluns a dissabte de 4 a 7 de la tarda (tant per tel\u00e8fon com presencial).<\/p>\n","protected":false},"author":1,"featured_media":0,"parent":0,"menu_order":0,"comment_status":"closed","ping_status":"closed","template":"","meta":{"ngg_post_thumbnail":0,"footnotes":""},"class_list":["post-203","page","type-page","status-publish","hentry","post-preview"],"_links":{"self":[{"href":"https:\/\/protectoraberga.com\/index.php?rest_route=\/wp\/v2\/pages\/203","targetHints":{"allow":["GET"]}}],"collection":[{"href":"https:\/\/protectoraberga.com\/index.php?rest_route=\/wp\/v2\/pages"}],"about":[{"href":"https:\/\/protectoraberga.com\/index.php?rest_route=\/wp\/v2\/types\/page"}],"author":[{"embeddable":true,"href":"https:\/\/protectoraberga.com\/index.php?rest_route=\/wp\/v2\/users\/1"}],"replies":[{"embeddable":true,"href":"https:\/\/protectoraberga.com\/index.php?rest_route=%2Fwp%2Fv2%2Fcomments&post=203"}],"version-history":[{"count":12,"href":"https:\/\/protectoraberga.com\/index.php?rest_route=\/wp\/v2\/pages\/203\/revisions"}],"predecessor-version":[{"id":322,"href":"https:\/\/protectoraberga.com\/index.php?rest_route=\/wp\/v2\/pages\/203\/revisions\/322"}],"wp:attachment":[{"href":"https:\/\/protectoraberga.com\/index.php?rest_route=%2Fwp%2Fv2%2Fmedia&parent=203"}],"curies":[{"name":"wp","href":"https:\/\/api.w.org\/{rel}","templated":true}]}}

<figure class="wp-block-table"><table><tbody><tr><td>Telèfon: </td><td>938221291 (de dilluns a dissabte de 4 a 7 de la tarda)</td></tr><tr><td>Mail:</td><td><a href="mailto:prote.berga@telefonica.net">prote.berga@telefonica.net</a></td></tr><tr><td>Adreça:</td><td><a href="https://goo.gl/maps/FWkjaAgYeK9qY6EY8" target="_blank" rel="noreferrer noopener">Casa Nova de Cal Galta s/n 08600 Berga</a></td></tr><tr><td>Facebook:</td><td><a href="https://www.facebook.com/ProtectoraBerga/" target="_blank" rel="noreferrer noopener">Associació Berguedana per a la Protecció dels Animals</a></td></tr><tr><td>Instagram:</td><td><a href="https://www.instagram.com/protectoraberga/" target="_blank" rel="noreferrer noopener"><img loading="lazy" decoding="async" width="150" height="42" class="wp-image-319" style="width: 150px;" src="https://protectoraberga.com/wp-content/uploads/2021/01/insta.png" alt=""></a></td></tr></tbody></table><figcaption><strong>L&#8217;horari d&#8217;atenció al públic és de dilluns a dissabte de 4 a 7 de la tarda (tant per telèfon com presencial).</strong></figcaption></figure>



<p></p>



<iframe loading="lazy" src="https://www.google.com/maps/embed?pb=!1m18!1m12!1m3!1d11842.756631581069!2d1.8311533921068395!3d42.09270911729033!2m3!1f0!2f0!3f0!3m2!1i1024!2i768!4f13.1!3m3!1m2!1s0x12a50832e160702b%3A0x1640ba4c43760183!2sAssociaci%C3%B3%20Berguedana%20per%20a%20la%20Protecci%C3%B3%20dels%20Animals!5e0!3m2!1sen!2ses!4v1609000300647!5m2!1sen!2ses" width="600" height="450" frameborder="0" style="border:0;" allowfullscreen="" aria-hidden="false" tabindex="0"></iframe>

<p>Telèfon: 938221291 (de dilluns a dissabte de 4 a 7 de la tarda) Mail: prote.berga@telefonica.net Adreça: Casa Nova de Cal Galta s/n 08600 Berga Facebook: Associació Berguedana per a la Protecció dels Animals Instagram: L&#8217;horari d&#8217;atenció al públic és de dilluns a dissabte de 4 a 7 de la tarda (tant per telèfon com presencial).</p>
