{"id":4,"date":"2020-11-26T17:19:03","date_gmt":"2020-11-26T17:19:03","guid":{"rendered":"http:\/\/protectoraberga.com\/bienvenido-a-http-protectoraberga-com"},"modified":"2024-04-10T20:30:53","modified_gmt":"2024-04-10T20:30:53","slug":"bienvenido-a-http-protectoraberga-com","status":"publish","type":"page","link":"https:\/\/protectoraberga.com\/","title":{"rendered":"Web de la protectora de Berga"},"content":{"rendered":"<div class=\"wp-block-image is-style-rounded\">\n<figure class=\"aligncenter size-full\"><img loading=\"lazy\" decoding=\"async\" width=\"320\" height=\"320\" src=\"https:\/\/protectoraberga.com\/wp-content\/uploads\/2024\/04\/IMG-20240410-WA0011-1.jpg\" alt=\"\" class=\"wp-image-1054\" srcset=\"https:\/\/protectoraberga.com\/wp-content\/uploads\/2024\/04\/IMG-20240410-WA0011-1.jpg 320w, https:\/\/protectoraberga.com\/wp-content\/uploads\/2024\/04\/IMG-20240410-WA0011-1-300x300.jpg 300w, https:\/\/protectoraberga.com\/wp-content\/uploads\/2024\/04\/IMG-20240410-WA0011-1-150x150.jpg 150w\" sizes=\"auto, (max-width: 320px) 100vw, 320px\" \/><\/figure>\n<\/div>\n\n\n<p class=\"has-text-align-center\">Gestionada per l&#8217;Associaci\u00f3 Berguedana per a la Protecci\u00f3 dels Animals, associaci\u00f3 sense \u00e0nim de lucre en funcionament des de setembre de 1990.<\/p>\n","protected":false},"excerpt":{"rendered":"<p>Gestionada per l&#8217;Associaci\u00f3 Berguedana per a la Protecci\u00f3 dels Animals, associaci\u00f3 sense \u00e0nim de lucre en funcionament des de setembre de 1990.<\/p>\n","protected":false},"author":1,"featured_media":0,"parent":0,"menu_order":0,"comment_status":"closed","ping_status":"open","template":"","meta":{"ngg_post_thumbnail":0,"footnotes":""},"class_list":["post-4","page","type-page","status-publish","hentry","post-preview"],"_links":{"self":[{"href":"https:\/\/protectoraberga.com\/index.php?rest_route=\/wp\/v2\/pages\/4","targetHints":{"allow":["GET"]}}],"collection":[{"href":"https:\/\/protectoraberga.com\/index.php?rest_route=\/wp\/v2\/pages"}],"about":[{"href":"https:\/\/protectoraberga.com\/index.php?rest_route=\/wp\/v2\/types\/page"}],"author":[{"embeddable":true,"href":"https:\/\/protectoraberga.com\/index.php?rest_route=\/wp\/v2\/users\/1"}],"replies":[{"embeddable":true,"href":"https:\/\/protectoraberga.com\/index.php?rest_route=%2Fwp%2Fv2%2Fcomments&post=4"}],"version-history":[{"count":9,"href":"https:\/\/protectoraberga.com\/index.php?rest_route=\/wp\/v2\/pages\/4\/revisions"}],"predecessor-version":[{"id":1055,"href":"https:\/\/protectoraberga.com\/index.php?rest_route=\/wp\/v2\/pages\/4\/revisions\/1055"}],"wp:attachment":[{"href":"https:\/\/protectoraberga.com\/index.php?rest_route=%2Fwp%2Fv2%2Fmedia&parent=4"}],"curies":[{"name":"wp","href":"https:\/\/api.w.org\/{rel}","templated":true}]}}