{"id":1098,"date":"2024-07-30T07:00:16","date_gmt":"2024-07-30T07:00:16","guid":{"rendered":"https:\/\/protectoraberga.com\/?post_type=pets&#038;p=1098"},"modified":"2024-07-30T07:01:27","modified_gmt":"2024-07-30T07:01:27","slug":"texas","status":"publish","type":"pets","link":"https:\/\/protectoraberga.com\/?pets=texas","title":{"rendered":"TEXAS"},"content":{"rendered":"\n<p>Gat femella. Data de naixement, aproximada: 15 &#8211; 7 &#8211; 2021.<\/p>\n\n\n\n<p>Va ser recollida a la zona de Sant Francesc de Berga. Els primers dies estava molt atemorida. per\u00f2 ara ja comen\u00e7a a estar m\u00e9s relaxada i ja conviu amb els altres gats. A poc a poc s&#8217;ha anat adaptant i ja est\u00e0 preparada per a trobar la seva fam\u00edlia. <\/p>\n\n\n\n<figure class=\"wp-block-gallery has-nested-images columns-default is-cropped wp-block-gallery-1 is-layout-flex wp-block-gallery-is-layout-flex\">\n<figure class=\"wp-block-image size-large\"><img loading=\"lazy\" decoding=\"async\" width=\"1024\" height=\"768\" data-id=\"1101\" src=\"https:\/\/protectoraberga.com\/wp-content\/uploads\/2024\/07\/P1080572-1024x768.jpg\" alt=\"\" class=\"wp-image-1101\" srcset=\"https:\/\/protectoraberga.com\/wp-content\/uploads\/2024\/07\/P1080572-1024x768.jpg 1024w, https:\/\/protectoraberga.com\/wp-content\/uploads\/2024\/07\/P1080572-300x225.jpg 300w, https:\/\/protectoraberga.com\/wp-content\/uploads\/2024\/07\/P1080572-768x576.jpg 768w, https:\/\/protectoraberga.com\/wp-content\/uploads\/2024\/07\/P1080572-1536x1152.jpg 1536w, https:\/\/protectoraberga.com\/wp-content\/uploads\/2024\/07\/P1080572-676x507.jpg 676w, https:\/\/protectoraberga.com\/wp-content\/uploads\/2024\/07\/P1080572-360x270.jpg 360w, https:\/\/protectoraberga.com\/wp-content\/uploads\/2024\/07\/P1080572.jpg 2000w\" sizes=\"auto, (max-width: 1024px) 100vw, 1024px\" \/><\/figure>\n\n\n\n<figure class=\"wp-block-image size-large\"><img loading=\"lazy\" decoding=\"async\" width=\"523\" height=\"697\" data-id=\"1100\" src=\"https:\/\/protectoraberga.com\/wp-content\/uploads\/2024\/07\/IMG-20240725-WA0010.jpg\" alt=\"\" class=\"wp-image-1100\" srcset=\"https:\/\/protectoraberga.com\/wp-content\/uploads\/2024\/07\/IMG-20240725-WA0010.jpg 523w, https:\/\/protectoraberga.com\/wp-content\/uploads\/2024\/07\/IMG-20240725-WA0010-225x300.jpg 225w, https:\/\/protectoraberga.com\/wp-content\/uploads\/2024\/07\/IMG-20240725-WA0010-360x480.jpg 360w\" sizes=\"auto, (max-width: 523px) 100vw, 523px\" \/><\/figure>\n\n\n\n<figure class=\"wp-block-image size-large\"><img loading=\"lazy\" decoding=\"async\" width=\"437\" height=\"697\" data-id=\"1099\" src=\"https:\/\/protectoraberga.com\/wp-content\/uploads\/2024\/07\/IMG_20240725_125800.jpg\" alt=\"\" class=\"wp-image-1099\" srcset=\"https:\/\/protectoraberga.com\/wp-content\/uploads\/2024\/07\/IMG_20240725_125800.jpg 437w, https:\/\/protectoraberga.com\/wp-content\/uploads\/2024\/07\/IMG_20240725_125800-188x300.jpg 188w, https:\/\/protectoraberga.com\/wp-content\/uploads\/2024\/07\/IMG_20240725_125800-360x574.jpg 360w\" sizes=\"auto, (max-width: 437px) 100vw, 437px\" \/><\/figure>\n\n\n\n<figure class=\"wp-block-image size-large\"><img loading=\"lazy\" decoding=\"async\" width=\"1024\" height=\"584\" data-id=\"1102\" src=\"https:\/\/protectoraberga.com\/wp-content\/uploads\/2024\/07\/P1080593-1024x584.jpg\" alt=\"\" class=\"wp-image-1102\" srcset=\"https:\/\/protectoraberga.com\/wp-content\/uploads\/2024\/07\/P1080593-1024x584.jpg 1024w, https:\/\/protectoraberga.com\/wp-content\/uploads\/2024\/07\/P1080593-300x171.jpg 300w, https:\/\/protectoraberga.com\/wp-content\/uploads\/2024\/07\/P1080593-768x438.jpg 768w, https:\/\/protectoraberga.com\/wp-content\/uploads\/2024\/07\/P1080593-1536x876.jpg 1536w, https:\/\/protectoraberga.com\/wp-content\/uploads\/2024\/07\/P1080593-676x385.jpg 676w, https:\/\/protectoraberga.com\/wp-content\/uploads\/2024\/07\/P1080593-360x205.jpg 360w, https:\/\/protectoraberga.com\/wp-content\/uploads\/2024\/07\/P1080593.jpg 2000w\" sizes=\"auto, (max-width: 1024px) 100vw, 1024px\" \/><\/figure>\n<\/figure>\n","protected":false},"excerpt":{"rendered":"<p>Gat femella. Data de naixement, aproximada: 15 &#8211; 7 &#8211; 2021. Va ser recollida a la zona de Sant Francesc de Berga. Els primers dies estava molt atemorida. per\u00f2 ara ja comen\u00e7a a estar m\u00e9s relaxada i ja conviu amb els altres gats. A poc a poc s&#8217;ha anat adaptant i ja est\u00e0 preparada per [&hellip;]<\/p>\n","protected":false},"featured_media":0,"template":"","meta":{"ngg_post_thumbnail":0},"breed":[6],"pet-color":[],"class_list":["post-1098","pets","type-pets","status-publish","hentry","breed-gat","post-preview"],"_links":{"self":[{"href":"https:\/\/protectoraberga.com\/index.php?rest_route=\/wp\/v2\/pets\/1098","targetHints":{"allow":["GET"]}}],"collection":[{"href":"https:\/\/protectoraberga.com\/index.php?rest_route=\/wp\/v2\/pets"}],"about":[{"href":"https:\/\/protectoraberga.com\/index.php?rest_route=\/wp\/v2\/types\/pets"}],"wp:attachment":[{"href":"https:\/\/protectoraberga.com\/index.php?rest_route=%2Fwp%2Fv2%2Fmedia&parent=1098"}],"wp:term":[{"taxonomy":"breed","embeddable":true,"href":"https:\/\/protectoraberga.com\/index.php?rest_route=%2Fwp%2Fv2%2Fbreed&post=1098"},{"taxonomy":"pet-color","embeddable":true,"href":"https:\/\/protectoraberga.com\/index.php?rest_route=%2Fwp%2Fv2%2Fpet-color&post=1098"}],"curies":[{"name":"wp","href":"https:\/\/api.w.org\/{rel}","templated":true}]}}

<p>Gat femella. Data de naixement, aproximada: 15 &#8211; 7 &#8211; 2021.</p>



<p>Va ser recollida a la zona de Sant Francesc de Berga. Els primers dies estava molt atemorida. però ara ja comença a estar més relaxada i ja conviu amb els altres gats. A poc a poc s&#8217;ha anat adaptant i ja està preparada per a trobar la seva família. </p>



<figure class="wp-block-gallery has-nested-images columns-default is-cropped wp-block-gallery-1 is-layout-flex wp-block-gallery-is-layout-flex">
<figure class="wp-block-image size-large"><img loading="lazy" decoding="async" width="1024" height="768" data-id="1101" src="https://protectoraberga.com/wp-content/uploads/2024/07/P1080572-1024x768.jpg" alt="" class="wp-image-1101" srcset="https://protectoraberga.com/wp-content/uploads/2024/07/P1080572-1024x768.jpg 1024w, https://protectoraberga.com/wp-content/uploads/2024/07/P1080572-300x225.jpg 300w, https://protectoraberga.com/wp-content/uploads/2024/07/P1080572-768x576.jpg 768w, https://protectoraberga.com/wp-content/uploads/2024/07/P1080572-1536x1152.jpg 1536w, https://protectoraberga.com/wp-content/uploads/2024/07/P1080572-676x507.jpg 676w, https://protectoraberga.com/wp-content/uploads/2024/07/P1080572-360x270.jpg 360w, https://protectoraberga.com/wp-content/uploads/2024/07/P1080572.jpg 2000w" sizes="auto, (max-width: 1024px) 100vw, 1024px" /></figure>



<figure class="wp-block-image size-large"><img loading="lazy" decoding="async" width="523" height="697" data-id="1100" src="https://protectoraberga.com/wp-content/uploads/2024/07/IMG-20240725-WA0010.jpg" alt="" class="wp-image-1100" srcset="https://protectoraberga.com/wp-content/uploads/2024/07/IMG-20240725-WA0010.jpg 523w, https://protectoraberga.com/wp-content/uploads/2024/07/IMG-20240725-WA0010-225x300.jpg 225w, https://protectoraberga.com/wp-content/uploads/2024/07/IMG-20240725-WA0010-360x480.jpg 360w" sizes="auto, (max-width: 523px) 100vw, 523px" /></figure>



<figure class="wp-block-image size-large"><img loading="lazy" decoding="async" width="437" height="697" data-id="1099" src="https://protectoraberga.com/wp-content/uploads/2024/07/IMG_20240725_125800.jpg" alt="" class="wp-image-1099" srcset="https://protectoraberga.com/wp-content/uploads/2024/07/IMG_20240725_125800.jpg 437w, https://protectoraberga.com/wp-content/uploads/2024/07/IMG_20240725_125800-188x300.jpg 188w, https://protectoraberga.com/wp-content/uploads/2024/07/IMG_20240725_125800-360x574.jpg 360w" sizes="auto, (max-width: 437px) 100vw, 437px" /></figure>



<figure class="wp-block-image size-large"><img loading="lazy" decoding="async" width="1024" height="584" data-id="1102" src="https://protectoraberga.com/wp-content/uploads/2024/07/P1080593-1024x584.jpg" alt="" class="wp-image-1102" srcset="https://protectoraberga.com/wp-content/uploads/2024/07/P1080593-1024x584.jpg 1024w, https://protectoraberga.com/wp-content/uploads/2024/07/P1080593-300x171.jpg 300w, https://protectoraberga.com/wp-content/uploads/2024/07/P1080593-768x438.jpg 768w, https://protectoraberga.com/wp-content/uploads/2024/07/P1080593-1536x876.jpg 1536w, https://protectoraberga.com/wp-content/uploads/2024/07/P1080593-676x385.jpg 676w, https://protectoraberga.com/wp-content/uploads/2024/07/P1080593-360x205.jpg 360w, https://protectoraberga.com/wp-content/uploads/2024/07/P1080593.jpg 2000w" sizes="auto, (max-width: 1024px) 100vw, 1024px" /></figure>
</figure>

<p>Gat femella. Data de naixement, aproximada: 15 &#8211; 7 &#8211; 2021. Va ser recollida a la zona de Sant Francesc de Berga. Els primers dies estava molt atemorida. però ara ja comença a estar més relaxada i ja conviu amb els altres gats. A poc a poc s&#8217;ha anat adaptant i ja està preparada per [&hellip;]</p>
