{"id":1146,"date":"2025-01-13T18:39:41","date_gmt":"2025-01-13T18:39:41","guid":{"rendered":"https:\/\/protectoraberga.com\/?post_type=pets&#038;p=1146"},"modified":"2026-02-08T13:39:51","modified_gmt":"2026-02-08T13:39:51","slug":"lupo","status":"publish","type":"pets","link":"https:\/\/protectoraberga.com\/?pets=lupo","title":{"rendered":"LUPO"},"content":{"rendered":"\n<p>Gos mascle. Data de naixement, aproximada: 4 &#8211; 3 &#8211; 2012. Al\u00e7ada: 49cm.<\/p>\n\n\n\n<p>T\u00e9 13 anys i ja no el volen. Sabem que ser\u00e0 complicat trobar-li una llar, per\u00f2 ho intentarem i farem tot el possible perqu\u00e8 pugui gaudir els \u00faltims anys d&#8217;una fam\u00edlia que el cuidi i l&#8217;estimi tal i com es mereix.<\/p>\n\n\n\n<p>Encara \u00e9s molt valent, t\u00e9 energia i vitalitat, surt b\u00e8 amb corretja i li encanta sortir a fer les passejades di\u00e0ries. \u00c9s obedient i net a la g\u00e0bia.<\/p>\n\n\n\n<p>Tot i que va una mica a la seva, a <a><\/a>l&#8217;hora de cridar-lo de seguida b\u00e9.<\/p>\n\n\n\n<figure class=\"wp-block-gallery has-nested-images columns-default is-cropped wp-block-gallery-1 is-layout-flex wp-block-gallery-is-layout-flex\">\n<figure class=\"wp-block-image size-large\"><img loading=\"lazy\" decoding=\"async\" width=\"1024\" height=\"781\" data-id=\"1147\" src=\"https:\/\/protectoraberga.com\/wp-content\/uploads\/2025\/01\/8-1024x781.jpg\" alt=\"\" class=\"wp-image-1147\" srcset=\"https:\/\/protectoraberga.com\/wp-content\/uploads\/2025\/01\/8-1024x781.jpg 1024w, https:\/\/protectoraberga.com\/wp-content\/uploads\/2025\/01\/8-300x229.jpg 300w, https:\/\/protectoraberga.com\/wp-content\/uploads\/2025\/01\/8-768x586.jpg 768w, https:\/\/protectoraberga.com\/wp-content\/uploads\/2025\/01\/8-1536x1172.jpg 1536w, https:\/\/protectoraberga.com\/wp-content\/uploads\/2025\/01\/8-676x516.jpg 676w, https:\/\/protectoraberga.com\/wp-content\/uploads\/2025\/01\/8-360x275.jpg 360w, https:\/\/protectoraberga.com\/wp-content\/uploads\/2025\/01\/8.jpg 1840w\" sizes=\"auto, (max-width: 1024px) 100vw, 1024px\" \/><\/figure>\n\n\n\n<figure class=\"wp-block-image size-large\"><img loading=\"lazy\" decoding=\"async\" width=\"1024\" height=\"606\" data-id=\"1148\" src=\"https:\/\/protectoraberga.com\/wp-content\/uploads\/2025\/01\/15-1024x606.jpg\" alt=\"\" class=\"wp-image-1148\" srcset=\"https:\/\/protectoraberga.com\/wp-content\/uploads\/2025\/01\/15-1024x606.jpg 1024w, https:\/\/protectoraberga.com\/wp-content\/uploads\/2025\/01\/15-300x178.jpg 300w, https:\/\/protectoraberga.com\/wp-content\/uploads\/2025\/01\/15-768x455.jpg 768w, https:\/\/protectoraberga.com\/wp-content\/uploads\/2025\/01\/15-1536x909.jpg 1536w, https:\/\/protectoraberga.com\/wp-content\/uploads\/2025\/01\/15-676x400.jpg 676w, https:\/\/protectoraberga.com\/wp-content\/uploads\/2025\/01\/15-360x213.jpg 360w, https:\/\/protectoraberga.com\/wp-content\/uploads\/2025\/01\/15.jpg 2000w\" sizes=\"auto, (max-width: 1024px) 100vw, 1024px\" \/><\/figure>\n\n\n\n<figure class=\"wp-block-image size-large\"><img loading=\"lazy\" decoding=\"async\" width=\"1024\" height=\"859\" data-id=\"1150\" src=\"https:\/\/protectoraberga.com\/wp-content\/uploads\/2025\/01\/3-1-1024x859.jpg\" alt=\"\" class=\"wp-image-1150\" srcset=\"https:\/\/protectoraberga.com\/wp-content\/uploads\/2025\/01\/3-1-1024x859.jpg 1024w, https:\/\/protectoraberga.com\/wp-content\/uploads\/2025\/01\/3-1-300x252.jpg 300w, https:\/\/protectoraberga.com\/wp-content\/uploads\/2025\/01\/3-1-768x644.jpg 768w, https:\/\/protectoraberga.com\/wp-content\/uploads\/2025\/01\/3-1-1536x1289.jpg 1536w, https:\/\/protectoraberga.com\/wp-content\/uploads\/2025\/01\/3-1-676x567.jpg 676w, https:\/\/protectoraberga.com\/wp-content\/uploads\/2025\/01\/3-1-360x302.jpg 360w, https:\/\/protectoraberga.com\/wp-content\/uploads\/2025\/01\/3-1.jpg 1788w\" sizes=\"auto, (max-width: 1024px) 100vw, 1024px\" \/><\/figure>\n\n\n\n<figure class=\"wp-block-image size-large\"><img loading=\"lazy\" decoding=\"async\" width=\"1024\" height=\"941\" data-id=\"1149\" src=\"https:\/\/protectoraberga.com\/wp-content\/uploads\/2025\/01\/9-1024x941.jpg\" alt=\"\" class=\"wp-image-1149\" srcset=\"https:\/\/protectoraberga.com\/wp-content\/uploads\/2025\/01\/9-1024x941.jpg 1024w, https:\/\/protectoraberga.com\/wp-content\/uploads\/2025\/01\/9-300x276.jpg 300w, https:\/\/protectoraberga.com\/wp-content\/uploads\/2025\/01\/9-768x706.jpg 768w, https:\/\/protectoraberga.com\/wp-content\/uploads\/2025\/01\/9-1536x1412.jpg 1536w, https:\/\/protectoraberga.com\/wp-content\/uploads\/2025\/01\/9-676x621.jpg 676w, https:\/\/protectoraberga.com\/wp-content\/uploads\/2025\/01\/9-360x331.jpg 360w, https:\/\/protectoraberga.com\/wp-content\/uploads\/2025\/01\/9.jpg 1632w\" sizes=\"auto, (max-width: 1024px) 100vw, 1024px\" \/><\/figure>\n<\/figure>\n","protected":false},"excerpt":{"rendered":"<p>Gos mascle. Data de naixement, aproximada: 4 &#8211; 3 &#8211; 2012. Al\u00e7ada: 49cm. T\u00e9 13 anys i ja no el volen. Sabem que ser\u00e0 complicat trobar-li una llar, per\u00f2 ho intentarem i farem tot el possible perqu\u00e8 pugui gaudir els \u00faltims anys d&#8217;una fam\u00edlia que el cuidi i l&#8217;estimi tal i com es mereix. Encara [&hellip;]<\/p>\n","protected":false},"featured_media":0,"template":"","meta":{"ngg_post_thumbnail":0},"breed":[7],"pet-color":[],"class_list":["post-1146","pets","type-pets","status-publish","hentry","breed-adoptats","post-preview"],"_links":{"self":[{"href":"https:\/\/protectoraberga.com\/index.php?rest_route=\/wp\/v2\/pets\/1146","targetHints":{"allow":["GET"]}}],"collection":[{"href":"https:\/\/protectoraberga.com\/index.php?rest_route=\/wp\/v2\/pets"}],"about":[{"href":"https:\/\/protectoraberga.com\/index.php?rest_route=\/wp\/v2\/types\/pets"}],"wp:attachment":[{"href":"https:\/\/protectoraberga.com\/index.php?rest_route=%2Fwp%2Fv2%2Fmedia&parent=1146"}],"wp:term":[{"taxonomy":"breed","embeddable":true,"href":"https:\/\/protectoraberga.com\/index.php?rest_route=%2Fwp%2Fv2%2Fbreed&post=1146"},{"taxonomy":"pet-color","embeddable":true,"href":"https:\/\/protectoraberga.com\/index.php?rest_route=%2Fwp%2Fv2%2Fpet-color&post=1146"}],"curies":[{"name":"wp","href":"https:\/\/api.w.org\/{rel}","templated":true}]}}

<p>Gos mascle. Data de naixement, aproximada: 4 &#8211; 3 &#8211; 2012. Alçada: 49cm.</p>



<p>Té 13 anys i ja no el volen. Sabem que serà complicat trobar-li una llar, però ho intentarem i farem tot el possible perquè pugui gaudir els últims anys d&#8217;una família que el cuidi i l&#8217;estimi tal i com es mereix.</p>



<p>Encara és molt valent, té energia i vitalitat, surt bè amb corretja i li encanta sortir a fer les passejades diàries. És obedient i net a la gàbia.</p>



<p>Tot i que va una mica a la seva, a <a></a>l&#8217;hora de cridar-lo de seguida bé.</p>



<figure class="wp-block-gallery has-nested-images columns-default is-cropped wp-block-gallery-1 is-layout-flex wp-block-gallery-is-layout-flex">
<figure class="wp-block-image size-large"><img loading="lazy" decoding="async" width="1024" height="781" data-id="1147" src="https://protectoraberga.com/wp-content/uploads/2025/01/8-1024x781.jpg" alt="" class="wp-image-1147" srcset="https://protectoraberga.com/wp-content/uploads/2025/01/8-1024x781.jpg 1024w, https://protectoraberga.com/wp-content/uploads/2025/01/8-300x229.jpg 300w, https://protectoraberga.com/wp-content/uploads/2025/01/8-768x586.jpg 768w, https://protectoraberga.com/wp-content/uploads/2025/01/8-1536x1172.jpg 1536w, https://protectoraberga.com/wp-content/uploads/2025/01/8-676x516.jpg 676w, https://protectoraberga.com/wp-content/uploads/2025/01/8-360x275.jpg 360w, https://protectoraberga.com/wp-content/uploads/2025/01/8.jpg 1840w" sizes="auto, (max-width: 1024px) 100vw, 1024px" /></figure>



<figure class="wp-block-image size-large"><img loading="lazy" decoding="async" width="1024" height="606" data-id="1148" src="https://protectoraberga.com/wp-content/uploads/2025/01/15-1024x606.jpg" alt="" class="wp-image-1148" srcset="https://protectoraberga.com/wp-content/uploads/2025/01/15-1024x606.jpg 1024w, https://protectoraberga.com/wp-content/uploads/2025/01/15-300x178.jpg 300w, https://protectoraberga.com/wp-content/uploads/2025/01/15-768x455.jpg 768w, https://protectoraberga.com/wp-content/uploads/2025/01/15-1536x909.jpg 1536w, https://protectoraberga.com/wp-content/uploads/2025/01/15-676x400.jpg 676w, https://protectoraberga.com/wp-content/uploads/2025/01/15-360x213.jpg 360w, https://protectoraberga.com/wp-content/uploads/2025/01/15.jpg 2000w" sizes="auto, (max-width: 1024px) 100vw, 1024px" /></figure>



<figure class="wp-block-image size-large"><img loading="lazy" decoding="async" width="1024" height="859" data-id="1150" src="https://protectoraberga.com/wp-content/uploads/2025/01/3-1-1024x859.jpg" alt="" class="wp-image-1150" srcset="https://protectoraberga.com/wp-content/uploads/2025/01/3-1-1024x859.jpg 1024w, https://protectoraberga.com/wp-content/uploads/2025/01/3-1-300x252.jpg 300w, https://protectoraberga.com/wp-content/uploads/2025/01/3-1-768x644.jpg 768w, https://protectoraberga.com/wp-content/uploads/2025/01/3-1-1536x1289.jpg 1536w, https://protectoraberga.com/wp-content/uploads/2025/01/3-1-676x567.jpg 676w, https://protectoraberga.com/wp-content/uploads/2025/01/3-1-360x302.jpg 360w, https://protectoraberga.com/wp-content/uploads/2025/01/3-1.jpg 1788w" sizes="auto, (max-width: 1024px) 100vw, 1024px" /></figure>



<figure class="wp-block-image size-large"><img loading="lazy" decoding="async" width="1024" height="941" data-id="1149" src="https://protectoraberga.com/wp-content/uploads/2025/01/9-1024x941.jpg" alt="" class="wp-image-1149" srcset="https://protectoraberga.com/wp-content/uploads/2025/01/9-1024x941.jpg 1024w, https://protectoraberga.com/wp-content/uploads/2025/01/9-300x276.jpg 300w, https://protectoraberga.com/wp-content/uploads/2025/01/9-768x706.jpg 768w, https://protectoraberga.com/wp-content/uploads/2025/01/9-1536x1412.jpg 1536w, https://protectoraberga.com/wp-content/uploads/2025/01/9-676x621.jpg 676w, https://protectoraberga.com/wp-content/uploads/2025/01/9-360x331.jpg 360w, https://protectoraberga.com/wp-content/uploads/2025/01/9.jpg 1632w" sizes="auto, (max-width: 1024px) 100vw, 1024px" /></figure>
</figure>

<p>Gos mascle. Data de naixement, aproximada: 4 &#8211; 3 &#8211; 2012. Alçada: 49cm. Té 13 anys i ja no el volen. Sabem que serà complicat trobar-li una llar, però ho intentarem i farem tot el possible perquè pugui gaudir els últims anys d&#8217;una família que el cuidi i l&#8217;estimi tal i com es mereix. Encara [&hellip;]</p>
