{"id":1151,"date":"2025-01-13T18:42:57","date_gmt":"2025-01-13T18:42:57","guid":{"rendered":"https:\/\/protectoraberga.com\/?post_type=pets&#038;p=1151"},"modified":"2025-03-08T10:03:28","modified_gmt":"2025-03-08T10:03:28","slug":"brisa","status":"publish","type":"pets","link":"https:\/\/protectoraberga.com\/?pets=brisa","title":{"rendered":"BRISA"},"content":{"rendered":"\n<p>Gos femella de la ra\u00e7a llebrer. Data de naixement: 14-11-2022. Al\u00e7ada: 66cm.<\/p>\n\n\n\n<p>T\u00e9 molt bon car\u00e0cter. \u00c9s molt bona amb els altres gossos, tant mascles com femelles, i amb els humans es porta molt b\u00e9. Li encanta sortir a passejar amb els voluntaris, \u00e9s obedient i molt afectuosa.<\/p>\n\n\n\n<p>Li agraden les car\u00edcies i sempre est\u00e0 disposada a rebre-les!<\/p>\n\n\n\n<figure class=\"wp-block-gallery has-nested-images columns-default is-cropped wp-block-gallery-1 is-layout-flex wp-block-gallery-is-layout-flex\">\n<figure class=\"wp-block-image size-large\"><img loading=\"lazy\" decoding=\"async\" width=\"1024\" height=\"949\" data-id=\"1152\" src=\"https:\/\/protectoraberga.com\/wp-content\/uploads\/2025\/01\/12-1024x949.jpg\" alt=\"\" class=\"wp-image-1152\" srcset=\"https:\/\/protectoraberga.com\/wp-content\/uploads\/2025\/01\/12-1024x949.jpg 1024w, https:\/\/protectoraberga.com\/wp-content\/uploads\/2025\/01\/12-300x278.jpg 300w, https:\/\/protectoraberga.com\/wp-content\/uploads\/2025\/01\/12-768x712.jpg 768w, https:\/\/protectoraberga.com\/wp-content\/uploads\/2025\/01\/12-1536x1424.jpg 1536w, https:\/\/protectoraberga.com\/wp-content\/uploads\/2025\/01\/12-676x627.jpg 676w, https:\/\/protectoraberga.com\/wp-content\/uploads\/2025\/01\/12-360x334.jpg 360w, https:\/\/protectoraberga.com\/wp-content\/uploads\/2025\/01\/12.jpg 1618w\" sizes=\"auto, (max-width: 1024px) 100vw, 1024px\" \/><\/figure>\n\n\n\n<figure class=\"wp-block-image size-large\"><img loading=\"lazy\" decoding=\"async\" width=\"1024\" height=\"768\" data-id=\"1154\" src=\"https:\/\/protectoraberga.com\/wp-content\/uploads\/2025\/01\/18-1024x768.jpg\" alt=\"\" class=\"wp-image-1154\" srcset=\"https:\/\/protectoraberga.com\/wp-content\/uploads\/2025\/01\/18-1024x768.jpg 1024w, https:\/\/protectoraberga.com\/wp-content\/uploads\/2025\/01\/18-300x225.jpg 300w, https:\/\/protectoraberga.com\/wp-content\/uploads\/2025\/01\/18-768x576.jpg 768w, https:\/\/protectoraberga.com\/wp-content\/uploads\/2025\/01\/18-1536x1152.jpg 1536w, https:\/\/protectoraberga.com\/wp-content\/uploads\/2025\/01\/18-676x507.jpg 676w, https:\/\/protectoraberga.com\/wp-content\/uploads\/2025\/01\/18-360x270.jpg 360w, https:\/\/protectoraberga.com\/wp-content\/uploads\/2025\/01\/18.jpg 2000w\" sizes=\"auto, (max-width: 1024px) 100vw, 1024px\" \/><\/figure>\n\n\n\n<figure class=\"wp-block-image size-large\"><img loading=\"lazy\" decoding=\"async\" width=\"1024\" height=\"768\" data-id=\"1155\" src=\"https:\/\/protectoraberga.com\/wp-content\/uploads\/2025\/01\/9-1-1024x768.jpg\" alt=\"\" class=\"wp-image-1155\" srcset=\"https:\/\/protectoraberga.com\/wp-content\/uploads\/2025\/01\/9-1-1024x768.jpg 1024w, https:\/\/protectoraberga.com\/wp-content\/uploads\/2025\/01\/9-1-300x225.jpg 300w, https:\/\/protectoraberga.com\/wp-content\/uploads\/2025\/01\/9-1-768x576.jpg 768w, https:\/\/protectoraberga.com\/wp-content\/uploads\/2025\/01\/9-1-1536x1152.jpg 1536w, https:\/\/protectoraberga.com\/wp-content\/uploads\/2025\/01\/9-1-676x507.jpg 676w, https:\/\/protectoraberga.com\/wp-content\/uploads\/2025\/01\/9-1-360x270.jpg 360w, https:\/\/protectoraberga.com\/wp-content\/uploads\/2025\/01\/9-1.jpg 2000w\" sizes=\"auto, (max-width: 1024px) 100vw, 1024px\" \/><\/figure>\n\n\n\n<figure class=\"wp-block-image size-large\"><img loading=\"lazy\" decoding=\"async\" width=\"1024\" height=\"768\" data-id=\"1153\" src=\"https:\/\/protectoraberga.com\/wp-content\/uploads\/2025\/01\/5-1-1024x768.jpg\" alt=\"\" class=\"wp-image-1153\" srcset=\"https:\/\/protectoraberga.com\/wp-content\/uploads\/2025\/01\/5-1-1024x768.jpg 1024w, https:\/\/protectoraberga.com\/wp-content\/uploads\/2025\/01\/5-1-300x225.jpg 300w, https:\/\/protectoraberga.com\/wp-content\/uploads\/2025\/01\/5-1-768x576.jpg 768w, https:\/\/protectoraberga.com\/wp-content\/uploads\/2025\/01\/5-1-1536x1152.jpg 1536w, https:\/\/protectoraberga.com\/wp-content\/uploads\/2025\/01\/5-1-676x507.jpg 676w, https:\/\/protectoraberga.com\/wp-content\/uploads\/2025\/01\/5-1-360x270.jpg 360w, https:\/\/protectoraberga.com\/wp-content\/uploads\/2025\/01\/5-1.jpg 2000w\" sizes=\"auto, (max-width: 1024px) 100vw, 1024px\" \/><\/figure>\n<\/figure>\n","protected":false},"excerpt":{"rendered":"<p>Gos femella de la ra\u00e7a llebrer. Data de naixement: 14-11-2022. Al\u00e7ada: 66cm. T\u00e9 molt bon car\u00e0cter. \u00c9s molt bona amb els altres gossos, tant mascles com femelles, i amb els humans es porta molt b\u00e9. Li encanta sortir a passejar amb els voluntaris, \u00e9s obedient i molt afectuosa. Li agraden les car\u00edcies i sempre est\u00e0 [&hellip;]<\/p>\n","protected":false},"featured_media":0,"template":"","meta":{"ngg_post_thumbnail":0},"breed":[7],"pet-color":[],"class_list":["post-1151","pets","type-pets","status-publish","hentry","breed-adoptats","post-preview"],"_links":{"self":[{"href":"https:\/\/protectoraberga.com\/index.php?rest_route=\/wp\/v2\/pets\/1151","targetHints":{"allow":["GET"]}}],"collection":[{"href":"https:\/\/protectoraberga.com\/index.php?rest_route=\/wp\/v2\/pets"}],"about":[{"href":"https:\/\/protectoraberga.com\/index.php?rest_route=\/wp\/v2\/types\/pets"}],"wp:attachment":[{"href":"https:\/\/protectoraberga.com\/index.php?rest_route=%2Fwp%2Fv2%2Fmedia&parent=1151"}],"wp:term":[{"taxonomy":"breed","embeddable":true,"href":"https:\/\/protectoraberga.com\/index.php?rest_route=%2Fwp%2Fv2%2Fbreed&post=1151"},{"taxonomy":"pet-color","embeddable":true,"href":"https:\/\/protectoraberga.com\/index.php?rest_route=%2Fwp%2Fv2%2Fpet-color&post=1151"}],"curies":[{"name":"wp","href":"https:\/\/api.w.org\/{rel}","templated":true}]}}

<p>Gos femella de la raça llebrer. Data de naixement: 14-11-2022. Alçada: 66cm.</p>



<p>Té molt bon caràcter. És molt bona amb els altres gossos, tant mascles com femelles, i amb els humans es porta molt bé. Li encanta sortir a passejar amb els voluntaris, és obedient i molt afectuosa.</p>



<p>Li agraden les carícies i sempre està disposada a rebre-les!</p>



<figure class="wp-block-gallery has-nested-images columns-default is-cropped wp-block-gallery-1 is-layout-flex wp-block-gallery-is-layout-flex">
<figure class="wp-block-image size-large"><img loading="lazy" decoding="async" width="1024" height="949" data-id="1152" src="https://protectoraberga.com/wp-content/uploads/2025/01/12-1024x949.jpg" alt="" class="wp-image-1152" srcset="https://protectoraberga.com/wp-content/uploads/2025/01/12-1024x949.jpg 1024w, https://protectoraberga.com/wp-content/uploads/2025/01/12-300x278.jpg 300w, https://protectoraberga.com/wp-content/uploads/2025/01/12-768x712.jpg 768w, https://protectoraberga.com/wp-content/uploads/2025/01/12-1536x1424.jpg 1536w, https://protectoraberga.com/wp-content/uploads/2025/01/12-676x627.jpg 676w, https://protectoraberga.com/wp-content/uploads/2025/01/12-360x334.jpg 360w, https://protectoraberga.com/wp-content/uploads/2025/01/12.jpg 1618w" sizes="auto, (max-width: 1024px) 100vw, 1024px" /></figure>



<figure class="wp-block-image size-large"><img loading="lazy" decoding="async" width="1024" height="768" data-id="1154" src="https://protectoraberga.com/wp-content/uploads/2025/01/18-1024x768.jpg" alt="" class="wp-image-1154" srcset="https://protectoraberga.com/wp-content/uploads/2025/01/18-1024x768.jpg 1024w, https://protectoraberga.com/wp-content/uploads/2025/01/18-300x225.jpg 300w, https://protectoraberga.com/wp-content/uploads/2025/01/18-768x576.jpg 768w, https://protectoraberga.com/wp-content/uploads/2025/01/18-1536x1152.jpg 1536w, https://protectoraberga.com/wp-content/uploads/2025/01/18-676x507.jpg 676w, https://protectoraberga.com/wp-content/uploads/2025/01/18-360x270.jpg 360w, https://protectoraberga.com/wp-content/uploads/2025/01/18.jpg 2000w" sizes="auto, (max-width: 1024px) 100vw, 1024px" /></figure>



<figure class="wp-block-image size-large"><img loading="lazy" decoding="async" width="1024" height="768" data-id="1155" src="https://protectoraberga.com/wp-content/uploads/2025/01/9-1-1024x768.jpg" alt="" class="wp-image-1155" srcset="https://protectoraberga.com/wp-content/uploads/2025/01/9-1-1024x768.jpg 1024w, https://protectoraberga.com/wp-content/uploads/2025/01/9-1-300x225.jpg 300w, https://protectoraberga.com/wp-content/uploads/2025/01/9-1-768x576.jpg 768w, https://protectoraberga.com/wp-content/uploads/2025/01/9-1-1536x1152.jpg 1536w, https://protectoraberga.com/wp-content/uploads/2025/01/9-1-676x507.jpg 676w, https://protectoraberga.com/wp-content/uploads/2025/01/9-1-360x270.jpg 360w, https://protectoraberga.com/wp-content/uploads/2025/01/9-1.jpg 2000w" sizes="auto, (max-width: 1024px) 100vw, 1024px" /></figure>



<figure class="wp-block-image size-large"><img loading="lazy" decoding="async" width="1024" height="768" data-id="1153" src="https://protectoraberga.com/wp-content/uploads/2025/01/5-1-1024x768.jpg" alt="" class="wp-image-1153" srcset="https://protectoraberga.com/wp-content/uploads/2025/01/5-1-1024x768.jpg 1024w, https://protectoraberga.com/wp-content/uploads/2025/01/5-1-300x225.jpg 300w, https://protectoraberga.com/wp-content/uploads/2025/01/5-1-768x576.jpg 768w, https://protectoraberga.com/wp-content/uploads/2025/01/5-1-1536x1152.jpg 1536w, https://protectoraberga.com/wp-content/uploads/2025/01/5-1-676x507.jpg 676w, https://protectoraberga.com/wp-content/uploads/2025/01/5-1-360x270.jpg 360w, https://protectoraberga.com/wp-content/uploads/2025/01/5-1.jpg 2000w" sizes="auto, (max-width: 1024px) 100vw, 1024px" /></figure>
</figure>

<p>Gos femella de la raça llebrer. Data de naixement: 14-11-2022. Alçada: 66cm. Té molt bon caràcter. És molt bona amb els altres gossos, tant mascles com femelles, i amb els humans es porta molt bé. Li encanta sortir a passejar amb els voluntaris, és obedient i molt afectuosa. Li agraden les carícies i sempre està [&hellip;]</p>
