{"id":1193,"date":"2025-06-06T11:49:42","date_gmt":"2025-06-06T11:49:42","guid":{"rendered":"https:\/\/protectoraberga.com\/?post_type=pets&#038;p=1193"},"modified":"2025-08-08T07:08:01","modified_gmt":"2025-08-08T07:08:01","slug":"felix","status":"publish","type":"pets","link":"https:\/\/protectoraberga.com\/?pets=felix","title":{"rendered":"FELIX"},"content":{"rendered":"\n<p>Gat mascle. Data de naixement: 15-6-2024.<\/p>\n\n\n\n<p>Va ser recollit a la zona de l&#8217;oficina de turisme de Berga, on corria per all\u00e0 seguint a la gent. De moment ning\u00fa l&#8217;ha reclamat i tampoc porta xip.<\/p>\n\n\n\n<p>\u00c9s un gat molt mans i afectu\u00f3s. La seva adaptaci\u00f3 amb els altres ha sigut molt r\u00e0pida. \u00c9s un gat molt maco i esperem trobar un adoptant ben aviat.<\/p>\n\n\n\n<figure class=\"wp-block-gallery has-nested-images columns-default is-cropped wp-block-gallery-1 is-layout-flex wp-block-gallery-is-layout-flex\">\n<figure class=\"wp-block-image size-large\"><img loading=\"lazy\" decoding=\"async\" width=\"644\" height=\"1024\" data-id=\"1195\" src=\"https:\/\/protectoraberga.com\/wp-content\/uploads\/2025\/06\/1000068000-644x1024.jpg\" alt=\"\" class=\"wp-image-1195\" srcset=\"https:\/\/protectoraberga.com\/wp-content\/uploads\/2025\/06\/1000068000-644x1024.jpg 644w, https:\/\/protectoraberga.com\/wp-content\/uploads\/2025\/06\/1000068000-189x300.jpg 189w, https:\/\/protectoraberga.com\/wp-content\/uploads\/2025\/06\/1000068000-768x1221.jpg 768w, https:\/\/protectoraberga.com\/wp-content\/uploads\/2025\/06\/1000068000-966x1536.jpg 966w, https:\/\/protectoraberga.com\/wp-content\/uploads\/2025\/06\/1000068000-676x1075.jpg 676w, https:\/\/protectoraberga.com\/wp-content\/uploads\/2025\/06\/1000068000-360x573.jpg 360w, https:\/\/protectoraberga.com\/wp-content\/uploads\/2025\/06\/1000068000.jpg 1006w\" sizes=\"auto, (max-width: 644px) 100vw, 644px\" \/><\/figure>\n\n\n\n<figure class=\"wp-block-image size-large\"><img loading=\"lazy\" decoding=\"async\" width=\"589\" height=\"730\" data-id=\"1194\" src=\"https:\/\/protectoraberga.com\/wp-content\/uploads\/2025\/06\/1000068012.jpg\" alt=\"\" class=\"wp-image-1194\" srcset=\"https:\/\/protectoraberga.com\/wp-content\/uploads\/2025\/06\/1000068012.jpg 589w, https:\/\/protectoraberga.com\/wp-content\/uploads\/2025\/06\/1000068012-242x300.jpg 242w, https:\/\/protectoraberga.com\/wp-content\/uploads\/2025\/06\/1000068012-360x446.jpg 360w\" sizes=\"auto, (max-width: 589px) 100vw, 589px\" \/><\/figure>\n\n\n\n<figure class=\"wp-block-image size-large\"><img loading=\"lazy\" decoding=\"async\" width=\"796\" height=\"1024\" data-id=\"1196\" src=\"https:\/\/protectoraberga.com\/wp-content\/uploads\/2025\/06\/1000068018-796x1024.jpg\" alt=\"\" class=\"wp-image-1196\" srcset=\"https:\/\/protectoraberga.com\/wp-content\/uploads\/2025\/06\/1000068018-796x1024.jpg 796w, https:\/\/protectoraberga.com\/wp-content\/uploads\/2025\/06\/1000068018-233x300.jpg 233w, https:\/\/protectoraberga.com\/wp-content\/uploads\/2025\/06\/1000068018-768x989.jpg 768w, https:\/\/protectoraberga.com\/wp-content\/uploads\/2025\/06\/1000068018-1193x1536.jpg 1193w, https:\/\/protectoraberga.com\/wp-content\/uploads\/2025\/06\/1000068018-676x870.jpg 676w, https:\/\/protectoraberga.com\/wp-content\/uploads\/2025\/06\/1000068018-360x463.jpg 360w, https:\/\/protectoraberga.com\/wp-content\/uploads\/2025\/06\/1000068018.jpg 1243w\" sizes=\"auto, (max-width: 796px) 100vw, 796px\" \/><\/figure>\n\n\n\n<figure class=\"wp-block-image size-large\"><img loading=\"lazy\" decoding=\"async\" width=\"835\" height=\"1024\" data-id=\"1197\" src=\"https:\/\/protectoraberga.com\/wp-content\/uploads\/2025\/06\/1000067997-835x1024.jpg\" alt=\"\" class=\"wp-image-1197\" srcset=\"https:\/\/protectoraberga.com\/wp-content\/uploads\/2025\/06\/1000067997-835x1024.jpg 835w, https:\/\/protectoraberga.com\/wp-content\/uploads\/2025\/06\/1000067997-245x300.jpg 245w, https:\/\/protectoraberga.com\/wp-content\/uploads\/2025\/06\/1000067997-768x942.jpg 768w, https:\/\/protectoraberga.com\/wp-content\/uploads\/2025\/06\/1000067997-1253x1536.jpg 1253w, https:\/\/protectoraberga.com\/wp-content\/uploads\/2025\/06\/1000067997-676x829.jpg 676w, https:\/\/protectoraberga.com\/wp-content\/uploads\/2025\/06\/1000067997-360x441.jpg 360w, https:\/\/protectoraberga.com\/wp-content\/uploads\/2025\/06\/1000067997.jpg 1304w\" sizes=\"auto, (max-width: 835px) 100vw, 835px\" \/><\/figure>\n<\/figure>\n","protected":false},"excerpt":{"rendered":"<p>Gat mascle. Data de naixement: 15-6-2024. Va ser recollit a la zona de l&#8217;oficina de turisme de Berga, on corria per all\u00e0 seguint a la gent. De moment ning\u00fa l&#8217;ha reclamat i tampoc porta xip. \u00c9s un gat molt mans i afectu\u00f3s. La seva adaptaci\u00f3 amb els altres ha sigut molt r\u00e0pida. \u00c9s un gat [&hellip;]<\/p>\n","protected":false},"featured_media":0,"template":"","meta":{"ngg_post_thumbnail":0},"breed":[7],"pet-color":[],"class_list":["post-1193","pets","type-pets","status-publish","hentry","breed-adoptats","post-preview"],"_links":{"self":[{"href":"https:\/\/protectoraberga.com\/index.php?rest_route=\/wp\/v2\/pets\/1193","targetHints":{"allow":["GET"]}}],"collection":[{"href":"https:\/\/protectoraberga.com\/index.php?rest_route=\/wp\/v2\/pets"}],"about":[{"href":"https:\/\/protectoraberga.com\/index.php?rest_route=\/wp\/v2\/types\/pets"}],"wp:attachment":[{"href":"https:\/\/protectoraberga.com\/index.php?rest_route=%2Fwp%2Fv2%2Fmedia&parent=1193"}],"wp:term":[{"taxonomy":"breed","embeddable":true,"href":"https:\/\/protectoraberga.com\/index.php?rest_route=%2Fwp%2Fv2%2Fbreed&post=1193"},{"taxonomy":"pet-color","embeddable":true,"href":"https:\/\/protectoraberga.com\/index.php?rest_route=%2Fwp%2Fv2%2Fpet-color&post=1193"}],"curies":[{"name":"wp","href":"https:\/\/api.w.org\/{rel}","templated":true}]}}

<p>Gat mascle. Data de naixement: 15-6-2024.</p>



<p>Va ser recollit a la zona de l&#8217;oficina de turisme de Berga, on corria per allà seguint a la gent. De moment ningú l&#8217;ha reclamat i tampoc porta xip.</p>



<p>És un gat molt mans i afectuós. La seva adaptació amb els altres ha sigut molt ràpida. És un gat molt maco i esperem trobar un adoptant ben aviat.</p>



<figure class="wp-block-gallery has-nested-images columns-default is-cropped wp-block-gallery-1 is-layout-flex wp-block-gallery-is-layout-flex">
<figure class="wp-block-image size-large"><img loading="lazy" decoding="async" width="644" height="1024" data-id="1195" src="https://protectoraberga.com/wp-content/uploads/2025/06/1000068000-644x1024.jpg" alt="" class="wp-image-1195" srcset="https://protectoraberga.com/wp-content/uploads/2025/06/1000068000-644x1024.jpg 644w, https://protectoraberga.com/wp-content/uploads/2025/06/1000068000-189x300.jpg 189w, https://protectoraberga.com/wp-content/uploads/2025/06/1000068000-768x1221.jpg 768w, https://protectoraberga.com/wp-content/uploads/2025/06/1000068000-966x1536.jpg 966w, https://protectoraberga.com/wp-content/uploads/2025/06/1000068000-676x1075.jpg 676w, https://protectoraberga.com/wp-content/uploads/2025/06/1000068000-360x573.jpg 360w, https://protectoraberga.com/wp-content/uploads/2025/06/1000068000.jpg 1006w" sizes="auto, (max-width: 644px) 100vw, 644px" /></figure>



<figure class="wp-block-image size-large"><img loading="lazy" decoding="async" width="589" height="730" data-id="1194" src="https://protectoraberga.com/wp-content/uploads/2025/06/1000068012.jpg" alt="" class="wp-image-1194" srcset="https://protectoraberga.com/wp-content/uploads/2025/06/1000068012.jpg 589w, https://protectoraberga.com/wp-content/uploads/2025/06/1000068012-242x300.jpg 242w, https://protectoraberga.com/wp-content/uploads/2025/06/1000068012-360x446.jpg 360w" sizes="auto, (max-width: 589px) 100vw, 589px" /></figure>



<figure class="wp-block-image size-large"><img loading="lazy" decoding="async" width="796" height="1024" data-id="1196" src="https://protectoraberga.com/wp-content/uploads/2025/06/1000068018-796x1024.jpg" alt="" class="wp-image-1196" srcset="https://protectoraberga.com/wp-content/uploads/2025/06/1000068018-796x1024.jpg 796w, https://protectoraberga.com/wp-content/uploads/2025/06/1000068018-233x300.jpg 233w, https://protectoraberga.com/wp-content/uploads/2025/06/1000068018-768x989.jpg 768w, https://protectoraberga.com/wp-content/uploads/2025/06/1000068018-1193x1536.jpg 1193w, https://protectoraberga.com/wp-content/uploads/2025/06/1000068018-676x870.jpg 676w, https://protectoraberga.com/wp-content/uploads/2025/06/1000068018-360x463.jpg 360w, https://protectoraberga.com/wp-content/uploads/2025/06/1000068018.jpg 1243w" sizes="auto, (max-width: 796px) 100vw, 796px" /></figure>



<figure class="wp-block-image size-large"><img loading="lazy" decoding="async" width="835" height="1024" data-id="1197" src="https://protectoraberga.com/wp-content/uploads/2025/06/1000067997-835x1024.jpg" alt="" class="wp-image-1197" srcset="https://protectoraberga.com/wp-content/uploads/2025/06/1000067997-835x1024.jpg 835w, https://protectoraberga.com/wp-content/uploads/2025/06/1000067997-245x300.jpg 245w, https://protectoraberga.com/wp-content/uploads/2025/06/1000067997-768x942.jpg 768w, https://protectoraberga.com/wp-content/uploads/2025/06/1000067997-1253x1536.jpg 1253w, https://protectoraberga.com/wp-content/uploads/2025/06/1000067997-676x829.jpg 676w, https://protectoraberga.com/wp-content/uploads/2025/06/1000067997-360x441.jpg 360w, https://protectoraberga.com/wp-content/uploads/2025/06/1000067997.jpg 1304w" sizes="auto, (max-width: 835px) 100vw, 835px" /></figure>
</figure>

<p>Gat mascle. Data de naixement: 15-6-2024. Va ser recollit a la zona de l&#8217;oficina de turisme de Berga, on corria per allà seguint a la gent. De moment ningú l&#8217;ha reclamat i tampoc porta xip. És un gat molt mans i afectuós. La seva adaptació amb els altres ha sigut molt ràpida. És un gat [&hellip;]</p>
