{"id":1205,"date":"2025-08-23T06:35:25","date_gmt":"2025-08-23T06:35:25","guid":{"rendered":"https:\/\/protectoraberga.com\/?post_type=pets&#038;p=1205"},"modified":"2025-08-29T06:26:51","modified_gmt":"2025-08-29T06:26:51","slug":"zoki","status":"publish","type":"pets","link":"https:\/\/protectoraberga.com\/?pets=zoki","title":{"rendered":"ZOKI"},"content":{"rendered":"\n<p>Gat\u00f3 mascle, d&#8217;uns 4 mesos d&#8217;edat, recollit a Saldes. Fins ara ha estat d&#8217;acollida i ens expliquen que li encanta sortir a passejar, enfilar-se als arbres (com a bon fel\u00ed) i jugar amb els altres.<\/p>\n\n\n\n<p>Ara, aqu\u00ed amb nosaltres, comencem a introduir-lo amb els seus companys i de moment va tot for\u00e7a b\u00e9.<\/p>\n\n\n\n<figure class=\"wp-block-gallery has-nested-images columns-default is-cropped wp-block-gallery-1 is-layout-flex wp-block-gallery-is-layout-flex\">\n<figure class=\"wp-block-image size-large\"><img loading=\"lazy\" decoding=\"async\" width=\"576\" height=\"1024\" data-id=\"1206\" src=\"https:\/\/protectoraberga.com\/wp-content\/uploads\/2025\/08\/1000081792-576x1024.jpg\" alt=\"\" class=\"wp-image-1206\" srcset=\"https:\/\/protectoraberga.com\/wp-content\/uploads\/2025\/08\/1000081792-576x1024.jpg 576w, https:\/\/protectoraberga.com\/wp-content\/uploads\/2025\/08\/1000081792-169x300.jpg 169w, https:\/\/protectoraberga.com\/wp-content\/uploads\/2025\/08\/1000081792-768x1365.jpg 768w, https:\/\/protectoraberga.com\/wp-content\/uploads\/2025\/08\/1000081792-864x1536.jpg 864w, https:\/\/protectoraberga.com\/wp-content\/uploads\/2025\/08\/1000081792-676x1202.jpg 676w, https:\/\/protectoraberga.com\/wp-content\/uploads\/2025\/08\/1000081792-360x640.jpg 360w, https:\/\/protectoraberga.com\/wp-content\/uploads\/2025\/08\/1000081792.jpg 900w\" sizes=\"auto, (max-width: 576px) 100vw, 576px\" \/><\/figure>\n\n\n\n<figure class=\"wp-block-image size-large\"><img loading=\"lazy\" decoding=\"async\" width=\"1024\" height=\"768\" data-id=\"1207\" src=\"https:\/\/protectoraberga.com\/wp-content\/uploads\/2025\/08\/1000081789-1024x768.jpg\" alt=\"\" class=\"wp-image-1207\" srcset=\"https:\/\/protectoraberga.com\/wp-content\/uploads\/2025\/08\/1000081789-1024x768.jpg 1024w, https:\/\/protectoraberga.com\/wp-content\/uploads\/2025\/08\/1000081789-300x225.jpg 300w, https:\/\/protectoraberga.com\/wp-content\/uploads\/2025\/08\/1000081789-768x576.jpg 768w, https:\/\/protectoraberga.com\/wp-content\/uploads\/2025\/08\/1000081789-1536x1152.jpg 1536w, https:\/\/protectoraberga.com\/wp-content\/uploads\/2025\/08\/1000081789-676x507.jpg 676w, https:\/\/protectoraberga.com\/wp-content\/uploads\/2025\/08\/1000081789-360x270.jpg 360w, https:\/\/protectoraberga.com\/wp-content\/uploads\/2025\/08\/1000081789.jpg 1600w\" sizes=\"auto, (max-width: 1024px) 100vw, 1024px\" \/><\/figure>\n\n\n\n<figure class=\"wp-block-image size-large\"><img loading=\"lazy\" decoding=\"async\" width=\"576\" height=\"1024\" data-id=\"1208\" src=\"https:\/\/protectoraberga.com\/wp-content\/uploads\/2025\/08\/1000082050-576x1024.jpg\" alt=\"\" class=\"wp-image-1208\" srcset=\"https:\/\/protectoraberga.com\/wp-content\/uploads\/2025\/08\/1000082050-576x1024.jpg 576w, https:\/\/protectoraberga.com\/wp-content\/uploads\/2025\/08\/1000082050-169x300.jpg 169w, https:\/\/protectoraberga.com\/wp-content\/uploads\/2025\/08\/1000082050-768x1365.jpg 768w, https:\/\/protectoraberga.com\/wp-content\/uploads\/2025\/08\/1000082050-864x1536.jpg 864w, https:\/\/protectoraberga.com\/wp-content\/uploads\/2025\/08\/1000082050-676x1202.jpg 676w, https:\/\/protectoraberga.com\/wp-content\/uploads\/2025\/08\/1000082050-360x640.jpg 360w, https:\/\/protectoraberga.com\/wp-content\/uploads\/2025\/08\/1000082050.jpg 900w\" sizes=\"auto, (max-width: 576px) 100vw, 576px\" \/><\/figure>\n\n\n\n<figure class=\"wp-block-image size-large\"><img loading=\"lazy\" decoding=\"async\" width=\"576\" height=\"1024\" data-id=\"1209\" src=\"https:\/\/protectoraberga.com\/wp-content\/uploads\/2025\/08\/1000082052-576x1024.jpg\" alt=\"\" class=\"wp-image-1209\" srcset=\"https:\/\/protectoraberga.com\/wp-content\/uploads\/2025\/08\/1000082052-576x1024.jpg 576w, https:\/\/protectoraberga.com\/wp-content\/uploads\/2025\/08\/1000082052-169x300.jpg 169w, https:\/\/protectoraberga.com\/wp-content\/uploads\/2025\/08\/1000082052-768x1365.jpg 768w, https:\/\/protectoraberga.com\/wp-content\/uploads\/2025\/08\/1000082052-864x1536.jpg 864w, https:\/\/protectoraberga.com\/wp-content\/uploads\/2025\/08\/1000082052-676x1202.jpg 676w, https:\/\/protectoraberga.com\/wp-content\/uploads\/2025\/08\/1000082052-360x640.jpg 360w, https:\/\/protectoraberga.com\/wp-content\/uploads\/2025\/08\/1000082052.jpg 1125w\" sizes=\"auto, (max-width: 576px) 100vw, 576px\" \/><\/figure>\n<\/figure>\n","protected":false},"excerpt":{"rendered":"<p>Gat\u00f3 mascle, d&#8217;uns 4 mesos d&#8217;edat, recollit a Saldes. Fins ara ha estat d&#8217;acollida i ens expliquen que li encanta sortir a passejar, enfilar-se als arbres (com a bon fel\u00ed) i jugar amb els altres. Ara, aqu\u00ed amb nosaltres, comencem a introduir-lo amb els seus companys i de moment va tot for\u00e7a b\u00e9.<\/p>\n","protected":false},"featured_media":0,"template":"","meta":{"ngg_post_thumbnail":0},"breed":[7],"pet-color":[],"class_list":["post-1205","pets","type-pets","status-publish","hentry","breed-adoptats","post-preview"],"_links":{"self":[{"href":"https:\/\/protectoraberga.com\/index.php?rest_route=\/wp\/v2\/pets\/1205","targetHints":{"allow":["GET"]}}],"collection":[{"href":"https:\/\/protectoraberga.com\/index.php?rest_route=\/wp\/v2\/pets"}],"about":[{"href":"https:\/\/protectoraberga.com\/index.php?rest_route=\/wp\/v2\/types\/pets"}],"wp:attachment":[{"href":"https:\/\/protectoraberga.com\/index.php?rest_route=%2Fwp%2Fv2%2Fmedia&parent=1205"}],"wp:term":[{"taxonomy":"breed","embeddable":true,"href":"https:\/\/protectoraberga.com\/index.php?rest_route=%2Fwp%2Fv2%2Fbreed&post=1205"},{"taxonomy":"pet-color","embeddable":true,"href":"https:\/\/protectoraberga.com\/index.php?rest_route=%2Fwp%2Fv2%2Fpet-color&post=1205"}],"curies":[{"name":"wp","href":"https:\/\/api.w.org\/{rel}","templated":true}]}}

<p>Gató mascle, d&#8217;uns 4 mesos d&#8217;edat, recollit a Saldes. Fins ara ha estat d&#8217;acollida i ens expliquen que li encanta sortir a passejar, enfilar-se als arbres (com a bon felí) i jugar amb els altres.</p>



<p>Ara, aquí amb nosaltres, comencem a introduir-lo amb els seus companys i de moment va tot força bé.</p>



<figure class="wp-block-gallery has-nested-images columns-default is-cropped wp-block-gallery-1 is-layout-flex wp-block-gallery-is-layout-flex">
<figure class="wp-block-image size-large"><img loading="lazy" decoding="async" width="576" height="1024" data-id="1206" src="https://protectoraberga.com/wp-content/uploads/2025/08/1000081792-576x1024.jpg" alt="" class="wp-image-1206" srcset="https://protectoraberga.com/wp-content/uploads/2025/08/1000081792-576x1024.jpg 576w, https://protectoraberga.com/wp-content/uploads/2025/08/1000081792-169x300.jpg 169w, https://protectoraberga.com/wp-content/uploads/2025/08/1000081792-768x1365.jpg 768w, https://protectoraberga.com/wp-content/uploads/2025/08/1000081792-864x1536.jpg 864w, https://protectoraberga.com/wp-content/uploads/2025/08/1000081792-676x1202.jpg 676w, https://protectoraberga.com/wp-content/uploads/2025/08/1000081792-360x640.jpg 360w, https://protectoraberga.com/wp-content/uploads/2025/08/1000081792.jpg 900w" sizes="auto, (max-width: 576px) 100vw, 576px" /></figure>



<figure class="wp-block-image size-large"><img loading="lazy" decoding="async" width="1024" height="768" data-id="1207" src="https://protectoraberga.com/wp-content/uploads/2025/08/1000081789-1024x768.jpg" alt="" class="wp-image-1207" srcset="https://protectoraberga.com/wp-content/uploads/2025/08/1000081789-1024x768.jpg 1024w, https://protectoraberga.com/wp-content/uploads/2025/08/1000081789-300x225.jpg 300w, https://protectoraberga.com/wp-content/uploads/2025/08/1000081789-768x576.jpg 768w, https://protectoraberga.com/wp-content/uploads/2025/08/1000081789-1536x1152.jpg 1536w, https://protectoraberga.com/wp-content/uploads/2025/08/1000081789-676x507.jpg 676w, https://protectoraberga.com/wp-content/uploads/2025/08/1000081789-360x270.jpg 360w, https://protectoraberga.com/wp-content/uploads/2025/08/1000081789.jpg 1600w" sizes="auto, (max-width: 1024px) 100vw, 1024px" /></figure>



<figure class="wp-block-image size-large"><img loading="lazy" decoding="async" width="576" height="1024" data-id="1208" src="https://protectoraberga.com/wp-content/uploads/2025/08/1000082050-576x1024.jpg" alt="" class="wp-image-1208" srcset="https://protectoraberga.com/wp-content/uploads/2025/08/1000082050-576x1024.jpg 576w, https://protectoraberga.com/wp-content/uploads/2025/08/1000082050-169x300.jpg 169w, https://protectoraberga.com/wp-content/uploads/2025/08/1000082050-768x1365.jpg 768w, https://protectoraberga.com/wp-content/uploads/2025/08/1000082050-864x1536.jpg 864w, https://protectoraberga.com/wp-content/uploads/2025/08/1000082050-676x1202.jpg 676w, https://protectoraberga.com/wp-content/uploads/2025/08/1000082050-360x640.jpg 360w, https://protectoraberga.com/wp-content/uploads/2025/08/1000082050.jpg 900w" sizes="auto, (max-width: 576px) 100vw, 576px" /></figure>



<figure class="wp-block-image size-large"><img loading="lazy" decoding="async" width="576" height="1024" data-id="1209" src="https://protectoraberga.com/wp-content/uploads/2025/08/1000082052-576x1024.jpg" alt="" class="wp-image-1209" srcset="https://protectoraberga.com/wp-content/uploads/2025/08/1000082052-576x1024.jpg 576w, https://protectoraberga.com/wp-content/uploads/2025/08/1000082052-169x300.jpg 169w, https://protectoraberga.com/wp-content/uploads/2025/08/1000082052-768x1365.jpg 768w, https://protectoraberga.com/wp-content/uploads/2025/08/1000082052-864x1536.jpg 864w, https://protectoraberga.com/wp-content/uploads/2025/08/1000082052-676x1202.jpg 676w, https://protectoraberga.com/wp-content/uploads/2025/08/1000082052-360x640.jpg 360w, https://protectoraberga.com/wp-content/uploads/2025/08/1000082052.jpg 1125w" sizes="auto, (max-width: 576px) 100vw, 576px" /></figure>
</figure>

<p>Gató mascle, d&#8217;uns 4 mesos d&#8217;edat, recollit a Saldes. Fins ara ha estat d&#8217;acollida i ens expliquen que li encanta sortir a passejar, enfilar-se als arbres (com a bon felí) i jugar amb els altres. Ara, aquí amb nosaltres, comencem a introduir-lo amb els seus companys i de moment va tot força bé.</p>
