{"id":1215,"date":"2025-08-29T06:45:57","date_gmt":"2025-08-29T06:45:57","guid":{"rendered":"https:\/\/protectoraberga.com\/?post_type=pets&#038;p=1215"},"modified":"2025-09-25T13:46:48","modified_gmt":"2025-09-25T13:46:48","slug":"moira","status":"publish","type":"pets","link":"https:\/\/protectoraberga.com\/?pets=moira","title":{"rendered":"MOIRA"},"content":{"rendered":"\n<p>Gat\u00f3 femella, d&#8217;uns 4 mesos d&#8217;edat, germaneta de l&#8217;Erwin i el Cian.<\/p>\n\n\n\n<p>No es pot negar que s\u00f3n germans, a vegades es dif\u00edcil recon\u00e8ixer-los.<\/p>\n\n\n\n<p>Ella \u00e9s guapa, juganera i tamb\u00e9 una mica trapella.<\/p>\n\n\n\n<figure class=\"wp-block-gallery has-nested-images columns-default is-cropped wp-block-gallery-1 is-layout-flex wp-block-gallery-is-layout-flex\">\n<figure class=\"wp-block-image size-large\"><img loading=\"lazy\" decoding=\"async\" width=\"630\" height=\"1024\" data-id=\"1216\" src=\"https:\/\/protectoraberga.com\/wp-content\/uploads\/2025\/08\/1000083418-630x1024.jpg\" alt=\"\" class=\"wp-image-1216\" srcset=\"https:\/\/protectoraberga.com\/wp-content\/uploads\/2025\/08\/1000083418-630x1024.jpg 630w, https:\/\/protectoraberga.com\/wp-content\/uploads\/2025\/08\/1000083418-185x300.jpg 185w, https:\/\/protectoraberga.com\/wp-content\/uploads\/2025\/08\/1000083418-768x1249.jpg 768w, https:\/\/protectoraberga.com\/wp-content\/uploads\/2025\/08\/1000083418-676x1099.jpg 676w, https:\/\/protectoraberga.com\/wp-content\/uploads\/2025\/08\/1000083418-360x585.jpg 360w, https:\/\/protectoraberga.com\/wp-content\/uploads\/2025\/08\/1000083418.jpg 922w\" sizes=\"auto, (max-width: 630px) 100vw, 630px\" \/><\/figure>\n\n\n\n<figure class=\"wp-block-image size-large\"><img loading=\"lazy\" decoding=\"async\" width=\"764\" height=\"1024\" data-id=\"1217\" src=\"https:\/\/protectoraberga.com\/wp-content\/uploads\/2025\/08\/1000083421-764x1024.jpg\" alt=\"\" class=\"wp-image-1217\" srcset=\"https:\/\/protectoraberga.com\/wp-content\/uploads\/2025\/08\/1000083421-764x1024.jpg 764w, https:\/\/protectoraberga.com\/wp-content\/uploads\/2025\/08\/1000083421-224x300.jpg 224w, https:\/\/protectoraberga.com\/wp-content\/uploads\/2025\/08\/1000083421-768x1030.jpg 768w, https:\/\/protectoraberga.com\/wp-content\/uploads\/2025\/08\/1000083421-1145x1536.jpg 1145w, https:\/\/protectoraberga.com\/wp-content\/uploads\/2025\/08\/1000083421-676x907.jpg 676w, https:\/\/protectoraberga.com\/wp-content\/uploads\/2025\/08\/1000083421-360x483.jpg 360w, https:\/\/protectoraberga.com\/wp-content\/uploads\/2025\/08\/1000083421.jpg 1193w\" sizes=\"auto, (max-width: 764px) 100vw, 764px\" \/><\/figure>\n\n\n\n<figure class=\"wp-block-image size-large\"><img loading=\"lazy\" decoding=\"async\" width=\"848\" height=\"1024\" data-id=\"1218\" src=\"https:\/\/protectoraberga.com\/wp-content\/uploads\/2025\/08\/1000083420-848x1024.jpg\" alt=\"\" class=\"wp-image-1218\" srcset=\"https:\/\/protectoraberga.com\/wp-content\/uploads\/2025\/08\/1000083420-848x1024.jpg 848w, https:\/\/protectoraberga.com\/wp-content\/uploads\/2025\/08\/1000083420-248x300.jpg 248w, https:\/\/protectoraberga.com\/wp-content\/uploads\/2025\/08\/1000083420-768x927.jpg 768w, https:\/\/protectoraberga.com\/wp-content\/uploads\/2025\/08\/1000083420-1272x1536.jpg 1272w, https:\/\/protectoraberga.com\/wp-content\/uploads\/2025\/08\/1000083420-676x816.jpg 676w, https:\/\/protectoraberga.com\/wp-content\/uploads\/2025\/08\/1000083420-360x435.jpg 360w, https:\/\/protectoraberga.com\/wp-content\/uploads\/2025\/08\/1000083420.jpg 1325w\" sizes=\"auto, (max-width: 848px) 100vw, 848px\" \/><\/figure>\n\n\n\n<figure class=\"wp-block-image size-large\"><img loading=\"lazy\" decoding=\"async\" width=\"710\" height=\"1024\" data-id=\"1219\" src=\"https:\/\/protectoraberga.com\/wp-content\/uploads\/2025\/08\/1000083419-710x1024.jpg\" alt=\"\" class=\"wp-image-1219\" srcset=\"https:\/\/protectoraberga.com\/wp-content\/uploads\/2025\/08\/1000083419-710x1024.jpg 710w, https:\/\/protectoraberga.com\/wp-content\/uploads\/2025\/08\/1000083419-208x300.jpg 208w, https:\/\/protectoraberga.com\/wp-content\/uploads\/2025\/08\/1000083419-768x1107.jpg 768w, https:\/\/protectoraberga.com\/wp-content\/uploads\/2025\/08\/1000083419-676x974.jpg 676w, https:\/\/protectoraberga.com\/wp-content\/uploads\/2025\/08\/1000083419-360x519.jpg 360w, https:\/\/protectoraberga.com\/wp-content\/uploads\/2025\/08\/1000083419.jpg 922w\" sizes=\"auto, (max-width: 710px) 100vw, 710px\" \/><\/figure>\n<\/figure>\n","protected":false},"excerpt":{"rendered":"<p>Gat\u00f3 femella, d&#8217;uns 4 mesos d&#8217;edat, germaneta de l&#8217;Erwin i el Cian. No es pot negar que s\u00f3n germans, a vegades es dif\u00edcil recon\u00e8ixer-los. Ella \u00e9s guapa, juganera i tamb\u00e9 una mica trapella.<\/p>\n","protected":false},"featured_media":0,"template":"","meta":{"ngg_post_thumbnail":0},"breed":[7],"pet-color":[],"class_list":["post-1215","pets","type-pets","status-publish","hentry","breed-adoptats","post-preview"],"_links":{"self":[{"href":"https:\/\/protectoraberga.com\/index.php?rest_route=\/wp\/v2\/pets\/1215","targetHints":{"allow":["GET"]}}],"collection":[{"href":"https:\/\/protectoraberga.com\/index.php?rest_route=\/wp\/v2\/pets"}],"about":[{"href":"https:\/\/protectoraberga.com\/index.php?rest_route=\/wp\/v2\/types\/pets"}],"wp:attachment":[{"href":"https:\/\/protectoraberga.com\/index.php?rest_route=%2Fwp%2Fv2%2Fmedia&parent=1215"}],"wp:term":[{"taxonomy":"breed","embeddable":true,"href":"https:\/\/protectoraberga.com\/index.php?rest_route=%2Fwp%2Fv2%2Fbreed&post=1215"},{"taxonomy":"pet-color","embeddable":true,"href":"https:\/\/protectoraberga.com\/index.php?rest_route=%2Fwp%2Fv2%2Fpet-color&post=1215"}],"curies":[{"name":"wp","href":"https:\/\/api.w.org\/{rel}","templated":true}]}}

<p>Gató femella, d&#8217;uns 4 mesos d&#8217;edat, germaneta de l&#8217;Erwin i el Cian.</p>



<p>No es pot negar que són germans, a vegades es difícil reconèixer-los.</p>



<p>Ella és guapa, juganera i també una mica trapella.</p>



<figure class="wp-block-gallery has-nested-images columns-default is-cropped wp-block-gallery-1 is-layout-flex wp-block-gallery-is-layout-flex">
<figure class="wp-block-image size-large"><img loading="lazy" decoding="async" width="630" height="1024" data-id="1216" src="https://protectoraberga.com/wp-content/uploads/2025/08/1000083418-630x1024.jpg" alt="" class="wp-image-1216" srcset="https://protectoraberga.com/wp-content/uploads/2025/08/1000083418-630x1024.jpg 630w, https://protectoraberga.com/wp-content/uploads/2025/08/1000083418-185x300.jpg 185w, https://protectoraberga.com/wp-content/uploads/2025/08/1000083418-768x1249.jpg 768w, https://protectoraberga.com/wp-content/uploads/2025/08/1000083418-676x1099.jpg 676w, https://protectoraberga.com/wp-content/uploads/2025/08/1000083418-360x585.jpg 360w, https://protectoraberga.com/wp-content/uploads/2025/08/1000083418.jpg 922w" sizes="auto, (max-width: 630px) 100vw, 630px" /></figure>



<figure class="wp-block-image size-large"><img loading="lazy" decoding="async" width="764" height="1024" data-id="1217" src="https://protectoraberga.com/wp-content/uploads/2025/08/1000083421-764x1024.jpg" alt="" class="wp-image-1217" srcset="https://protectoraberga.com/wp-content/uploads/2025/08/1000083421-764x1024.jpg 764w, https://protectoraberga.com/wp-content/uploads/2025/08/1000083421-224x300.jpg 224w, https://protectoraberga.com/wp-content/uploads/2025/08/1000083421-768x1030.jpg 768w, https://protectoraberga.com/wp-content/uploads/2025/08/1000083421-1145x1536.jpg 1145w, https://protectoraberga.com/wp-content/uploads/2025/08/1000083421-676x907.jpg 676w, https://protectoraberga.com/wp-content/uploads/2025/08/1000083421-360x483.jpg 360w, https://protectoraberga.com/wp-content/uploads/2025/08/1000083421.jpg 1193w" sizes="auto, (max-width: 764px) 100vw, 764px" /></figure>



<figure class="wp-block-image size-large"><img loading="lazy" decoding="async" width="848" height="1024" data-id="1218" src="https://protectoraberga.com/wp-content/uploads/2025/08/1000083420-848x1024.jpg" alt="" class="wp-image-1218" srcset="https://protectoraberga.com/wp-content/uploads/2025/08/1000083420-848x1024.jpg 848w, https://protectoraberga.com/wp-content/uploads/2025/08/1000083420-248x300.jpg 248w, https://protectoraberga.com/wp-content/uploads/2025/08/1000083420-768x927.jpg 768w, https://protectoraberga.com/wp-content/uploads/2025/08/1000083420-1272x1536.jpg 1272w, https://protectoraberga.com/wp-content/uploads/2025/08/1000083420-676x816.jpg 676w, https://protectoraberga.com/wp-content/uploads/2025/08/1000083420-360x435.jpg 360w, https://protectoraberga.com/wp-content/uploads/2025/08/1000083420.jpg 1325w" sizes="auto, (max-width: 848px) 100vw, 848px" /></figure>



<figure class="wp-block-image size-large"><img loading="lazy" decoding="async" width="710" height="1024" data-id="1219" src="https://protectoraberga.com/wp-content/uploads/2025/08/1000083419-710x1024.jpg" alt="" class="wp-image-1219" srcset="https://protectoraberga.com/wp-content/uploads/2025/08/1000083419-710x1024.jpg 710w, https://protectoraberga.com/wp-content/uploads/2025/08/1000083419-208x300.jpg 208w, https://protectoraberga.com/wp-content/uploads/2025/08/1000083419-768x1107.jpg 768w, https://protectoraberga.com/wp-content/uploads/2025/08/1000083419-676x974.jpg 676w, https://protectoraberga.com/wp-content/uploads/2025/08/1000083419-360x519.jpg 360w, https://protectoraberga.com/wp-content/uploads/2025/08/1000083419.jpg 922w" sizes="auto, (max-width: 710px) 100vw, 710px" /></figure>
</figure>

<p>Gató femella, d&#8217;uns 4 mesos d&#8217;edat, germaneta de l&#8217;Erwin i el Cian. No es pot negar que són germans, a vegades es difícil reconèixer-los. Ella és guapa, juganera i també una mica trapella.</p>
