{"id":1220,"date":"2025-08-29T06:52:40","date_gmt":"2025-08-29T06:52:40","guid":{"rendered":"https:\/\/protectoraberga.com\/?post_type=pets&#038;p=1220"},"modified":"2025-12-16T11:55:11","modified_gmt":"2025-12-16T11:55:11","slug":"cian","status":"publish","type":"pets","link":"https:\/\/protectoraberga.com\/?pets=cian","title":{"rendered":"CIAN"},"content":{"rendered":"\n<p>Gat\u00f3 mascle, d&#8217;uns 4 mesos d&#8217;edat, germanet de l&#8217;Erwin i la Moira, recollits a Berga.<\/p>\n\n\n\n<p>\u00c9s simp\u00e0tic, juganer i, com us podeu imaginar, una mica trapella.<\/p>\n\n\n\n<p>Conviu amb la resta dels gats adults i amb els seus companys de la seva edat.<\/p>\n\n\n\n<figure class=\"wp-block-gallery has-nested-images columns-default is-cropped wp-block-gallery-1 is-layout-flex wp-block-gallery-is-layout-flex\">\n<figure class=\"wp-block-image size-large\"><img loading=\"lazy\" decoding=\"async\" width=\"769\" height=\"1024\" data-id=\"1221\" src=\"https:\/\/protectoraberga.com\/wp-content\/uploads\/2025\/08\/1000083425-769x1024.jpg\" alt=\"\" class=\"wp-image-1221\" srcset=\"https:\/\/protectoraberga.com\/wp-content\/uploads\/2025\/08\/1000083425-769x1024.jpg 769w, https:\/\/protectoraberga.com\/wp-content\/uploads\/2025\/08\/1000083425-225x300.jpg 225w, https:\/\/protectoraberga.com\/wp-content\/uploads\/2025\/08\/1000083425-768x1023.jpg 768w, https:\/\/protectoraberga.com\/wp-content\/uploads\/2025\/08\/1000083425-1153x1536.jpg 1153w, https:\/\/protectoraberga.com\/wp-content\/uploads\/2025\/08\/1000083425-676x901.jpg 676w, https:\/\/protectoraberga.com\/wp-content\/uploads\/2025\/08\/1000083425-360x480.jpg 360w, https:\/\/protectoraberga.com\/wp-content\/uploads\/2025\/08\/1000083425.jpg 1201w\" sizes=\"auto, (max-width: 769px) 100vw, 769px\" \/><\/figure>\n\n\n\n<figure class=\"wp-block-image size-large\"><img loading=\"lazy\" decoding=\"async\" width=\"637\" height=\"1024\" data-id=\"1222\" src=\"https:\/\/protectoraberga.com\/wp-content\/uploads\/2025\/08\/1000083424-637x1024.jpg\" alt=\"\" class=\"wp-image-1222\" srcset=\"https:\/\/protectoraberga.com\/wp-content\/uploads\/2025\/08\/1000083424-637x1024.jpg 637w, https:\/\/protectoraberga.com\/wp-content\/uploads\/2025\/08\/1000083424-187x300.jpg 187w, https:\/\/protectoraberga.com\/wp-content\/uploads\/2025\/08\/1000083424-768x1235.jpg 768w, https:\/\/protectoraberga.com\/wp-content\/uploads\/2025\/08\/1000083424-676x1087.jpg 676w, https:\/\/protectoraberga.com\/wp-content\/uploads\/2025\/08\/1000083424-360x579.jpg 360w, https:\/\/protectoraberga.com\/wp-content\/uploads\/2025\/08\/1000083424.jpg 922w\" sizes=\"auto, (max-width: 637px) 100vw, 637px\" \/><\/figure>\n\n\n\n<figure class=\"wp-block-image size-large\"><img loading=\"lazy\" decoding=\"async\" width=\"892\" height=\"1024\" data-id=\"1223\" src=\"https:\/\/protectoraberga.com\/wp-content\/uploads\/2025\/08\/1000083423-892x1024.jpg\" alt=\"\" class=\"wp-image-1223\" srcset=\"https:\/\/protectoraberga.com\/wp-content\/uploads\/2025\/08\/1000083423-892x1024.jpg 892w, https:\/\/protectoraberga.com\/wp-content\/uploads\/2025\/08\/1000083423-261x300.jpg 261w, https:\/\/protectoraberga.com\/wp-content\/uploads\/2025\/08\/1000083423-768x881.jpg 768w, https:\/\/protectoraberga.com\/wp-content\/uploads\/2025\/08\/1000083423-1338x1536.jpg 1338w, https:\/\/protectoraberga.com\/wp-content\/uploads\/2025\/08\/1000083423-676x776.jpg 676w, https:\/\/protectoraberga.com\/wp-content\/uploads\/2025\/08\/1000083423-360x413.jpg 360w, https:\/\/protectoraberga.com\/wp-content\/uploads\/2025\/08\/1000083423.jpg 1394w\" sizes=\"auto, (max-width: 892px) 100vw, 892px\" \/><\/figure>\n<\/figure>\n\n\n\n<figure class=\"wp-block-gallery has-nested-images columns-default is-cropped wp-block-gallery-2 is-layout-flex wp-block-gallery-is-layout-flex\">\n<figure class=\"wp-block-image size-large\"><img loading=\"lazy\" decoding=\"async\" width=\"748\" height=\"1024\" data-id=\"1224\" src=\"https:\/\/protectoraberga.com\/wp-content\/uploads\/2025\/08\/1000083422-748x1024.jpg\" alt=\"\" class=\"wp-image-1224\" srcset=\"https:\/\/protectoraberga.com\/wp-content\/uploads\/2025\/08\/1000083422-748x1024.jpg 748w, https:\/\/protectoraberga.com\/wp-content\/uploads\/2025\/08\/1000083422-219x300.jpg 219w, https:\/\/protectoraberga.com\/wp-content\/uploads\/2025\/08\/1000083422-768x1052.jpg 768w, https:\/\/protectoraberga.com\/wp-content\/uploads\/2025\/08\/1000083422-1121x1536.jpg 1121w, https:\/\/protectoraberga.com\/wp-content\/uploads\/2025\/08\/1000083422-676x926.jpg 676w, https:\/\/protectoraberga.com\/wp-content\/uploads\/2025\/08\/1000083422-360x493.jpg 360w, https:\/\/protectoraberga.com\/wp-content\/uploads\/2025\/08\/1000083422.jpg 1168w\" sizes=\"auto, (max-width: 748px) 100vw, 748px\" \/><\/figure>\n<\/figure>\n","protected":false},"excerpt":{"rendered":"<p>Gat\u00f3 mascle, d&#8217;uns 4 mesos d&#8217;edat, germanet de l&#8217;Erwin i la Moira, recollits a Berga. \u00c9s simp\u00e0tic, juganer i, com us podeu imaginar, una mica trapella. Conviu amb la resta dels gats adults i amb els seus companys de la seva edat.<\/p>\n","protected":false},"featured_media":0,"template":"","meta":{"ngg_post_thumbnail":0},"breed":[7],"pet-color":[],"class_list":["post-1220","pets","type-pets","status-publish","hentry","breed-adoptats","post-preview"],"_links":{"self":[{"href":"https:\/\/protectoraberga.com\/index.php?rest_route=\/wp\/v2\/pets\/1220","targetHints":{"allow":["GET"]}}],"collection":[{"href":"https:\/\/protectoraberga.com\/index.php?rest_route=\/wp\/v2\/pets"}],"about":[{"href":"https:\/\/protectoraberga.com\/index.php?rest_route=\/wp\/v2\/types\/pets"}],"wp:attachment":[{"href":"https:\/\/protectoraberga.com\/index.php?rest_route=%2Fwp%2Fv2%2Fmedia&parent=1220"}],"wp:term":[{"taxonomy":"breed","embeddable":true,"href":"https:\/\/protectoraberga.com\/index.php?rest_route=%2Fwp%2Fv2%2Fbreed&post=1220"},{"taxonomy":"pet-color","embeddable":true,"href":"https:\/\/protectoraberga.com\/index.php?rest_route=%2Fwp%2Fv2%2Fpet-color&post=1220"}],"curies":[{"name":"wp","href":"https:\/\/api.w.org\/{rel}","templated":true}]}}

<p>Gató mascle, d&#8217;uns 4 mesos d&#8217;edat, germanet de l&#8217;Erwin i la Moira, recollits a Berga.</p>



<p>És simpàtic, juganer i, com us podeu imaginar, una mica trapella.</p>



<p>Conviu amb la resta dels gats adults i amb els seus companys de la seva edat.</p>



<figure class="wp-block-gallery has-nested-images columns-default is-cropped wp-block-gallery-1 is-layout-flex wp-block-gallery-is-layout-flex">
<figure class="wp-block-image size-large"><img loading="lazy" decoding="async" width="769" height="1024" data-id="1221" src="https://protectoraberga.com/wp-content/uploads/2025/08/1000083425-769x1024.jpg" alt="" class="wp-image-1221" srcset="https://protectoraberga.com/wp-content/uploads/2025/08/1000083425-769x1024.jpg 769w, https://protectoraberga.com/wp-content/uploads/2025/08/1000083425-225x300.jpg 225w, https://protectoraberga.com/wp-content/uploads/2025/08/1000083425-768x1023.jpg 768w, https://protectoraberga.com/wp-content/uploads/2025/08/1000083425-1153x1536.jpg 1153w, https://protectoraberga.com/wp-content/uploads/2025/08/1000083425-676x901.jpg 676w, https://protectoraberga.com/wp-content/uploads/2025/08/1000083425-360x480.jpg 360w, https://protectoraberga.com/wp-content/uploads/2025/08/1000083425.jpg 1201w" sizes="auto, (max-width: 769px) 100vw, 769px" /></figure>



<figure class="wp-block-image size-large"><img loading="lazy" decoding="async" width="637" height="1024" data-id="1222" src="https://protectoraberga.com/wp-content/uploads/2025/08/1000083424-637x1024.jpg" alt="" class="wp-image-1222" srcset="https://protectoraberga.com/wp-content/uploads/2025/08/1000083424-637x1024.jpg 637w, https://protectoraberga.com/wp-content/uploads/2025/08/1000083424-187x300.jpg 187w, https://protectoraberga.com/wp-content/uploads/2025/08/1000083424-768x1235.jpg 768w, https://protectoraberga.com/wp-content/uploads/2025/08/1000083424-676x1087.jpg 676w, https://protectoraberga.com/wp-content/uploads/2025/08/1000083424-360x579.jpg 360w, https://protectoraberga.com/wp-content/uploads/2025/08/1000083424.jpg 922w" sizes="auto, (max-width: 637px) 100vw, 637px" /></figure>



<figure class="wp-block-image size-large"><img loading="lazy" decoding="async" width="892" height="1024" data-id="1223" src="https://protectoraberga.com/wp-content/uploads/2025/08/1000083423-892x1024.jpg" alt="" class="wp-image-1223" srcset="https://protectoraberga.com/wp-content/uploads/2025/08/1000083423-892x1024.jpg 892w, https://protectoraberga.com/wp-content/uploads/2025/08/1000083423-261x300.jpg 261w, https://protectoraberga.com/wp-content/uploads/2025/08/1000083423-768x881.jpg 768w, https://protectoraberga.com/wp-content/uploads/2025/08/1000083423-1338x1536.jpg 1338w, https://protectoraberga.com/wp-content/uploads/2025/08/1000083423-676x776.jpg 676w, https://protectoraberga.com/wp-content/uploads/2025/08/1000083423-360x413.jpg 360w, https://protectoraberga.com/wp-content/uploads/2025/08/1000083423.jpg 1394w" sizes="auto, (max-width: 892px) 100vw, 892px" /></figure>
</figure>



<figure class="wp-block-gallery has-nested-images columns-default is-cropped wp-block-gallery-2 is-layout-flex wp-block-gallery-is-layout-flex">
<figure class="wp-block-image size-large"><img loading="lazy" decoding="async" width="748" height="1024" data-id="1224" src="https://protectoraberga.com/wp-content/uploads/2025/08/1000083422-748x1024.jpg" alt="" class="wp-image-1224" srcset="https://protectoraberga.com/wp-content/uploads/2025/08/1000083422-748x1024.jpg 748w, https://protectoraberga.com/wp-content/uploads/2025/08/1000083422-219x300.jpg 219w, https://protectoraberga.com/wp-content/uploads/2025/08/1000083422-768x1052.jpg 768w, https://protectoraberga.com/wp-content/uploads/2025/08/1000083422-1121x1536.jpg 1121w, https://protectoraberga.com/wp-content/uploads/2025/08/1000083422-676x926.jpg 676w, https://protectoraberga.com/wp-content/uploads/2025/08/1000083422-360x493.jpg 360w, https://protectoraberga.com/wp-content/uploads/2025/08/1000083422.jpg 1168w" sizes="auto, (max-width: 748px) 100vw, 748px" /></figure>
</figure>

<p>Gató mascle, d&#8217;uns 4 mesos d&#8217;edat, germanet de l&#8217;Erwin i la Moira, recollits a Berga. És simpàtic, juganer i, com us podeu imaginar, una mica trapella. Conviu amb la resta dels gats adults i amb els seus companys de la seva edat.</p>
