{"id":1232,"date":"2025-09-16T10:06:41","date_gmt":"2025-09-16T10:06:41","guid":{"rendered":"https:\/\/protectoraberga.com\/?post_type=pets&#038;p=1232"},"modified":"2025-09-16T10:07:16","modified_gmt":"2025-09-16T10:07:16","slug":"fura","status":"publish","type":"pets","link":"https:\/\/protectoraberga.com\/?pets=fura","title":{"rendered":"FURA"},"content":{"rendered":"\n<p>Gat femella. Data de naixement, aproximada: 20 &#8211; 9 &#8211; 2024. <\/p>\n\n\n\n<p>Va ser recollida al poble d&#8217;Avi\u00e0 i ning\u00fa l&#8217;ha reclamat, per aix\u00f2 li busquem adopci\u00f3. <\/p>\n\n\n\n<p>\u00c9s una gata mansa, tot i que t\u00e9 un car\u00e0cter especial, li ha costat adaptar-se a la resta de la colla. Necessita un adoptant que tingui experi\u00e8ncia amb gats i que no hi hagi infants a la casa. <\/p>\n\n\n\n<figure class=\"wp-block-gallery has-nested-images columns-default is-cropped wp-block-gallery-1 is-layout-flex wp-block-gallery-is-layout-flex\">\n<figure class=\"wp-block-image size-large\"><img loading=\"lazy\" decoding=\"async\" width=\"778\" height=\"1024\" data-id=\"1233\" src=\"https:\/\/protectoraberga.com\/wp-content\/uploads\/2025\/09\/FB_IMG_1758016673128-778x1024.jpg\" alt=\"\" class=\"wp-image-1233\" srcset=\"https:\/\/protectoraberga.com\/wp-content\/uploads\/2025\/09\/FB_IMG_1758016673128-778x1024.jpg 778w, https:\/\/protectoraberga.com\/wp-content\/uploads\/2025\/09\/FB_IMG_1758016673128-228x300.jpg 228w, https:\/\/protectoraberga.com\/wp-content\/uploads\/2025\/09\/FB_IMG_1758016673128-768x1011.jpg 768w, https:\/\/protectoraberga.com\/wp-content\/uploads\/2025\/09\/FB_IMG_1758016673128-1167x1536.jpg 1167w, https:\/\/protectoraberga.com\/wp-content\/uploads\/2025\/09\/FB_IMG_1758016673128-676x889.jpg 676w, https:\/\/protectoraberga.com\/wp-content\/uploads\/2025\/09\/FB_IMG_1758016673128-360x474.jpg 360w, https:\/\/protectoraberga.com\/wp-content\/uploads\/2025\/09\/FB_IMG_1758016673128.jpg 1216w\" sizes=\"auto, (max-width: 778px) 100vw, 778px\" \/><\/figure>\n\n\n\n<figure class=\"wp-block-image size-large\"><img loading=\"lazy\" decoding=\"async\" width=\"659\" height=\"1024\" data-id=\"1234\" src=\"https:\/\/protectoraberga.com\/wp-content\/uploads\/2025\/09\/FB_IMG_1758016685481-659x1024.jpg\" alt=\"\" class=\"wp-image-1234\" srcset=\"https:\/\/protectoraberga.com\/wp-content\/uploads\/2025\/09\/FB_IMG_1758016685481-659x1024.jpg 659w, https:\/\/protectoraberga.com\/wp-content\/uploads\/2025\/09\/FB_IMG_1758016685481-193x300.jpg 193w, https:\/\/protectoraberga.com\/wp-content\/uploads\/2025\/09\/FB_IMG_1758016685481-768x1194.jpg 768w, https:\/\/protectoraberga.com\/wp-content\/uploads\/2025\/09\/FB_IMG_1758016685481-676x1051.jpg 676w, https:\/\/protectoraberga.com\/wp-content\/uploads\/2025\/09\/FB_IMG_1758016685481-360x560.jpg 360w, https:\/\/protectoraberga.com\/wp-content\/uploads\/2025\/09\/FB_IMG_1758016685481.jpg 922w\" sizes=\"auto, (max-width: 659px) 100vw, 659px\" \/><\/figure>\n\n\n\n<figure class=\"wp-block-image size-large\"><img loading=\"lazy\" decoding=\"async\" width=\"564\" height=\"1024\" data-id=\"1236\" src=\"https:\/\/protectoraberga.com\/wp-content\/uploads\/2025\/09\/FB_IMG_1758016695669-564x1024.jpg\" alt=\"\" class=\"wp-image-1236\" srcset=\"https:\/\/protectoraberga.com\/wp-content\/uploads\/2025\/09\/FB_IMG_1758016695669-564x1024.jpg 564w, https:\/\/protectoraberga.com\/wp-content\/uploads\/2025\/09\/FB_IMG_1758016695669-165x300.jpg 165w, https:\/\/protectoraberga.com\/wp-content\/uploads\/2025\/09\/FB_IMG_1758016695669-768x1395.jpg 768w, https:\/\/protectoraberga.com\/wp-content\/uploads\/2025\/09\/FB_IMG_1758016695669-846x1536.jpg 846w, https:\/\/protectoraberga.com\/wp-content\/uploads\/2025\/09\/FB_IMG_1758016695669-676x1228.jpg 676w, https:\/\/protectoraberga.com\/wp-content\/uploads\/2025\/09\/FB_IMG_1758016695669-360x654.jpg 360w, https:\/\/protectoraberga.com\/wp-content\/uploads\/2025\/09\/FB_IMG_1758016695669.jpg 881w\" sizes=\"auto, (max-width: 564px) 100vw, 564px\" \/><\/figure>\n\n\n\n<figure class=\"wp-block-image size-large\"><img loading=\"lazy\" decoding=\"async\" width=\"590\" height=\"1024\" data-id=\"1235\" src=\"https:\/\/protectoraberga.com\/wp-content\/uploads\/2025\/09\/FB_IMG_1758016712052-590x1024.jpg\" alt=\"\" class=\"wp-image-1235\" srcset=\"https:\/\/protectoraberga.com\/wp-content\/uploads\/2025\/09\/FB_IMG_1758016712052-590x1024.jpg 590w, https:\/\/protectoraberga.com\/wp-content\/uploads\/2025\/09\/FB_IMG_1758016712052-173x300.jpg 173w, https:\/\/protectoraberga.com\/wp-content\/uploads\/2025\/09\/FB_IMG_1758016712052-768x1332.jpg 768w, https:\/\/protectoraberga.com\/wp-content\/uploads\/2025\/09\/FB_IMG_1758016712052-886x1536.jpg 886w, https:\/\/protectoraberga.com\/wp-content\/uploads\/2025\/09\/FB_IMG_1758016712052-676x1172.jpg 676w, https:\/\/protectoraberga.com\/wp-content\/uploads\/2025\/09\/FB_IMG_1758016712052-360x624.jpg 360w, https:\/\/protectoraberga.com\/wp-content\/uploads\/2025\/09\/FB_IMG_1758016712052.jpg 922w\" sizes=\"auto, (max-width: 590px) 100vw, 590px\" \/><\/figure>\n<\/figure>\n","protected":false},"excerpt":{"rendered":"<p>Gat femella. Data de naixement, aproximada: 20 &#8211; 9 &#8211; 2024. Va ser recollida al poble d&#8217;Avi\u00e0 i ning\u00fa l&#8217;ha reclamat, per aix\u00f2 li busquem adopci\u00f3. \u00c9s una gata mansa, tot i que t\u00e9 un car\u00e0cter especial, li ha costat adaptar-se a la resta de la colla. Necessita un adoptant que tingui experi\u00e8ncia amb gats [&hellip;]<\/p>\n","protected":false},"featured_media":0,"template":"","meta":{"ngg_post_thumbnail":0},"breed":[6],"pet-color":[],"class_list":["post-1232","pets","type-pets","status-publish","hentry","breed-gat","post-preview"],"_links":{"self":[{"href":"https:\/\/protectoraberga.com\/index.php?rest_route=\/wp\/v2\/pets\/1232","targetHints":{"allow":["GET"]}}],"collection":[{"href":"https:\/\/protectoraberga.com\/index.php?rest_route=\/wp\/v2\/pets"}],"about":[{"href":"https:\/\/protectoraberga.com\/index.php?rest_route=\/wp\/v2\/types\/pets"}],"wp:attachment":[{"href":"https:\/\/protectoraberga.com\/index.php?rest_route=%2Fwp%2Fv2%2Fmedia&parent=1232"}],"wp:term":[{"taxonomy":"breed","embeddable":true,"href":"https:\/\/protectoraberga.com\/index.php?rest_route=%2Fwp%2Fv2%2Fbreed&post=1232"},{"taxonomy":"pet-color","embeddable":true,"href":"https:\/\/protectoraberga.com\/index.php?rest_route=%2Fwp%2Fv2%2Fpet-color&post=1232"}],"curies":[{"name":"wp","href":"https:\/\/api.w.org\/{rel}","templated":true}]}}

<p>Gat femella. Data de naixement, aproximada: 20 &#8211; 9 &#8211; 2024. </p>



<p>Va ser recollida al poble d&#8217;Avià i ningú l&#8217;ha reclamat, per això li busquem adopció. </p>



<p>És una gata mansa, tot i que té un caràcter especial, li ha costat adaptar-se a la resta de la colla. Necessita un adoptant que tingui experiència amb gats i que no hi hagi infants a la casa. </p>



<figure class="wp-block-gallery has-nested-images columns-default is-cropped wp-block-gallery-1 is-layout-flex wp-block-gallery-is-layout-flex">
<figure class="wp-block-image size-large"><img loading="lazy" decoding="async" width="778" height="1024" data-id="1233" src="https://protectoraberga.com/wp-content/uploads/2025/09/FB_IMG_1758016673128-778x1024.jpg" alt="" class="wp-image-1233" srcset="https://protectoraberga.com/wp-content/uploads/2025/09/FB_IMG_1758016673128-778x1024.jpg 778w, https://protectoraberga.com/wp-content/uploads/2025/09/FB_IMG_1758016673128-228x300.jpg 228w, https://protectoraberga.com/wp-content/uploads/2025/09/FB_IMG_1758016673128-768x1011.jpg 768w, https://protectoraberga.com/wp-content/uploads/2025/09/FB_IMG_1758016673128-1167x1536.jpg 1167w, https://protectoraberga.com/wp-content/uploads/2025/09/FB_IMG_1758016673128-676x889.jpg 676w, https://protectoraberga.com/wp-content/uploads/2025/09/FB_IMG_1758016673128-360x474.jpg 360w, https://protectoraberga.com/wp-content/uploads/2025/09/FB_IMG_1758016673128.jpg 1216w" sizes="auto, (max-width: 778px) 100vw, 778px" /></figure>



<figure class="wp-block-image size-large"><img loading="lazy" decoding="async" width="659" height="1024" data-id="1234" src="https://protectoraberga.com/wp-content/uploads/2025/09/FB_IMG_1758016685481-659x1024.jpg" alt="" class="wp-image-1234" srcset="https://protectoraberga.com/wp-content/uploads/2025/09/FB_IMG_1758016685481-659x1024.jpg 659w, https://protectoraberga.com/wp-content/uploads/2025/09/FB_IMG_1758016685481-193x300.jpg 193w, https://protectoraberga.com/wp-content/uploads/2025/09/FB_IMG_1758016685481-768x1194.jpg 768w, https://protectoraberga.com/wp-content/uploads/2025/09/FB_IMG_1758016685481-676x1051.jpg 676w, https://protectoraberga.com/wp-content/uploads/2025/09/FB_IMG_1758016685481-360x560.jpg 360w, https://protectoraberga.com/wp-content/uploads/2025/09/FB_IMG_1758016685481.jpg 922w" sizes="auto, (max-width: 659px) 100vw, 659px" /></figure>



<figure class="wp-block-image size-large"><img loading="lazy" decoding="async" width="564" height="1024" data-id="1236" src="https://protectoraberga.com/wp-content/uploads/2025/09/FB_IMG_1758016695669-564x1024.jpg" alt="" class="wp-image-1236" srcset="https://protectoraberga.com/wp-content/uploads/2025/09/FB_IMG_1758016695669-564x1024.jpg 564w, https://protectoraberga.com/wp-content/uploads/2025/09/FB_IMG_1758016695669-165x300.jpg 165w, https://protectoraberga.com/wp-content/uploads/2025/09/FB_IMG_1758016695669-768x1395.jpg 768w, https://protectoraberga.com/wp-content/uploads/2025/09/FB_IMG_1758016695669-846x1536.jpg 846w, https://protectoraberga.com/wp-content/uploads/2025/09/FB_IMG_1758016695669-676x1228.jpg 676w, https://protectoraberga.com/wp-content/uploads/2025/09/FB_IMG_1758016695669-360x654.jpg 360w, https://protectoraberga.com/wp-content/uploads/2025/09/FB_IMG_1758016695669.jpg 881w" sizes="auto, (max-width: 564px) 100vw, 564px" /></figure>



<figure class="wp-block-image size-large"><img loading="lazy" decoding="async" width="590" height="1024" data-id="1235" src="https://protectoraberga.com/wp-content/uploads/2025/09/FB_IMG_1758016712052-590x1024.jpg" alt="" class="wp-image-1235" srcset="https://protectoraberga.com/wp-content/uploads/2025/09/FB_IMG_1758016712052-590x1024.jpg 590w, https://protectoraberga.com/wp-content/uploads/2025/09/FB_IMG_1758016712052-173x300.jpg 173w, https://protectoraberga.com/wp-content/uploads/2025/09/FB_IMG_1758016712052-768x1332.jpg 768w, https://protectoraberga.com/wp-content/uploads/2025/09/FB_IMG_1758016712052-886x1536.jpg 886w, https://protectoraberga.com/wp-content/uploads/2025/09/FB_IMG_1758016712052-676x1172.jpg 676w, https://protectoraberga.com/wp-content/uploads/2025/09/FB_IMG_1758016712052-360x624.jpg 360w, https://protectoraberga.com/wp-content/uploads/2025/09/FB_IMG_1758016712052.jpg 922w" sizes="auto, (max-width: 590px) 100vw, 590px" /></figure>
</figure>

<p>Gat femella. Data de naixement, aproximada: 20 &#8211; 9 &#8211; 2024. Va ser recollida al poble d&#8217;Avià i ningú l&#8217;ha reclamat, per això li busquem adopció. És una gata mansa, tot i que té un caràcter especial, li ha costat adaptar-se a la resta de la colla. Necessita un adoptant que tingui experiència amb gats [&hellip;]</p>
