{"id":1237,"date":"2025-09-16T10:14:41","date_gmt":"2025-09-16T10:14:41","guid":{"rendered":"https:\/\/protectoraberga.com\/?post_type=pets&#038;p=1237"},"modified":"2025-11-21T14:32:17","modified_gmt":"2025-11-21T14:32:17","slug":"pino","status":"publish","type":"pets","link":"https:\/\/protectoraberga.com\/?pets=pino","title":{"rendered":"PINO"},"content":{"rendered":"\n<p>Gat mascle. Data de naixement, aproximada: 1- 4 &#8211; 2025. <\/p>\n\n\n\n<p>Va ser recollit a Berga. Estava molt espantat. <\/p>\n\n\n\n<p>\u00c9s un gat molt mans i afectu\u00f3s, ha tardat pocs dies en poder compartir espai amb els altres gats. Li agrada molt rebre car\u00edcies i \u00e9s molt juganer. <\/p>\n\n\n\n<figure class=\"wp-block-gallery has-nested-images columns-default is-cropped wp-block-gallery-1 is-layout-flex wp-block-gallery-is-layout-flex\">\n<figure class=\"wp-block-image size-large\"><img loading=\"lazy\" decoding=\"async\" width=\"632\" height=\"1024\" data-id=\"1238\" src=\"https:\/\/protectoraberga.com\/wp-content\/uploads\/2025\/09\/FB_IMG_1758017281617-632x1024.jpg\" alt=\"\" class=\"wp-image-1238\" srcset=\"https:\/\/protectoraberga.com\/wp-content\/uploads\/2025\/09\/FB_IMG_1758017281617-632x1024.jpg 632w, https:\/\/protectoraberga.com\/wp-content\/uploads\/2025\/09\/FB_IMG_1758017281617-185x300.jpg 185w, https:\/\/protectoraberga.com\/wp-content\/uploads\/2025\/09\/FB_IMG_1758017281617-768x1244.jpg 768w, https:\/\/protectoraberga.com\/wp-content\/uploads\/2025\/09\/FB_IMG_1758017281617-676x1095.jpg 676w, https:\/\/protectoraberga.com\/wp-content\/uploads\/2025\/09\/FB_IMG_1758017281617-360x583.jpg 360w, https:\/\/protectoraberga.com\/wp-content\/uploads\/2025\/09\/FB_IMG_1758017281617.jpg 922w\" sizes=\"auto, (max-width: 632px) 100vw, 632px\" \/><\/figure>\n\n\n\n<figure class=\"wp-block-image size-large\"><img loading=\"lazy\" decoding=\"async\" width=\"632\" height=\"1024\" data-id=\"1239\" src=\"https:\/\/protectoraberga.com\/wp-content\/uploads\/2025\/09\/FB_IMG_1758017288502-632x1024.jpg\" alt=\"\" class=\"wp-image-1239\" srcset=\"https:\/\/protectoraberga.com\/wp-content\/uploads\/2025\/09\/FB_IMG_1758017288502-632x1024.jpg 632w, https:\/\/protectoraberga.com\/wp-content\/uploads\/2025\/09\/FB_IMG_1758017288502-185x300.jpg 185w, https:\/\/protectoraberga.com\/wp-content\/uploads\/2025\/09\/FB_IMG_1758017288502-768x1245.jpg 768w, https:\/\/protectoraberga.com\/wp-content\/uploads\/2025\/09\/FB_IMG_1758017288502-676x1096.jpg 676w, https:\/\/protectoraberga.com\/wp-content\/uploads\/2025\/09\/FB_IMG_1758017288502-360x584.jpg 360w, https:\/\/protectoraberga.com\/wp-content\/uploads\/2025\/09\/FB_IMG_1758017288502.jpg 922w\" sizes=\"auto, (max-width: 632px) 100vw, 632px\" \/><\/figure>\n\n\n\n<figure class=\"wp-block-image size-large\"><img loading=\"lazy\" decoding=\"async\" width=\"637\" height=\"1024\" data-id=\"1240\" src=\"https:\/\/protectoraberga.com\/wp-content\/uploads\/2025\/09\/FB_IMG_1758017317295-637x1024.jpg\" alt=\"\" class=\"wp-image-1240\" srcset=\"https:\/\/protectoraberga.com\/wp-content\/uploads\/2025\/09\/FB_IMG_1758017317295-637x1024.jpg 637w, https:\/\/protectoraberga.com\/wp-content\/uploads\/2025\/09\/FB_IMG_1758017317295-187x300.jpg 187w, https:\/\/protectoraberga.com\/wp-content\/uploads\/2025\/09\/FB_IMG_1758017317295-768x1234.jpg 768w, https:\/\/protectoraberga.com\/wp-content\/uploads\/2025\/09\/FB_IMG_1758017317295-676x1087.jpg 676w, https:\/\/protectoraberga.com\/wp-content\/uploads\/2025\/09\/FB_IMG_1758017317295-360x579.jpg 360w, https:\/\/protectoraberga.com\/wp-content\/uploads\/2025\/09\/FB_IMG_1758017317295.jpg 922w\" sizes=\"auto, (max-width: 637px) 100vw, 637px\" \/><\/figure>\n\n\n\n<figure class=\"wp-block-image size-large\"><img loading=\"lazy\" decoding=\"async\" width=\"867\" height=\"1024\" data-id=\"1241\" src=\"https:\/\/protectoraberga.com\/wp-content\/uploads\/2025\/09\/FB_IMG_1758017329343-867x1024.jpg\" alt=\"\" class=\"wp-image-1241\" srcset=\"https:\/\/protectoraberga.com\/wp-content\/uploads\/2025\/09\/FB_IMG_1758017329343-867x1024.jpg 867w, https:\/\/protectoraberga.com\/wp-content\/uploads\/2025\/09\/FB_IMG_1758017329343-254x300.jpg 254w, https:\/\/protectoraberga.com\/wp-content\/uploads\/2025\/09\/FB_IMG_1758017329343-768x908.jpg 768w, https:\/\/protectoraberga.com\/wp-content\/uploads\/2025\/09\/FB_IMG_1758017329343-1300x1536.jpg 1300w, https:\/\/protectoraberga.com\/wp-content\/uploads\/2025\/09\/FB_IMG_1758017329343-676x799.jpg 676w, https:\/\/protectoraberga.com\/wp-content\/uploads\/2025\/09\/FB_IMG_1758017329343-360x425.jpg 360w, https:\/\/protectoraberga.com\/wp-content\/uploads\/2025\/09\/FB_IMG_1758017329343.jpg 1354w\" sizes=\"auto, (max-width: 867px) 100vw, 867px\" \/><\/figure>\n<\/figure>\n","protected":false},"excerpt":{"rendered":"<p>Gat mascle. Data de naixement, aproximada: 1- 4 &#8211; 2025. Va ser recollit a Berga. Estava molt espantat. \u00c9s un gat molt mans i afectu\u00f3s, ha tardat pocs dies en poder compartir espai amb els altres gats. Li agrada molt rebre car\u00edcies i \u00e9s molt juganer.<\/p>\n","protected":false},"featured_media":0,"template":"","meta":{"ngg_post_thumbnail":0},"breed":[7],"pet-color":[],"class_list":["post-1237","pets","type-pets","status-publish","hentry","breed-adoptats","post-preview"],"_links":{"self":[{"href":"https:\/\/protectoraberga.com\/index.php?rest_route=\/wp\/v2\/pets\/1237","targetHints":{"allow":["GET"]}}],"collection":[{"href":"https:\/\/protectoraberga.com\/index.php?rest_route=\/wp\/v2\/pets"}],"about":[{"href":"https:\/\/protectoraberga.com\/index.php?rest_route=\/wp\/v2\/types\/pets"}],"wp:attachment":[{"href":"https:\/\/protectoraberga.com\/index.php?rest_route=%2Fwp%2Fv2%2Fmedia&parent=1237"}],"wp:term":[{"taxonomy":"breed","embeddable":true,"href":"https:\/\/protectoraberga.com\/index.php?rest_route=%2Fwp%2Fv2%2Fbreed&post=1237"},{"taxonomy":"pet-color","embeddable":true,"href":"https:\/\/protectoraberga.com\/index.php?rest_route=%2Fwp%2Fv2%2Fpet-color&post=1237"}],"curies":[{"name":"wp","href":"https:\/\/api.w.org\/{rel}","templated":true}]}}

<p>Gat mascle. Data de naixement, aproximada: 1- 4 &#8211; 2025. </p>



<p>Va ser recollit a Berga. Estava molt espantat. </p>



<p>És un gat molt mans i afectuós, ha tardat pocs dies en poder compartir espai amb els altres gats. Li agrada molt rebre carícies i és molt juganer. </p>



<figure class="wp-block-gallery has-nested-images columns-default is-cropped wp-block-gallery-1 is-layout-flex wp-block-gallery-is-layout-flex">
<figure class="wp-block-image size-large"><img loading="lazy" decoding="async" width="632" height="1024" data-id="1238" src="https://protectoraberga.com/wp-content/uploads/2025/09/FB_IMG_1758017281617-632x1024.jpg" alt="" class="wp-image-1238" srcset="https://protectoraberga.com/wp-content/uploads/2025/09/FB_IMG_1758017281617-632x1024.jpg 632w, https://protectoraberga.com/wp-content/uploads/2025/09/FB_IMG_1758017281617-185x300.jpg 185w, https://protectoraberga.com/wp-content/uploads/2025/09/FB_IMG_1758017281617-768x1244.jpg 768w, https://protectoraberga.com/wp-content/uploads/2025/09/FB_IMG_1758017281617-676x1095.jpg 676w, https://protectoraberga.com/wp-content/uploads/2025/09/FB_IMG_1758017281617-360x583.jpg 360w, https://protectoraberga.com/wp-content/uploads/2025/09/FB_IMG_1758017281617.jpg 922w" sizes="auto, (max-width: 632px) 100vw, 632px" /></figure>



<figure class="wp-block-image size-large"><img loading="lazy" decoding="async" width="632" height="1024" data-id="1239" src="https://protectoraberga.com/wp-content/uploads/2025/09/FB_IMG_1758017288502-632x1024.jpg" alt="" class="wp-image-1239" srcset="https://protectoraberga.com/wp-content/uploads/2025/09/FB_IMG_1758017288502-632x1024.jpg 632w, https://protectoraberga.com/wp-content/uploads/2025/09/FB_IMG_1758017288502-185x300.jpg 185w, https://protectoraberga.com/wp-content/uploads/2025/09/FB_IMG_1758017288502-768x1245.jpg 768w, https://protectoraberga.com/wp-content/uploads/2025/09/FB_IMG_1758017288502-676x1096.jpg 676w, https://protectoraberga.com/wp-content/uploads/2025/09/FB_IMG_1758017288502-360x584.jpg 360w, https://protectoraberga.com/wp-content/uploads/2025/09/FB_IMG_1758017288502.jpg 922w" sizes="auto, (max-width: 632px) 100vw, 632px" /></figure>



<figure class="wp-block-image size-large"><img loading="lazy" decoding="async" width="637" height="1024" data-id="1240" src="https://protectoraberga.com/wp-content/uploads/2025/09/FB_IMG_1758017317295-637x1024.jpg" alt="" class="wp-image-1240" srcset="https://protectoraberga.com/wp-content/uploads/2025/09/FB_IMG_1758017317295-637x1024.jpg 637w, https://protectoraberga.com/wp-content/uploads/2025/09/FB_IMG_1758017317295-187x300.jpg 187w, https://protectoraberga.com/wp-content/uploads/2025/09/FB_IMG_1758017317295-768x1234.jpg 768w, https://protectoraberga.com/wp-content/uploads/2025/09/FB_IMG_1758017317295-676x1087.jpg 676w, https://protectoraberga.com/wp-content/uploads/2025/09/FB_IMG_1758017317295-360x579.jpg 360w, https://protectoraberga.com/wp-content/uploads/2025/09/FB_IMG_1758017317295.jpg 922w" sizes="auto, (max-width: 637px) 100vw, 637px" /></figure>



<figure class="wp-block-image size-large"><img loading="lazy" decoding="async" width="867" height="1024" data-id="1241" src="https://protectoraberga.com/wp-content/uploads/2025/09/FB_IMG_1758017329343-867x1024.jpg" alt="" class="wp-image-1241" srcset="https://protectoraberga.com/wp-content/uploads/2025/09/FB_IMG_1758017329343-867x1024.jpg 867w, https://protectoraberga.com/wp-content/uploads/2025/09/FB_IMG_1758017329343-254x300.jpg 254w, https://protectoraberga.com/wp-content/uploads/2025/09/FB_IMG_1758017329343-768x908.jpg 768w, https://protectoraberga.com/wp-content/uploads/2025/09/FB_IMG_1758017329343-1300x1536.jpg 1300w, https://protectoraberga.com/wp-content/uploads/2025/09/FB_IMG_1758017329343-676x799.jpg 676w, https://protectoraberga.com/wp-content/uploads/2025/09/FB_IMG_1758017329343-360x425.jpg 360w, https://protectoraberga.com/wp-content/uploads/2025/09/FB_IMG_1758017329343.jpg 1354w" sizes="auto, (max-width: 867px) 100vw, 867px" /></figure>
</figure>

<p>Gat mascle. Data de naixement, aproximada: 1- 4 &#8211; 2025. Va ser recollit a Berga. Estava molt espantat. És un gat molt mans i afectuós, ha tardat pocs dies en poder compartir espai amb els altres gats. Li agrada molt rebre carícies i és molt juganer.</p>
