{"id":1255,"date":"2025-11-03T20:51:50","date_gmt":"2025-11-03T20:51:50","guid":{"rendered":"https:\/\/protectoraberga.com\/?post_type=pets&#038;p=1255"},"modified":"2026-01-05T09:38:33","modified_gmt":"2026-01-05T09:38:33","slug":"arty","status":"publish","type":"pets","link":"https:\/\/protectoraberga.com\/?pets=arty","title":{"rendered":"ARTY"},"content":{"rendered":"\n<p>Gos mascle. Data de naixement: 15 &#8211; 1 &#8211; 2023. Al\u00e7ada: 58cm. <\/p>\n\n\n\n<p>\u00c9s un bon gos, afectu\u00f3s, per\u00f2 una mica temor\u00f3s al principi (necessita unes quantes passejades per a confiar amb els humans). <\/p>\n\n\n\n<p>Surt b\u00e9 amb corretja i \u00e9s obedient. A la g\u00e0bia est\u00e0 molt nervi\u00f3s, no li agrada estar tancat. <\/p>\n\n\n\n<figure class=\"wp-block-gallery has-nested-images columns-default is-cropped wp-block-gallery-1 is-layout-flex wp-block-gallery-is-layout-flex\">\n<figure class=\"wp-block-image size-large\"><img loading=\"lazy\" decoding=\"async\" width=\"1024\" height=\"970\" data-id=\"1257\" src=\"https:\/\/protectoraberga.com\/wp-content\/uploads\/2025\/11\/IMG-20251102-WA0082-1024x970.jpg\" alt=\"\" class=\"wp-image-1257\" srcset=\"https:\/\/protectoraberga.com\/wp-content\/uploads\/2025\/11\/IMG-20251102-WA0082-1024x970.jpg 1024w, https:\/\/protectoraberga.com\/wp-content\/uploads\/2025\/11\/IMG-20251102-WA0082-300x284.jpg 300w, https:\/\/protectoraberga.com\/wp-content\/uploads\/2025\/11\/IMG-20251102-WA0082-768x727.jpg 768w, https:\/\/protectoraberga.com\/wp-content\/uploads\/2025\/11\/IMG-20251102-WA0082-676x640.jpg 676w, https:\/\/protectoraberga.com\/wp-content\/uploads\/2025\/11\/IMG-20251102-WA0082-360x341.jpg 360w, https:\/\/protectoraberga.com\/wp-content\/uploads\/2025\/11\/IMG-20251102-WA0082.jpg 1091w\" sizes=\"auto, (max-width: 1024px) 100vw, 1024px\" \/><\/figure>\n\n\n\n<figure class=\"wp-block-image size-large\"><img loading=\"lazy\" decoding=\"async\" width=\"621\" height=\"972\" data-id=\"1256\" src=\"https:\/\/protectoraberga.com\/wp-content\/uploads\/2025\/11\/IMG-20251102-WA0083.jpg\" alt=\"\" class=\"wp-image-1256\" srcset=\"https:\/\/protectoraberga.com\/wp-content\/uploads\/2025\/11\/IMG-20251102-WA0083.jpg 621w, https:\/\/protectoraberga.com\/wp-content\/uploads\/2025\/11\/IMG-20251102-WA0083-192x300.jpg 192w, https:\/\/protectoraberga.com\/wp-content\/uploads\/2025\/11\/IMG-20251102-WA0083-360x563.jpg 360w\" sizes=\"auto, (max-width: 621px) 100vw, 621px\" \/><\/figure>\n\n\n\n<figure class=\"wp-block-image size-large\"><img loading=\"lazy\" decoding=\"async\" width=\"461\" height=\"1024\" data-id=\"1258\" src=\"https:\/\/protectoraberga.com\/wp-content\/uploads\/2025\/11\/IMG-20251102-WA0084-461x1024.jpg\" alt=\"\" class=\"wp-image-1258\" srcset=\"https:\/\/protectoraberga.com\/wp-content\/uploads\/2025\/11\/IMG-20251102-WA0084-461x1024.jpg 461w, https:\/\/protectoraberga.com\/wp-content\/uploads\/2025\/11\/IMG-20251102-WA0084-135x300.jpg 135w, https:\/\/protectoraberga.com\/wp-content\/uploads\/2025\/11\/IMG-20251102-WA0084-691x1536.jpg 691w, https:\/\/protectoraberga.com\/wp-content\/uploads\/2025\/11\/IMG-20251102-WA0084-676x1502.jpg 676w, https:\/\/protectoraberga.com\/wp-content\/uploads\/2025\/11\/IMG-20251102-WA0084-360x800.jpg 360w, https:\/\/protectoraberga.com\/wp-content\/uploads\/2025\/11\/IMG-20251102-WA0084.jpg 720w\" sizes=\"auto, (max-width: 461px) 100vw, 461px\" \/><\/figure>\n<\/figure>\n\n\n\n<figure class=\"wp-block-image size-large\"><img loading=\"lazy\" decoding=\"async\" width=\"461\" height=\"1024\" src=\"https:\/\/protectoraberga.com\/wp-content\/uploads\/2025\/11\/IMG-20251102-WA0089-461x1024.jpg\" alt=\"\" class=\"wp-image-1259\" srcset=\"https:\/\/protectoraberga.com\/wp-content\/uploads\/2025\/11\/IMG-20251102-WA0089-461x1024.jpg 461w, https:\/\/protectoraberga.com\/wp-content\/uploads\/2025\/11\/IMG-20251102-WA0089-135x300.jpg 135w, https:\/\/protectoraberga.com\/wp-content\/uploads\/2025\/11\/IMG-20251102-WA0089-691x1536.jpg 691w, https:\/\/protectoraberga.com\/wp-content\/uploads\/2025\/11\/IMG-20251102-WA0089-676x1502.jpg 676w, https:\/\/protectoraberga.com\/wp-content\/uploads\/2025\/11\/IMG-20251102-WA0089-360x800.jpg 360w, https:\/\/protectoraberga.com\/wp-content\/uploads\/2025\/11\/IMG-20251102-WA0089.jpg 720w\" sizes=\"auto, (max-width: 461px) 100vw, 461px\" \/><\/figure>\n","protected":false},"excerpt":{"rendered":"<p>Gos mascle. Data de naixement: 15 &#8211; 1 &#8211; 2023. Al\u00e7ada: 58cm. \u00c9s un bon gos, afectu\u00f3s, per\u00f2 una mica temor\u00f3s al principi (necessita unes quantes passejades per a confiar amb els humans). Surt b\u00e9 amb corretja i \u00e9s obedient. A la g\u00e0bia est\u00e0 molt nervi\u00f3s, no li agrada estar tancat.<\/p>\n","protected":false},"featured_media":0,"template":"","meta":{"ngg_post_thumbnail":0},"breed":[7],"pet-color":[],"class_list":["post-1255","pets","type-pets","status-publish","hentry","breed-adoptats","post-preview"],"_links":{"self":[{"href":"https:\/\/protectoraberga.com\/index.php?rest_route=\/wp\/v2\/pets\/1255","targetHints":{"allow":["GET"]}}],"collection":[{"href":"https:\/\/protectoraberga.com\/index.php?rest_route=\/wp\/v2\/pets"}],"about":[{"href":"https:\/\/protectoraberga.com\/index.php?rest_route=\/wp\/v2\/types\/pets"}],"wp:attachment":[{"href":"https:\/\/protectoraberga.com\/index.php?rest_route=%2Fwp%2Fv2%2Fmedia&parent=1255"}],"wp:term":[{"taxonomy":"breed","embeddable":true,"href":"https:\/\/protectoraberga.com\/index.php?rest_route=%2Fwp%2Fv2%2Fbreed&post=1255"},{"taxonomy":"pet-color","embeddable":true,"href":"https:\/\/protectoraberga.com\/index.php?rest_route=%2Fwp%2Fv2%2Fpet-color&post=1255"}],"curies":[{"name":"wp","href":"https:\/\/api.w.org\/{rel}","templated":true}]}}

<p>Gos mascle. Data de naixement: 15 &#8211; 1 &#8211; 2023. Alçada: 58cm. </p>



<p>És un bon gos, afectuós, però una mica temorós al principi (necessita unes quantes passejades per a confiar amb els humans). </p>



<p>Surt bé amb corretja i és obedient. A la gàbia està molt nerviós, no li agrada estar tancat. </p>



<figure class="wp-block-gallery has-nested-images columns-default is-cropped wp-block-gallery-1 is-layout-flex wp-block-gallery-is-layout-flex">
<figure class="wp-block-image size-large"><img loading="lazy" decoding="async" width="1024" height="970" data-id="1257" src="https://protectoraberga.com/wp-content/uploads/2025/11/IMG-20251102-WA0082-1024x970.jpg" alt="" class="wp-image-1257" srcset="https://protectoraberga.com/wp-content/uploads/2025/11/IMG-20251102-WA0082-1024x970.jpg 1024w, https://protectoraberga.com/wp-content/uploads/2025/11/IMG-20251102-WA0082-300x284.jpg 300w, https://protectoraberga.com/wp-content/uploads/2025/11/IMG-20251102-WA0082-768x727.jpg 768w, https://protectoraberga.com/wp-content/uploads/2025/11/IMG-20251102-WA0082-676x640.jpg 676w, https://protectoraberga.com/wp-content/uploads/2025/11/IMG-20251102-WA0082-360x341.jpg 360w, https://protectoraberga.com/wp-content/uploads/2025/11/IMG-20251102-WA0082.jpg 1091w" sizes="auto, (max-width: 1024px) 100vw, 1024px" /></figure>



<figure class="wp-block-image size-large"><img loading="lazy" decoding="async" width="621" height="972" data-id="1256" src="https://protectoraberga.com/wp-content/uploads/2025/11/IMG-20251102-WA0083.jpg" alt="" class="wp-image-1256" srcset="https://protectoraberga.com/wp-content/uploads/2025/11/IMG-20251102-WA0083.jpg 621w, https://protectoraberga.com/wp-content/uploads/2025/11/IMG-20251102-WA0083-192x300.jpg 192w, https://protectoraberga.com/wp-content/uploads/2025/11/IMG-20251102-WA0083-360x563.jpg 360w" sizes="auto, (max-width: 621px) 100vw, 621px" /></figure>



<figure class="wp-block-image size-large"><img loading="lazy" decoding="async" width="461" height="1024" data-id="1258" src="https://protectoraberga.com/wp-content/uploads/2025/11/IMG-20251102-WA0084-461x1024.jpg" alt="" class="wp-image-1258" srcset="https://protectoraberga.com/wp-content/uploads/2025/11/IMG-20251102-WA0084-461x1024.jpg 461w, https://protectoraberga.com/wp-content/uploads/2025/11/IMG-20251102-WA0084-135x300.jpg 135w, https://protectoraberga.com/wp-content/uploads/2025/11/IMG-20251102-WA0084-691x1536.jpg 691w, https://protectoraberga.com/wp-content/uploads/2025/11/IMG-20251102-WA0084-676x1502.jpg 676w, https://protectoraberga.com/wp-content/uploads/2025/11/IMG-20251102-WA0084-360x800.jpg 360w, https://protectoraberga.com/wp-content/uploads/2025/11/IMG-20251102-WA0084.jpg 720w" sizes="auto, (max-width: 461px) 100vw, 461px" /></figure>
</figure>



<figure class="wp-block-image size-large"><img loading="lazy" decoding="async" width="461" height="1024" src="https://protectoraberga.com/wp-content/uploads/2025/11/IMG-20251102-WA0089-461x1024.jpg" alt="" class="wp-image-1259" srcset="https://protectoraberga.com/wp-content/uploads/2025/11/IMG-20251102-WA0089-461x1024.jpg 461w, https://protectoraberga.com/wp-content/uploads/2025/11/IMG-20251102-WA0089-135x300.jpg 135w, https://protectoraberga.com/wp-content/uploads/2025/11/IMG-20251102-WA0089-691x1536.jpg 691w, https://protectoraberga.com/wp-content/uploads/2025/11/IMG-20251102-WA0089-676x1502.jpg 676w, https://protectoraberga.com/wp-content/uploads/2025/11/IMG-20251102-WA0089-360x800.jpg 360w, https://protectoraberga.com/wp-content/uploads/2025/11/IMG-20251102-WA0089.jpg 720w" sizes="auto, (max-width: 461px) 100vw, 461px" /></figure>

<p>Gos mascle. Data de naixement: 15 &#8211; 1 &#8211; 2023. Alçada: 58cm. És un bon gos, afectuós, però una mica temorós al principi (necessita unes quantes passejades per a confiar amb els humans). Surt bé amb corretja i és obedient. A la gàbia està molt nerviós, no li agrada estar tancat.</p>
