{"id":1260,"date":"2025-11-03T20:57:57","date_gmt":"2025-11-03T20:57:57","guid":{"rendered":"https:\/\/protectoraberga.com\/?post_type=pets&#038;p=1260"},"modified":"2025-12-16T11:54:58","modified_gmt":"2025-12-16T11:54:58","slug":"bruna","status":"publish","type":"pets","link":"https:\/\/protectoraberga.com\/?pets=bruna","title":{"rendered":"BRUNA"},"content":{"rendered":"\n<p>Gos femella. Data de naixement, aproximada: 3 &#8211; 3 &#8211; 2023. Al\u00e7ada: 53cm. <\/p>\n\n\n\n<p>\u00c9s una gossa molt afectuosa i activa, li agrada jugar, c\u00f3rrer i passejar. <\/p>\n\n\n\n<p>Surt b\u00e9 amb corretja i \u00e9s obedient. S&#8217;ent\u00e9n amb mascles i femelles i creiem que pot conviure amb qualsevol tipus de fam\u00edlia, per\u00f2 aix\u00f2 s\u00ed, que sigui activa. <\/p>\n\n\n\n<p>Abstenir-se les persones que tinguin gats. <\/p>\n\n\n\n<figure class=\"wp-block-gallery has-nested-images columns-default is-cropped wp-block-gallery-1 is-layout-flex wp-block-gallery-is-layout-flex\">\n<figure class=\"wp-block-image size-large\"><img loading=\"lazy\" decoding=\"async\" width=\"768\" height=\"1024\" data-id=\"1264\" src=\"https:\/\/protectoraberga.com\/wp-content\/uploads\/2025\/11\/IMG-20251102-WA0037-768x1024.jpg\" alt=\"\" class=\"wp-image-1264\" srcset=\"https:\/\/protectoraberga.com\/wp-content\/uploads\/2025\/11\/IMG-20251102-WA0037-768x1024.jpg 768w, https:\/\/protectoraberga.com\/wp-content\/uploads\/2025\/11\/IMG-20251102-WA0037-225x300.jpg 225w, https:\/\/protectoraberga.com\/wp-content\/uploads\/2025\/11\/IMG-20251102-WA0037-1152x1536.jpg 1152w, https:\/\/protectoraberga.com\/wp-content\/uploads\/2025\/11\/IMG-20251102-WA0037-676x901.jpg 676w, https:\/\/protectoraberga.com\/wp-content\/uploads\/2025\/11\/IMG-20251102-WA0037-360x480.jpg 360w, https:\/\/protectoraberga.com\/wp-content\/uploads\/2025\/11\/IMG-20251102-WA0037.jpg 1536w\" sizes=\"auto, (max-width: 768px) 100vw, 768px\" \/><\/figure>\n\n\n\n<figure class=\"wp-block-image size-large\"><img loading=\"lazy\" decoding=\"async\" width=\"461\" height=\"1024\" data-id=\"1262\" src=\"https:\/\/protectoraberga.com\/wp-content\/uploads\/2025\/11\/IMG-20251102-WA0041-461x1024.jpg\" alt=\"\" class=\"wp-image-1262\" srcset=\"https:\/\/protectoraberga.com\/wp-content\/uploads\/2025\/11\/IMG-20251102-WA0041-461x1024.jpg 461w, https:\/\/protectoraberga.com\/wp-content\/uploads\/2025\/11\/IMG-20251102-WA0041-135x300.jpg 135w, https:\/\/protectoraberga.com\/wp-content\/uploads\/2025\/11\/IMG-20251102-WA0041-768x1708.jpg 768w, https:\/\/protectoraberga.com\/wp-content\/uploads\/2025\/11\/IMG-20251102-WA0041-691x1536.jpg 691w, https:\/\/protectoraberga.com\/wp-content\/uploads\/2025\/11\/IMG-20251102-WA0041-676x1503.jpg 676w, https:\/\/protectoraberga.com\/wp-content\/uploads\/2025\/11\/IMG-20251102-WA0041-360x801.jpg 360w, https:\/\/protectoraberga.com\/wp-content\/uploads\/2025\/11\/IMG-20251102-WA0041.jpg 921w\" sizes=\"auto, (max-width: 461px) 100vw, 461px\" \/><\/figure>\n\n\n\n<figure class=\"wp-block-image size-large\"><img loading=\"lazy\" decoding=\"async\" width=\"768\" height=\"1024\" data-id=\"1261\" src=\"https:\/\/protectoraberga.com\/wp-content\/uploads\/2025\/11\/IMG-20251102-WA0043-768x1024.jpg\" alt=\"\" class=\"wp-image-1261\" srcset=\"https:\/\/protectoraberga.com\/wp-content\/uploads\/2025\/11\/IMG-20251102-WA0043-768x1024.jpg 768w, https:\/\/protectoraberga.com\/wp-content\/uploads\/2025\/11\/IMG-20251102-WA0043-225x300.jpg 225w, https:\/\/protectoraberga.com\/wp-content\/uploads\/2025\/11\/IMG-20251102-WA0043-1152x1536.jpg 1152w, https:\/\/protectoraberga.com\/wp-content\/uploads\/2025\/11\/IMG-20251102-WA0043-676x901.jpg 676w, https:\/\/protectoraberga.com\/wp-content\/uploads\/2025\/11\/IMG-20251102-WA0043-360x480.jpg 360w, https:\/\/protectoraberga.com\/wp-content\/uploads\/2025\/11\/IMG-20251102-WA0043.jpg 1536w\" sizes=\"auto, (max-width: 768px) 100vw, 768px\" \/><\/figure>\n\n\n\n<figure class=\"wp-block-image size-large\"><img loading=\"lazy\" decoding=\"async\" width=\"461\" height=\"1024\" data-id=\"1263\" src=\"https:\/\/protectoraberga.com\/wp-content\/uploads\/2025\/11\/IMG-20251102-WA0046-461x1024.jpg\" alt=\"\" class=\"wp-image-1263\" srcset=\"https:\/\/protectoraberga.com\/wp-content\/uploads\/2025\/11\/IMG-20251102-WA0046-461x1024.jpg 461w, https:\/\/protectoraberga.com\/wp-content\/uploads\/2025\/11\/IMG-20251102-WA0046-135x300.jpg 135w, https:\/\/protectoraberga.com\/wp-content\/uploads\/2025\/11\/IMG-20251102-WA0046-768x1708.jpg 768w, https:\/\/protectoraberga.com\/wp-content\/uploads\/2025\/11\/IMG-20251102-WA0046-691x1536.jpg 691w, https:\/\/protectoraberga.com\/wp-content\/uploads\/2025\/11\/IMG-20251102-WA0046-676x1503.jpg 676w, https:\/\/protectoraberga.com\/wp-content\/uploads\/2025\/11\/IMG-20251102-WA0046-360x801.jpg 360w, https:\/\/protectoraberga.com\/wp-content\/uploads\/2025\/11\/IMG-20251102-WA0046.jpg 921w\" sizes=\"auto, (max-width: 461px) 100vw, 461px\" \/><\/figure>\n<\/figure>\n","protected":false},"excerpt":{"rendered":"<p>Gos femella. Data de naixement, aproximada: 3 &#8211; 3 &#8211; 2023. Al\u00e7ada: 53cm. \u00c9s una gossa molt afectuosa i activa, li agrada jugar, c\u00f3rrer i passejar. Surt b\u00e9 amb corretja i \u00e9s obedient. S&#8217;ent\u00e9n amb mascles i femelles i creiem que pot conviure amb qualsevol tipus de fam\u00edlia, per\u00f2 aix\u00f2 s\u00ed, que sigui activa. Abstenir-se [&hellip;]<\/p>\n","protected":false},"featured_media":0,"template":"","meta":{"ngg_post_thumbnail":0},"breed":[7],"pet-color":[],"class_list":["post-1260","pets","type-pets","status-publish","hentry","breed-adoptats","post-preview"],"_links":{"self":[{"href":"https:\/\/protectoraberga.com\/index.php?rest_route=\/wp\/v2\/pets\/1260","targetHints":{"allow":["GET"]}}],"collection":[{"href":"https:\/\/protectoraberga.com\/index.php?rest_route=\/wp\/v2\/pets"}],"about":[{"href":"https:\/\/protectoraberga.com\/index.php?rest_route=\/wp\/v2\/types\/pets"}],"wp:attachment":[{"href":"https:\/\/protectoraberga.com\/index.php?rest_route=%2Fwp%2Fv2%2Fmedia&parent=1260"}],"wp:term":[{"taxonomy":"breed","embeddable":true,"href":"https:\/\/protectoraberga.com\/index.php?rest_route=%2Fwp%2Fv2%2Fbreed&post=1260"},{"taxonomy":"pet-color","embeddable":true,"href":"https:\/\/protectoraberga.com\/index.php?rest_route=%2Fwp%2Fv2%2Fpet-color&post=1260"}],"curies":[{"name":"wp","href":"https:\/\/api.w.org\/{rel}","templated":true}]}}

<p>Gos femella. Data de naixement, aproximada: 3 &#8211; 3 &#8211; 2023. Alçada: 53cm. </p>



<p>És una gossa molt afectuosa i activa, li agrada jugar, córrer i passejar. </p>



<p>Surt bé amb corretja i és obedient. S&#8217;entén amb mascles i femelles i creiem que pot conviure amb qualsevol tipus de família, però això sí, que sigui activa. </p>



<p>Abstenir-se les persones que tinguin gats. </p>



<figure class="wp-block-gallery has-nested-images columns-default is-cropped wp-block-gallery-1 is-layout-flex wp-block-gallery-is-layout-flex">
<figure class="wp-block-image size-large"><img loading="lazy" decoding="async" width="768" height="1024" data-id="1264" src="https://protectoraberga.com/wp-content/uploads/2025/11/IMG-20251102-WA0037-768x1024.jpg" alt="" class="wp-image-1264" srcset="https://protectoraberga.com/wp-content/uploads/2025/11/IMG-20251102-WA0037-768x1024.jpg 768w, https://protectoraberga.com/wp-content/uploads/2025/11/IMG-20251102-WA0037-225x300.jpg 225w, https://protectoraberga.com/wp-content/uploads/2025/11/IMG-20251102-WA0037-1152x1536.jpg 1152w, https://protectoraberga.com/wp-content/uploads/2025/11/IMG-20251102-WA0037-676x901.jpg 676w, https://protectoraberga.com/wp-content/uploads/2025/11/IMG-20251102-WA0037-360x480.jpg 360w, https://protectoraberga.com/wp-content/uploads/2025/11/IMG-20251102-WA0037.jpg 1536w" sizes="auto, (max-width: 768px) 100vw, 768px" /></figure>



<figure class="wp-block-image size-large"><img loading="lazy" decoding="async" width="461" height="1024" data-id="1262" src="https://protectoraberga.com/wp-content/uploads/2025/11/IMG-20251102-WA0041-461x1024.jpg" alt="" class="wp-image-1262" srcset="https://protectoraberga.com/wp-content/uploads/2025/11/IMG-20251102-WA0041-461x1024.jpg 461w, https://protectoraberga.com/wp-content/uploads/2025/11/IMG-20251102-WA0041-135x300.jpg 135w, https://protectoraberga.com/wp-content/uploads/2025/11/IMG-20251102-WA0041-768x1708.jpg 768w, https://protectoraberga.com/wp-content/uploads/2025/11/IMG-20251102-WA0041-691x1536.jpg 691w, https://protectoraberga.com/wp-content/uploads/2025/11/IMG-20251102-WA0041-676x1503.jpg 676w, https://protectoraberga.com/wp-content/uploads/2025/11/IMG-20251102-WA0041-360x801.jpg 360w, https://protectoraberga.com/wp-content/uploads/2025/11/IMG-20251102-WA0041.jpg 921w" sizes="auto, (max-width: 461px) 100vw, 461px" /></figure>



<figure class="wp-block-image size-large"><img loading="lazy" decoding="async" width="768" height="1024" data-id="1261" src="https://protectoraberga.com/wp-content/uploads/2025/11/IMG-20251102-WA0043-768x1024.jpg" alt="" class="wp-image-1261" srcset="https://protectoraberga.com/wp-content/uploads/2025/11/IMG-20251102-WA0043-768x1024.jpg 768w, https://protectoraberga.com/wp-content/uploads/2025/11/IMG-20251102-WA0043-225x300.jpg 225w, https://protectoraberga.com/wp-content/uploads/2025/11/IMG-20251102-WA0043-1152x1536.jpg 1152w, https://protectoraberga.com/wp-content/uploads/2025/11/IMG-20251102-WA0043-676x901.jpg 676w, https://protectoraberga.com/wp-content/uploads/2025/11/IMG-20251102-WA0043-360x480.jpg 360w, https://protectoraberga.com/wp-content/uploads/2025/11/IMG-20251102-WA0043.jpg 1536w" sizes="auto, (max-width: 768px) 100vw, 768px" /></figure>



<figure class="wp-block-image size-large"><img loading="lazy" decoding="async" width="461" height="1024" data-id="1263" src="https://protectoraberga.com/wp-content/uploads/2025/11/IMG-20251102-WA0046-461x1024.jpg" alt="" class="wp-image-1263" srcset="https://protectoraberga.com/wp-content/uploads/2025/11/IMG-20251102-WA0046-461x1024.jpg 461w, https://protectoraberga.com/wp-content/uploads/2025/11/IMG-20251102-WA0046-135x300.jpg 135w, https://protectoraberga.com/wp-content/uploads/2025/11/IMG-20251102-WA0046-768x1708.jpg 768w, https://protectoraberga.com/wp-content/uploads/2025/11/IMG-20251102-WA0046-691x1536.jpg 691w, https://protectoraberga.com/wp-content/uploads/2025/11/IMG-20251102-WA0046-676x1503.jpg 676w, https://protectoraberga.com/wp-content/uploads/2025/11/IMG-20251102-WA0046-360x801.jpg 360w, https://protectoraberga.com/wp-content/uploads/2025/11/IMG-20251102-WA0046.jpg 921w" sizes="auto, (max-width: 461px) 100vw, 461px" /></figure>
</figure>

<p>Gos femella. Data de naixement, aproximada: 3 &#8211; 3 &#8211; 2023. Alçada: 53cm. És una gossa molt afectuosa i activa, li agrada jugar, córrer i passejar. Surt bé amb corretja i és obedient. S&#8217;entén amb mascles i femelles i creiem que pot conviure amb qualsevol tipus de família, però això sí, que sigui activa. Abstenir-se [&hellip;]</p>
