{"id":1273,"date":"2025-11-16T19:03:59","date_gmt":"2025-11-16T19:03:59","guid":{"rendered":"https:\/\/protectoraberga.com\/?post_type=pets&#038;p=1273"},"modified":"2025-11-16T19:04:11","modified_gmt":"2025-11-16T19:04:11","slug":"xirla","status":"publish","type":"pets","link":"https:\/\/protectoraberga.com\/?pets=xirla","title":{"rendered":"XIRLA"},"content":{"rendered":"\n<p>Gat femella. Data de naixement, aproximada: 2 &#8211; 3 &#8211; 2022.<\/p>\n\n\n\n<p>Va ser recollida a Guardiola de Bergued\u00e0.<\/p>\n\n\n\n<p>Ser\u00e0 complicat trobar una casa adoptiva per a ella, tot i que no defallim.<\/p>\n\n\n\n<p>T\u00e9 un car\u00e0cter temor\u00f3s i va arribar amb un ull perdut. Vam intentar salvar-lo, per\u00f2 no va ser possible.<\/p>\n\n\n\n<p>Tamb\u00e9 pateix gingivitis i aix\u00f2 comporta visites veterin\u00e0ries sovint.<\/p>\n\n\n\n<p>\u00c9s un cas complicat, per\u00f2 no perdem l&#8217;esperan\u00e7a.<\/p>\n\n\n\n<figure class=\"wp-block-gallery has-nested-images columns-default is-cropped wp-block-gallery-1 is-layout-flex wp-block-gallery-is-layout-flex\">\n<figure class=\"wp-block-image size-large\"><img loading=\"lazy\" decoding=\"async\" width=\"845\" height=\"1024\" data-id=\"1275\" src=\"https:\/\/protectoraberga.com\/wp-content\/uploads\/2025\/11\/1000102883-845x1024.jpg\" alt=\"\" class=\"wp-image-1275\" srcset=\"https:\/\/protectoraberga.com\/wp-content\/uploads\/2025\/11\/1000102883-845x1024.jpg 845w, https:\/\/protectoraberga.com\/wp-content\/uploads\/2025\/11\/1000102883-248x300.jpg 248w, https:\/\/protectoraberga.com\/wp-content\/uploads\/2025\/11\/1000102883-768x930.jpg 768w, https:\/\/protectoraberga.com\/wp-content\/uploads\/2025\/11\/1000102883-1268x1536.jpg 1268w, https:\/\/protectoraberga.com\/wp-content\/uploads\/2025\/11\/1000102883-676x819.jpg 676w, https:\/\/protectoraberga.com\/wp-content\/uploads\/2025\/11\/1000102883-360x436.jpg 360w, https:\/\/protectoraberga.com\/wp-content\/uploads\/2025\/11\/1000102883.jpg 1321w\" sizes=\"auto, (max-width: 845px) 100vw, 845px\" \/><\/figure>\n\n\n\n<figure class=\"wp-block-image size-large\"><img loading=\"lazy\" decoding=\"async\" width=\"920\" height=\"1024\" data-id=\"1274\" src=\"https:\/\/protectoraberga.com\/wp-content\/uploads\/2025\/11\/1000102884-920x1024.jpg\" alt=\"\" class=\"wp-image-1274\" srcset=\"https:\/\/protectoraberga.com\/wp-content\/uploads\/2025\/11\/1000102884-920x1024.jpg 920w, https:\/\/protectoraberga.com\/wp-content\/uploads\/2025\/11\/1000102884-269x300.jpg 269w, https:\/\/protectoraberga.com\/wp-content\/uploads\/2025\/11\/1000102884-768x855.jpg 768w, https:\/\/protectoraberga.com\/wp-content\/uploads\/2025\/11\/1000102884-1380x1536.jpg 1380w, https:\/\/protectoraberga.com\/wp-content\/uploads\/2025\/11\/1000102884-676x753.jpg 676w, https:\/\/protectoraberga.com\/wp-content\/uploads\/2025\/11\/1000102884-360x401.jpg 360w, https:\/\/protectoraberga.com\/wp-content\/uploads\/2025\/11\/1000102884.jpg 1437w\" sizes=\"auto, (max-width: 920px) 100vw, 920px\" \/><\/figure>\n\n\n\n<figure class=\"wp-block-image size-large\"><img loading=\"lazy\" decoding=\"async\" width=\"780\" height=\"1024\" data-id=\"1276\" src=\"https:\/\/protectoraberga.com\/wp-content\/uploads\/2025\/11\/1000102885-780x1024.jpg\" alt=\"\" class=\"wp-image-1276\" srcset=\"https:\/\/protectoraberga.com\/wp-content\/uploads\/2025\/11\/1000102885-780x1024.jpg 780w, https:\/\/protectoraberga.com\/wp-content\/uploads\/2025\/11\/1000102885-229x300.jpg 229w, https:\/\/protectoraberga.com\/wp-content\/uploads\/2025\/11\/1000102885-768x1008.jpg 768w, https:\/\/protectoraberga.com\/wp-content\/uploads\/2025\/11\/1000102885-1170x1536.jpg 1170w, https:\/\/protectoraberga.com\/wp-content\/uploads\/2025\/11\/1000102885-676x887.jpg 676w, https:\/\/protectoraberga.com\/wp-content\/uploads\/2025\/11\/1000102885-360x473.jpg 360w, https:\/\/protectoraberga.com\/wp-content\/uploads\/2025\/11\/1000102885.jpg 1219w\" sizes=\"auto, (max-width: 780px) 100vw, 780px\" \/><\/figure>\n\n\n\n<figure class=\"wp-block-image size-large\"><img loading=\"lazy\" decoding=\"async\" width=\"1019\" height=\"1024\" data-id=\"1277\" src=\"https:\/\/protectoraberga.com\/wp-content\/uploads\/2025\/11\/1000102886-1019x1024.jpg\" alt=\"\" class=\"wp-image-1277\" srcset=\"https:\/\/protectoraberga.com\/wp-content\/uploads\/2025\/11\/1000102886-1019x1024.jpg 1019w, https:\/\/protectoraberga.com\/wp-content\/uploads\/2025\/11\/1000102886-300x300.jpg 300w, https:\/\/protectoraberga.com\/wp-content\/uploads\/2025\/11\/1000102886-150x150.jpg 150w, https:\/\/protectoraberga.com\/wp-content\/uploads\/2025\/11\/1000102886-768x772.jpg 768w, https:\/\/protectoraberga.com\/wp-content\/uploads\/2025\/11\/1000102886-1529x1536.jpg 1529w, https:\/\/protectoraberga.com\/wp-content\/uploads\/2025\/11\/1000102886-676x679.jpg 676w, https:\/\/protectoraberga.com\/wp-content\/uploads\/2025\/11\/1000102886-360x362.jpg 360w, https:\/\/protectoraberga.com\/wp-content\/uploads\/2025\/11\/1000102886.jpg 1536w\" sizes=\"auto, (max-width: 1019px) 100vw, 1019px\" \/><\/figure>\n<\/figure>\n","protected":false},"excerpt":{"rendered":"<p>Gat femella. Data de naixement, aproximada: 2 &#8211; 3 &#8211; 2022. Va ser recollida a Guardiola de Bergued\u00e0. Ser\u00e0 complicat trobar una casa adoptiva per a ella, tot i que no defallim. T\u00e9 un car\u00e0cter temor\u00f3s i va arribar amb un ull perdut. Vam intentar salvar-lo, per\u00f2 no va ser possible. Tamb\u00e9 pateix gingivitis i [&hellip;]<\/p>\n","protected":false},"featured_media":0,"template":"","meta":{"ngg_post_thumbnail":0},"breed":[6],"pet-color":[],"class_list":["post-1273","pets","type-pets","status-publish","hentry","breed-gat","post-preview"],"_links":{"self":[{"href":"https:\/\/protectoraberga.com\/index.php?rest_route=\/wp\/v2\/pets\/1273","targetHints":{"allow":["GET"]}}],"collection":[{"href":"https:\/\/protectoraberga.com\/index.php?rest_route=\/wp\/v2\/pets"}],"about":[{"href":"https:\/\/protectoraberga.com\/index.php?rest_route=\/wp\/v2\/types\/pets"}],"wp:attachment":[{"href":"https:\/\/protectoraberga.com\/index.php?rest_route=%2Fwp%2Fv2%2Fmedia&parent=1273"}],"wp:term":[{"taxonomy":"breed","embeddable":true,"href":"https:\/\/protectoraberga.com\/index.php?rest_route=%2Fwp%2Fv2%2Fbreed&post=1273"},{"taxonomy":"pet-color","embeddable":true,"href":"https:\/\/protectoraberga.com\/index.php?rest_route=%2Fwp%2Fv2%2Fpet-color&post=1273"}],"curies":[{"name":"wp","href":"https:\/\/api.w.org\/{rel}","templated":true}]}}

<p>Gat femella. Data de naixement, aproximada: 2 &#8211; 3 &#8211; 2022.</p>



<p>Va ser recollida a Guardiola de Berguedà.</p>



<p>Serà complicat trobar una casa adoptiva per a ella, tot i que no defallim.</p>



<p>Té un caràcter temorós i va arribar amb un ull perdut. Vam intentar salvar-lo, però no va ser possible.</p>



<p>També pateix gingivitis i això comporta visites veterinàries sovint.</p>



<p>És un cas complicat, però no perdem l&#8217;esperança.</p>



<figure class="wp-block-gallery has-nested-images columns-default is-cropped wp-block-gallery-1 is-layout-flex wp-block-gallery-is-layout-flex">
<figure class="wp-block-image size-large"><img loading="lazy" decoding="async" width="845" height="1024" data-id="1275" src="https://protectoraberga.com/wp-content/uploads/2025/11/1000102883-845x1024.jpg" alt="" class="wp-image-1275" srcset="https://protectoraberga.com/wp-content/uploads/2025/11/1000102883-845x1024.jpg 845w, https://protectoraberga.com/wp-content/uploads/2025/11/1000102883-248x300.jpg 248w, https://protectoraberga.com/wp-content/uploads/2025/11/1000102883-768x930.jpg 768w, https://protectoraberga.com/wp-content/uploads/2025/11/1000102883-1268x1536.jpg 1268w, https://protectoraberga.com/wp-content/uploads/2025/11/1000102883-676x819.jpg 676w, https://protectoraberga.com/wp-content/uploads/2025/11/1000102883-360x436.jpg 360w, https://protectoraberga.com/wp-content/uploads/2025/11/1000102883.jpg 1321w" sizes="auto, (max-width: 845px) 100vw, 845px" /></figure>



<figure class="wp-block-image size-large"><img loading="lazy" decoding="async" width="920" height="1024" data-id="1274" src="https://protectoraberga.com/wp-content/uploads/2025/11/1000102884-920x1024.jpg" alt="" class="wp-image-1274" srcset="https://protectoraberga.com/wp-content/uploads/2025/11/1000102884-920x1024.jpg 920w, https://protectoraberga.com/wp-content/uploads/2025/11/1000102884-269x300.jpg 269w, https://protectoraberga.com/wp-content/uploads/2025/11/1000102884-768x855.jpg 768w, https://protectoraberga.com/wp-content/uploads/2025/11/1000102884-1380x1536.jpg 1380w, https://protectoraberga.com/wp-content/uploads/2025/11/1000102884-676x753.jpg 676w, https://protectoraberga.com/wp-content/uploads/2025/11/1000102884-360x401.jpg 360w, https://protectoraberga.com/wp-content/uploads/2025/11/1000102884.jpg 1437w" sizes="auto, (max-width: 920px) 100vw, 920px" /></figure>



<figure class="wp-block-image size-large"><img loading="lazy" decoding="async" width="780" height="1024" data-id="1276" src="https://protectoraberga.com/wp-content/uploads/2025/11/1000102885-780x1024.jpg" alt="" class="wp-image-1276" srcset="https://protectoraberga.com/wp-content/uploads/2025/11/1000102885-780x1024.jpg 780w, https://protectoraberga.com/wp-content/uploads/2025/11/1000102885-229x300.jpg 229w, https://protectoraberga.com/wp-content/uploads/2025/11/1000102885-768x1008.jpg 768w, https://protectoraberga.com/wp-content/uploads/2025/11/1000102885-1170x1536.jpg 1170w, https://protectoraberga.com/wp-content/uploads/2025/11/1000102885-676x887.jpg 676w, https://protectoraberga.com/wp-content/uploads/2025/11/1000102885-360x473.jpg 360w, https://protectoraberga.com/wp-content/uploads/2025/11/1000102885.jpg 1219w" sizes="auto, (max-width: 780px) 100vw, 780px" /></figure>



<figure class="wp-block-image size-large"><img loading="lazy" decoding="async" width="1019" height="1024" data-id="1277" src="https://protectoraberga.com/wp-content/uploads/2025/11/1000102886-1019x1024.jpg" alt="" class="wp-image-1277" srcset="https://protectoraberga.com/wp-content/uploads/2025/11/1000102886-1019x1024.jpg 1019w, https://protectoraberga.com/wp-content/uploads/2025/11/1000102886-300x300.jpg 300w, https://protectoraberga.com/wp-content/uploads/2025/11/1000102886-150x150.jpg 150w, https://protectoraberga.com/wp-content/uploads/2025/11/1000102886-768x772.jpg 768w, https://protectoraberga.com/wp-content/uploads/2025/11/1000102886-1529x1536.jpg 1529w, https://protectoraberga.com/wp-content/uploads/2025/11/1000102886-676x679.jpg 676w, https://protectoraberga.com/wp-content/uploads/2025/11/1000102886-360x362.jpg 360w, https://protectoraberga.com/wp-content/uploads/2025/11/1000102886.jpg 1536w" sizes="auto, (max-width: 1019px) 100vw, 1019px" /></figure>
</figure>

<p>Gat femella. Data de naixement, aproximada: 2 &#8211; 3 &#8211; 2022. Va ser recollida a Guardiola de Berguedà. Serà complicat trobar una casa adoptiva per a ella, tot i que no defallim. Té un caràcter temorós i va arribar amb un ull perdut. Vam intentar salvar-lo, però no va ser possible. També pateix gingivitis i [&hellip;]</p>
