{"id":1281,"date":"2026-02-08T13:49:12","date_gmt":"2026-02-08T13:49:12","guid":{"rendered":"https:\/\/protectoraberga.com\/?post_type=pets&#038;p=1281"},"modified":"2026-03-03T06:54:04","modified_gmt":"2026-03-03T06:54:04","slug":"daina","status":"publish","type":"pets","link":"https:\/\/protectoraberga.com\/?pets=daina","title":{"rendered":"DAINA"},"content":{"rendered":"\n<p>Gos femella. Data de naixement, aproximada: 6-4-2025. Al\u00e7ada: 50cm. Pes: 23&#8217;5kg.<\/p>\n\n\n\n<p>T\u00e9 bon car\u00e0cter, \u00e9s simp\u00e0tica, obedient, neta a la g\u00e0bia i s&#8217;ent\u00e9n amb mascles i femelles. Li agrada molt estar amb els humans i surt molt b\u00e9 amb corretja.<\/p>\n\n\n\n<p>La seva passi\u00f3 s\u00f3n els jocs amb pilota.<\/p>\n\n\n\n<figure class=\"wp-block-gallery has-nested-images columns-default is-cropped wp-block-gallery-1 is-layout-flex wp-block-gallery-is-layout-flex\">\n<figure class=\"wp-block-image size-large\"><img loading=\"lazy\" decoding=\"async\" width=\"461\" height=\"1024\" data-id=\"1282\" src=\"https:\/\/protectoraberga.com\/wp-content\/uploads\/2026\/02\/IMG-20260207-WA0025-461x1024.jpg\" alt=\"\" class=\"wp-image-1282\" srcset=\"https:\/\/protectoraberga.com\/wp-content\/uploads\/2026\/02\/IMG-20260207-WA0025-461x1024.jpg 461w, https:\/\/protectoraberga.com\/wp-content\/uploads\/2026\/02\/IMG-20260207-WA0025-135x300.jpg 135w, https:\/\/protectoraberga.com\/wp-content\/uploads\/2026\/02\/IMG-20260207-WA0025-768x1708.jpg 768w, https:\/\/protectoraberga.com\/wp-content\/uploads\/2026\/02\/IMG-20260207-WA0025-691x1536.jpg 691w, https:\/\/protectoraberga.com\/wp-content\/uploads\/2026\/02\/IMG-20260207-WA0025-676x1503.jpg 676w, https:\/\/protectoraberga.com\/wp-content\/uploads\/2026\/02\/IMG-20260207-WA0025-360x801.jpg 360w, https:\/\/protectoraberga.com\/wp-content\/uploads\/2026\/02\/IMG-20260207-WA0025.jpg 921w\" sizes=\"auto, (max-width: 461px) 100vw, 461px\" \/><\/figure>\n\n\n\n<figure class=\"wp-block-image size-large\"><img loading=\"lazy\" decoding=\"async\" width=\"461\" height=\"1024\" data-id=\"1283\" src=\"https:\/\/protectoraberga.com\/wp-content\/uploads\/2026\/02\/IMG-20260207-WA0022-461x1024.jpg\" alt=\"\" class=\"wp-image-1283\" srcset=\"https:\/\/protectoraberga.com\/wp-content\/uploads\/2026\/02\/IMG-20260207-WA0022-461x1024.jpg 461w, https:\/\/protectoraberga.com\/wp-content\/uploads\/2026\/02\/IMG-20260207-WA0022-135x300.jpg 135w, https:\/\/protectoraberga.com\/wp-content\/uploads\/2026\/02\/IMG-20260207-WA0022-768x1708.jpg 768w, https:\/\/protectoraberga.com\/wp-content\/uploads\/2026\/02\/IMG-20260207-WA0022-691x1536.jpg 691w, https:\/\/protectoraberga.com\/wp-content\/uploads\/2026\/02\/IMG-20260207-WA0022-676x1503.jpg 676w, https:\/\/protectoraberga.com\/wp-content\/uploads\/2026\/02\/IMG-20260207-WA0022-360x801.jpg 360w, https:\/\/protectoraberga.com\/wp-content\/uploads\/2026\/02\/IMG-20260207-WA0022.jpg 921w\" sizes=\"auto, (max-width: 461px) 100vw, 461px\" \/><\/figure>\n\n\n\n<figure class=\"wp-block-image size-large\"><img loading=\"lazy\" decoding=\"async\" width=\"738\" height=\"1024\" data-id=\"1284\" src=\"https:\/\/protectoraberga.com\/wp-content\/uploads\/2026\/02\/IMG-20260207-WA0027-738x1024.jpg\" alt=\"\" class=\"wp-image-1284\" srcset=\"https:\/\/protectoraberga.com\/wp-content\/uploads\/2026\/02\/IMG-20260207-WA0027-738x1024.jpg 738w, https:\/\/protectoraberga.com\/wp-content\/uploads\/2026\/02\/IMG-20260207-WA0027-216x300.jpg 216w, https:\/\/protectoraberga.com\/wp-content\/uploads\/2026\/02\/IMG-20260207-WA0027-768x1066.jpg 768w, https:\/\/protectoraberga.com\/wp-content\/uploads\/2026\/02\/IMG-20260207-WA0027-1106x1536.jpg 1106w, https:\/\/protectoraberga.com\/wp-content\/uploads\/2026\/02\/IMG-20260207-WA0027-676x939.jpg 676w, https:\/\/protectoraberga.com\/wp-content\/uploads\/2026\/02\/IMG-20260207-WA0027-360x500.jpg 360w, https:\/\/protectoraberga.com\/wp-content\/uploads\/2026\/02\/IMG-20260207-WA0027.jpg 1475w\" sizes=\"auto, (max-width: 738px) 100vw, 738px\" \/><\/figure>\n\n\n\n<figure class=\"wp-block-image size-large\"><img loading=\"lazy\" decoding=\"async\" width=\"461\" height=\"1024\" data-id=\"1285\" src=\"https:\/\/protectoraberga.com\/wp-content\/uploads\/2026\/02\/IMG-20260207-WA0033-461x1024.jpg\" alt=\"\" class=\"wp-image-1285\" srcset=\"https:\/\/protectoraberga.com\/wp-content\/uploads\/2026\/02\/IMG-20260207-WA0033-461x1024.jpg 461w, https:\/\/protectoraberga.com\/wp-content\/uploads\/2026\/02\/IMG-20260207-WA0033-135x300.jpg 135w, https:\/\/protectoraberga.com\/wp-content\/uploads\/2026\/02\/IMG-20260207-WA0033-768x1708.jpg 768w, https:\/\/protectoraberga.com\/wp-content\/uploads\/2026\/02\/IMG-20260207-WA0033-691x1536.jpg 691w, https:\/\/protectoraberga.com\/wp-content\/uploads\/2026\/02\/IMG-20260207-WA0033-676x1503.jpg 676w, https:\/\/protectoraberga.com\/wp-content\/uploads\/2026\/02\/IMG-20260207-WA0033-360x801.jpg 360w, https:\/\/protectoraberga.com\/wp-content\/uploads\/2026\/02\/IMG-20260207-WA0033.jpg 921w\" sizes=\"auto, (max-width: 461px) 100vw, 461px\" \/><\/figure>\n<\/figure>\n\n\n\n<p><\/p>\n","protected":false},"excerpt":{"rendered":"<p>Gos femella. Data de naixement, aproximada: 6-4-2025. Al\u00e7ada: 50cm. Pes: 23&#8217;5kg. T\u00e9 bon car\u00e0cter, \u00e9s simp\u00e0tica, obedient, neta a la g\u00e0bia i s&#8217;ent\u00e9n amb mascles i femelles. Li agrada molt estar amb els humans i surt molt b\u00e9 amb corretja. La seva passi\u00f3 s\u00f3n els jocs amb pilota.<\/p>\n","protected":false},"featured_media":0,"template":"","meta":{"ngg_post_thumbnail":0},"breed":[7],"pet-color":[],"class_list":["post-1281","pets","type-pets","status-publish","hentry","breed-adoptats","post-preview"],"_links":{"self":[{"href":"https:\/\/protectoraberga.com\/index.php?rest_route=\/wp\/v2\/pets\/1281","targetHints":{"allow":["GET"]}}],"collection":[{"href":"https:\/\/protectoraberga.com\/index.php?rest_route=\/wp\/v2\/pets"}],"about":[{"href":"https:\/\/protectoraberga.com\/index.php?rest_route=\/wp\/v2\/types\/pets"}],"wp:attachment":[{"href":"https:\/\/protectoraberga.com\/index.php?rest_route=%2Fwp%2Fv2%2Fmedia&parent=1281"}],"wp:term":[{"taxonomy":"breed","embeddable":true,"href":"https:\/\/protectoraberga.com\/index.php?rest_route=%2Fwp%2Fv2%2Fbreed&post=1281"},{"taxonomy":"pet-color","embeddable":true,"href":"https:\/\/protectoraberga.com\/index.php?rest_route=%2Fwp%2Fv2%2Fpet-color&post=1281"}],"curies":[{"name":"wp","href":"https:\/\/api.w.org\/{rel}","templated":true}]}}

<p>Gos femella. Data de naixement, aproximada: 6-4-2025. Alçada: 50cm. Pes: 23&#8217;5kg.</p>



<p>Té bon caràcter, és simpàtica, obedient, neta a la gàbia i s&#8217;entén amb mascles i femelles. Li agrada molt estar amb els humans i surt molt bé amb corretja.</p>



<p>La seva passió són els jocs amb pilota.</p>



<figure class="wp-block-gallery has-nested-images columns-default is-cropped wp-block-gallery-1 is-layout-flex wp-block-gallery-is-layout-flex">
<figure class="wp-block-image size-large"><img loading="lazy" decoding="async" width="461" height="1024" data-id="1282" src="https://protectoraberga.com/wp-content/uploads/2026/02/IMG-20260207-WA0025-461x1024.jpg" alt="" class="wp-image-1282" srcset="https://protectoraberga.com/wp-content/uploads/2026/02/IMG-20260207-WA0025-461x1024.jpg 461w, https://protectoraberga.com/wp-content/uploads/2026/02/IMG-20260207-WA0025-135x300.jpg 135w, https://protectoraberga.com/wp-content/uploads/2026/02/IMG-20260207-WA0025-768x1708.jpg 768w, https://protectoraberga.com/wp-content/uploads/2026/02/IMG-20260207-WA0025-691x1536.jpg 691w, https://protectoraberga.com/wp-content/uploads/2026/02/IMG-20260207-WA0025-676x1503.jpg 676w, https://protectoraberga.com/wp-content/uploads/2026/02/IMG-20260207-WA0025-360x801.jpg 360w, https://protectoraberga.com/wp-content/uploads/2026/02/IMG-20260207-WA0025.jpg 921w" sizes="auto, (max-width: 461px) 100vw, 461px" /></figure>



<figure class="wp-block-image size-large"><img loading="lazy" decoding="async" width="461" height="1024" data-id="1283" src="https://protectoraberga.com/wp-content/uploads/2026/02/IMG-20260207-WA0022-461x1024.jpg" alt="" class="wp-image-1283" srcset="https://protectoraberga.com/wp-content/uploads/2026/02/IMG-20260207-WA0022-461x1024.jpg 461w, https://protectoraberga.com/wp-content/uploads/2026/02/IMG-20260207-WA0022-135x300.jpg 135w, https://protectoraberga.com/wp-content/uploads/2026/02/IMG-20260207-WA0022-768x1708.jpg 768w, https://protectoraberga.com/wp-content/uploads/2026/02/IMG-20260207-WA0022-691x1536.jpg 691w, https://protectoraberga.com/wp-content/uploads/2026/02/IMG-20260207-WA0022-676x1503.jpg 676w, https://protectoraberga.com/wp-content/uploads/2026/02/IMG-20260207-WA0022-360x801.jpg 360w, https://protectoraberga.com/wp-content/uploads/2026/02/IMG-20260207-WA0022.jpg 921w" sizes="auto, (max-width: 461px) 100vw, 461px" /></figure>



<figure class="wp-block-image size-large"><img loading="lazy" decoding="async" width="738" height="1024" data-id="1284" src="https://protectoraberga.com/wp-content/uploads/2026/02/IMG-20260207-WA0027-738x1024.jpg" alt="" class="wp-image-1284" srcset="https://protectoraberga.com/wp-content/uploads/2026/02/IMG-20260207-WA0027-738x1024.jpg 738w, https://protectoraberga.com/wp-content/uploads/2026/02/IMG-20260207-WA0027-216x300.jpg 216w, https://protectoraberga.com/wp-content/uploads/2026/02/IMG-20260207-WA0027-768x1066.jpg 768w, https://protectoraberga.com/wp-content/uploads/2026/02/IMG-20260207-WA0027-1106x1536.jpg 1106w, https://protectoraberga.com/wp-content/uploads/2026/02/IMG-20260207-WA0027-676x939.jpg 676w, https://protectoraberga.com/wp-content/uploads/2026/02/IMG-20260207-WA0027-360x500.jpg 360w, https://protectoraberga.com/wp-content/uploads/2026/02/IMG-20260207-WA0027.jpg 1475w" sizes="auto, (max-width: 738px) 100vw, 738px" /></figure>



<figure class="wp-block-image size-large"><img loading="lazy" decoding="async" width="461" height="1024" data-id="1285" src="https://protectoraberga.com/wp-content/uploads/2026/02/IMG-20260207-WA0033-461x1024.jpg" alt="" class="wp-image-1285" srcset="https://protectoraberga.com/wp-content/uploads/2026/02/IMG-20260207-WA0033-461x1024.jpg 461w, https://protectoraberga.com/wp-content/uploads/2026/02/IMG-20260207-WA0033-135x300.jpg 135w, https://protectoraberga.com/wp-content/uploads/2026/02/IMG-20260207-WA0033-768x1708.jpg 768w, https://protectoraberga.com/wp-content/uploads/2026/02/IMG-20260207-WA0033-691x1536.jpg 691w, https://protectoraberga.com/wp-content/uploads/2026/02/IMG-20260207-WA0033-676x1503.jpg 676w, https://protectoraberga.com/wp-content/uploads/2026/02/IMG-20260207-WA0033-360x801.jpg 360w, https://protectoraberga.com/wp-content/uploads/2026/02/IMG-20260207-WA0033.jpg 921w" sizes="auto, (max-width: 461px) 100vw, 461px" /></figure>
</figure>



<p></p>

<p>Gos femella. Data de naixement, aproximada: 6-4-2025. Alçada: 50cm. Pes: 23&#8217;5kg. Té bon caràcter, és simpàtica, obedient, neta a la gàbia i s&#8217;entén amb mascles i femelles. Li agrada molt estar amb els humans i surt molt bé amb corretja. La seva passió són els jocs amb pilota.</p>
