{"id":1292,"date":"2026-02-27T14:37:18","date_gmt":"2026-02-27T14:37:18","guid":{"rendered":"https:\/\/protectoraberga.com\/?post_type=pets&#038;p=1292"},"modified":"2026-03-18T08:24:41","modified_gmt":"2026-03-18T08:24:41","slug":"nona","status":"publish","type":"pets","link":"https:\/\/protectoraberga.com\/?pets=nona","title":{"rendered":"NONA"},"content":{"rendered":"\n<p>Gos femella. Data de naixement: 19-1-2019. Pes: 7 kg, aproximadament. Al\u00e7ada: 35 cm.<\/p>\n\n\n\n<p>\u00c9s una gosseta molt bona i afectuosa, surt molt b\u00e9 a passejar amb corretja i s&#8217;ent\u00e9n amb altres gossos, tant mascles com femelles.<\/p>\n\n\n\n<p>Segons ens han comentat, segurament la feien servir per ca\u00e7ar.<\/p>\n\n\n\n<p>Ara li buscarem una fam\u00edlia on pugui trobar l&#8217;escalfor d&#8217;una llar.<\/p>\n\n\n\n<figure class=\"wp-block-gallery has-nested-images columns-default is-cropped wp-block-gallery-1 is-layout-flex wp-block-gallery-is-layout-flex\">\n<figure class=\"wp-block-image size-large\"><img loading=\"lazy\" decoding=\"async\" width=\"630\" height=\"1024\" data-id=\"1293\" src=\"https:\/\/protectoraberga.com\/wp-content\/uploads\/2026\/02\/1000130138-630x1024.jpg\" alt=\"\" class=\"wp-image-1293\" srcset=\"https:\/\/protectoraberga.com\/wp-content\/uploads\/2026\/02\/1000130138-630x1024.jpg 630w, https:\/\/protectoraberga.com\/wp-content\/uploads\/2026\/02\/1000130138-184x300.jpg 184w, https:\/\/protectoraberga.com\/wp-content\/uploads\/2026\/02\/1000130138-768x1249.jpg 768w, https:\/\/protectoraberga.com\/wp-content\/uploads\/2026\/02\/1000130138-944x1536.jpg 944w, https:\/\/protectoraberga.com\/wp-content\/uploads\/2026\/02\/1000130138-676x1100.jpg 676w, https:\/\/protectoraberga.com\/wp-content\/uploads\/2026\/02\/1000130138-360x586.jpg 360w, https:\/\/protectoraberga.com\/wp-content\/uploads\/2026\/02\/1000130138.jpg 1259w\" sizes=\"auto, (max-width: 630px) 100vw, 630px\" \/><\/figure>\n\n\n\n<figure class=\"wp-block-image size-large\"><img loading=\"lazy\" decoding=\"async\" width=\"758\" height=\"1024\" data-id=\"1296\" src=\"https:\/\/protectoraberga.com\/wp-content\/uploads\/2026\/02\/1000130137-758x1024.jpg\" alt=\"\" class=\"wp-image-1296\" srcset=\"https:\/\/protectoraberga.com\/wp-content\/uploads\/2026\/02\/1000130137-758x1024.jpg 758w, https:\/\/protectoraberga.com\/wp-content\/uploads\/2026\/02\/1000130137-222x300.jpg 222w, https:\/\/protectoraberga.com\/wp-content\/uploads\/2026\/02\/1000130137-768x1038.jpg 768w, https:\/\/protectoraberga.com\/wp-content\/uploads\/2026\/02\/1000130137-1136x1536.jpg 1136w, https:\/\/protectoraberga.com\/wp-content\/uploads\/2026\/02\/1000130137-676x914.jpg 676w, https:\/\/protectoraberga.com\/wp-content\/uploads\/2026\/02\/1000130137-360x487.jpg 360w, https:\/\/protectoraberga.com\/wp-content\/uploads\/2026\/02\/1000130137.jpg 1515w\" sizes=\"auto, (max-width: 758px) 100vw, 758px\" \/><\/figure>\n\n\n\n<figure class=\"wp-block-image size-large\"><img loading=\"lazy\" decoding=\"async\" width=\"548\" height=\"1024\" data-id=\"1294\" src=\"https:\/\/protectoraberga.com\/wp-content\/uploads\/2026\/02\/1000130136-548x1024.jpg\" alt=\"\" class=\"wp-image-1294\" srcset=\"https:\/\/protectoraberga.com\/wp-content\/uploads\/2026\/02\/1000130136-548x1024.jpg 548w, https:\/\/protectoraberga.com\/wp-content\/uploads\/2026\/02\/1000130136-160x300.jpg 160w, https:\/\/protectoraberga.com\/wp-content\/uploads\/2026\/02\/1000130136-768x1436.jpg 768w, https:\/\/protectoraberga.com\/wp-content\/uploads\/2026\/02\/1000130136-821x1536.jpg 821w, https:\/\/protectoraberga.com\/wp-content\/uploads\/2026\/02\/1000130136-676x1264.jpg 676w, https:\/\/protectoraberga.com\/wp-content\/uploads\/2026\/02\/1000130136-360x673.jpg 360w, https:\/\/protectoraberga.com\/wp-content\/uploads\/2026\/02\/1000130136.jpg 1095w\" sizes=\"auto, (max-width: 548px) 100vw, 548px\" \/><\/figure>\n\n\n\n<figure class=\"wp-block-image size-large\"><img loading=\"lazy\" decoding=\"async\" width=\"526\" height=\"1024\" data-id=\"1295\" src=\"https:\/\/protectoraberga.com\/wp-content\/uploads\/2026\/02\/1000130135-526x1024.jpg\" alt=\"\" class=\"wp-image-1295\" srcset=\"https:\/\/protectoraberga.com\/wp-content\/uploads\/2026\/02\/1000130135-526x1024.jpg 526w, https:\/\/protectoraberga.com\/wp-content\/uploads\/2026\/02\/1000130135-154x300.jpg 154w, https:\/\/protectoraberga.com\/wp-content\/uploads\/2026\/02\/1000130135-768x1494.jpg 768w, https:\/\/protectoraberga.com\/wp-content\/uploads\/2026\/02\/1000130135-789x1536.jpg 789w, https:\/\/protectoraberga.com\/wp-content\/uploads\/2026\/02\/1000130135-676x1315.jpg 676w, https:\/\/protectoraberga.com\/wp-content\/uploads\/2026\/02\/1000130135-360x700.jpg 360w, https:\/\/protectoraberga.com\/wp-content\/uploads\/2026\/02\/1000130135.jpg 845w\" sizes=\"auto, (max-width: 526px) 100vw, 526px\" \/><\/figure>\n<\/figure>\n","protected":false},"excerpt":{"rendered":"<p>Gos femella. Data de naixement: 19-1-2019. Pes: 7 kg, aproximadament. Al\u00e7ada: 35 cm. \u00c9s una gosseta molt bona i afectuosa, surt molt b\u00e9 a passejar amb corretja i s&#8217;ent\u00e9n amb altres gossos, tant mascles com femelles. Segons ens han comentat, segurament la feien servir per ca\u00e7ar. Ara li buscarem una fam\u00edlia on pugui trobar l&#8217;escalfor [&hellip;]<\/p>\n","protected":false},"featured_media":0,"template":"","meta":{"ngg_post_thumbnail":0},"breed":[7],"pet-color":[],"class_list":["post-1292","pets","type-pets","status-publish","hentry","breed-adoptats","post-preview"],"_links":{"self":[{"href":"https:\/\/protectoraberga.com\/index.php?rest_route=\/wp\/v2\/pets\/1292","targetHints":{"allow":["GET"]}}],"collection":[{"href":"https:\/\/protectoraberga.com\/index.php?rest_route=\/wp\/v2\/pets"}],"about":[{"href":"https:\/\/protectoraberga.com\/index.php?rest_route=\/wp\/v2\/types\/pets"}],"wp:attachment":[{"href":"https:\/\/protectoraberga.com\/index.php?rest_route=%2Fwp%2Fv2%2Fmedia&parent=1292"}],"wp:term":[{"taxonomy":"breed","embeddable":true,"href":"https:\/\/protectoraberga.com\/index.php?rest_route=%2Fwp%2Fv2%2Fbreed&post=1292"},{"taxonomy":"pet-color","embeddable":true,"href":"https:\/\/protectoraberga.com\/index.php?rest_route=%2Fwp%2Fv2%2Fpet-color&post=1292"}],"curies":[{"name":"wp","href":"https:\/\/api.w.org\/{rel}","templated":true}]}}

<p>Gos femella. Data de naixement: 19-1-2019. Pes: 7 kg, aproximadament. Alçada: 35 cm.</p>



<p>És una gosseta molt bona i afectuosa, surt molt bé a passejar amb corretja i s&#8217;entén amb altres gossos, tant mascles com femelles.</p>



<p>Segons ens han comentat, segurament la feien servir per caçar.</p>



<p>Ara li buscarem una família on pugui trobar l&#8217;escalfor d&#8217;una llar.</p>



<figure class="wp-block-gallery has-nested-images columns-default is-cropped wp-block-gallery-1 is-layout-flex wp-block-gallery-is-layout-flex">
<figure class="wp-block-image size-large"><img loading="lazy" decoding="async" width="630" height="1024" data-id="1293" src="https://protectoraberga.com/wp-content/uploads/2026/02/1000130138-630x1024.jpg" alt="" class="wp-image-1293" srcset="https://protectoraberga.com/wp-content/uploads/2026/02/1000130138-630x1024.jpg 630w, https://protectoraberga.com/wp-content/uploads/2026/02/1000130138-184x300.jpg 184w, https://protectoraberga.com/wp-content/uploads/2026/02/1000130138-768x1249.jpg 768w, https://protectoraberga.com/wp-content/uploads/2026/02/1000130138-944x1536.jpg 944w, https://protectoraberga.com/wp-content/uploads/2026/02/1000130138-676x1100.jpg 676w, https://protectoraberga.com/wp-content/uploads/2026/02/1000130138-360x586.jpg 360w, https://protectoraberga.com/wp-content/uploads/2026/02/1000130138.jpg 1259w" sizes="auto, (max-width: 630px) 100vw, 630px" /></figure>



<figure class="wp-block-image size-large"><img loading="lazy" decoding="async" width="758" height="1024" data-id="1296" src="https://protectoraberga.com/wp-content/uploads/2026/02/1000130137-758x1024.jpg" alt="" class="wp-image-1296" srcset="https://protectoraberga.com/wp-content/uploads/2026/02/1000130137-758x1024.jpg 758w, https://protectoraberga.com/wp-content/uploads/2026/02/1000130137-222x300.jpg 222w, https://protectoraberga.com/wp-content/uploads/2026/02/1000130137-768x1038.jpg 768w, https://protectoraberga.com/wp-content/uploads/2026/02/1000130137-1136x1536.jpg 1136w, https://protectoraberga.com/wp-content/uploads/2026/02/1000130137-676x914.jpg 676w, https://protectoraberga.com/wp-content/uploads/2026/02/1000130137-360x487.jpg 360w, https://protectoraberga.com/wp-content/uploads/2026/02/1000130137.jpg 1515w" sizes="auto, (max-width: 758px) 100vw, 758px" /></figure>



<figure class="wp-block-image size-large"><img loading="lazy" decoding="async" width="548" height="1024" data-id="1294" src="https://protectoraberga.com/wp-content/uploads/2026/02/1000130136-548x1024.jpg" alt="" class="wp-image-1294" srcset="https://protectoraberga.com/wp-content/uploads/2026/02/1000130136-548x1024.jpg 548w, https://protectoraberga.com/wp-content/uploads/2026/02/1000130136-160x300.jpg 160w, https://protectoraberga.com/wp-content/uploads/2026/02/1000130136-768x1436.jpg 768w, https://protectoraberga.com/wp-content/uploads/2026/02/1000130136-821x1536.jpg 821w, https://protectoraberga.com/wp-content/uploads/2026/02/1000130136-676x1264.jpg 676w, https://protectoraberga.com/wp-content/uploads/2026/02/1000130136-360x673.jpg 360w, https://protectoraberga.com/wp-content/uploads/2026/02/1000130136.jpg 1095w" sizes="auto, (max-width: 548px) 100vw, 548px" /></figure>



<figure class="wp-block-image size-large"><img loading="lazy" decoding="async" width="526" height="1024" data-id="1295" src="https://protectoraberga.com/wp-content/uploads/2026/02/1000130135-526x1024.jpg" alt="" class="wp-image-1295" srcset="https://protectoraberga.com/wp-content/uploads/2026/02/1000130135-526x1024.jpg 526w, https://protectoraberga.com/wp-content/uploads/2026/02/1000130135-154x300.jpg 154w, https://protectoraberga.com/wp-content/uploads/2026/02/1000130135-768x1494.jpg 768w, https://protectoraberga.com/wp-content/uploads/2026/02/1000130135-789x1536.jpg 789w, https://protectoraberga.com/wp-content/uploads/2026/02/1000130135-676x1315.jpg 676w, https://protectoraberga.com/wp-content/uploads/2026/02/1000130135-360x700.jpg 360w, https://protectoraberga.com/wp-content/uploads/2026/02/1000130135.jpg 845w" sizes="auto, (max-width: 526px) 100vw, 526px" /></figure>
</figure>

<p>Gos femella. Data de naixement: 19-1-2019. Pes: 7 kg, aproximadament. Alçada: 35 cm. És una gosseta molt bona i afectuosa, surt molt bé a passejar amb corretja i s&#8217;entén amb altres gossos, tant mascles com femelles. Segons ens han comentat, segurament la feien servir per caçar. Ara li buscarem una família on pugui trobar l&#8217;escalfor [&hellip;]</p>
