{"id":1300,"date":"2026-03-18T08:24:15","date_gmt":"2026-03-18T08:24:15","guid":{"rendered":"https:\/\/protectoraberga.com\/?post_type=pets&#038;p=1300"},"modified":"2026-03-26T14:31:33","modified_gmt":"2026-03-26T14:31:33","slug":"tomeu","status":"publish","type":"pets","link":"https:\/\/protectoraberga.com\/?pets=tomeu","title":{"rendered":"TOMEU"},"content":{"rendered":"\n<p>Gos mascle. Data de naixement, aproximada: 1-2-2024. Al\u00e7ada: 64cm. Pes: 24kg&nbsp;<\/p>\n\n\n\n<p>Va ser rescatat pels bombers a Puig-Reig, on estava atrapat al costat del riu. Va arribar amb moltes pors i, a poc a poc, ha anat millorant, tot i que encara es mostra temor\u00f3s en situacions que desconeix.<\/p>\n\n\n\n<p>Surt b\u00e9 amb corretja i \u00e9s bo amb els altres gossos.<\/p>\n\n\n\n<p>Creiem que l&#8217;ideal per a ell seria una llar on li poguessin donar la tranquil\u2022litat i l&#8217;estima que tant es mereix.<\/p>\n\n\n\n<figure class=\"wp-block-gallery has-nested-images columns-default is-cropped wp-block-gallery-1 is-layout-flex wp-block-gallery-is-layout-flex\">\n<figure class=\"wp-block-image size-large\"><img loading=\"lazy\" decoding=\"async\" width=\"768\" height=\"1024\" data-id=\"1301\" src=\"https:\/\/protectoraberga.com\/wp-content\/uploads\/2026\/03\/1000134154-768x1024.jpg\" alt=\"\" class=\"wp-image-1301\" srcset=\"https:\/\/protectoraberga.com\/wp-content\/uploads\/2026\/03\/1000134154-768x1024.jpg 768w, https:\/\/protectoraberga.com\/wp-content\/uploads\/2026\/03\/1000134154-225x300.jpg 225w, https:\/\/protectoraberga.com\/wp-content\/uploads\/2026\/03\/1000134154-1152x1536.jpg 1152w, https:\/\/protectoraberga.com\/wp-content\/uploads\/2026\/03\/1000134154-676x901.jpg 676w, https:\/\/protectoraberga.com\/wp-content\/uploads\/2026\/03\/1000134154-360x480.jpg 360w, https:\/\/protectoraberga.com\/wp-content\/uploads\/2026\/03\/1000134154.jpg 1200w\" sizes=\"auto, (max-width: 768px) 100vw, 768px\" \/><\/figure>\n\n\n\n<figure class=\"wp-block-image size-large\"><img loading=\"lazy\" decoding=\"async\" width=\"768\" height=\"1024\" data-id=\"1303\" src=\"https:\/\/protectoraberga.com\/wp-content\/uploads\/2026\/03\/1000134151-768x1024.jpg\" alt=\"\" class=\"wp-image-1303\" srcset=\"https:\/\/protectoraberga.com\/wp-content\/uploads\/2026\/03\/1000134151-768x1024.jpg 768w, https:\/\/protectoraberga.com\/wp-content\/uploads\/2026\/03\/1000134151-225x300.jpg 225w, https:\/\/protectoraberga.com\/wp-content\/uploads\/2026\/03\/1000134151-1152x1536.jpg 1152w, https:\/\/protectoraberga.com\/wp-content\/uploads\/2026\/03\/1000134151-676x901.jpg 676w, https:\/\/protectoraberga.com\/wp-content\/uploads\/2026\/03\/1000134151-360x480.jpg 360w, https:\/\/protectoraberga.com\/wp-content\/uploads\/2026\/03\/1000134151.jpg 1200w\" sizes=\"auto, (max-width: 768px) 100vw, 768px\" \/><\/figure>\n\n\n\n<figure class=\"wp-block-image size-large\"><img loading=\"lazy\" decoding=\"async\" width=\"768\" height=\"1024\" data-id=\"1304\" src=\"https:\/\/protectoraberga.com\/wp-content\/uploads\/2026\/03\/1000134190-768x1024.jpg\" alt=\"\" class=\"wp-image-1304\" srcset=\"https:\/\/protectoraberga.com\/wp-content\/uploads\/2026\/03\/1000134190-768x1024.jpg 768w, https:\/\/protectoraberga.com\/wp-content\/uploads\/2026\/03\/1000134190-225x300.jpg 225w, https:\/\/protectoraberga.com\/wp-content\/uploads\/2026\/03\/1000134190-1152x1536.jpg 1152w, https:\/\/protectoraberga.com\/wp-content\/uploads\/2026\/03\/1000134190-676x901.jpg 676w, https:\/\/protectoraberga.com\/wp-content\/uploads\/2026\/03\/1000134190-360x480.jpg 360w, https:\/\/protectoraberga.com\/wp-content\/uploads\/2026\/03\/1000134190.jpg 1200w\" sizes=\"auto, (max-width: 768px) 100vw, 768px\" \/><\/figure>\n\n\n\n<figure class=\"wp-block-image size-large\"><img loading=\"lazy\" decoding=\"async\" width=\"768\" height=\"1024\" data-id=\"1302\" src=\"https:\/\/protectoraberga.com\/wp-content\/uploads\/2026\/03\/1000134199-768x1024.jpg\" alt=\"\" class=\"wp-image-1302\" srcset=\"https:\/\/protectoraberga.com\/wp-content\/uploads\/2026\/03\/1000134199-768x1024.jpg 768w, https:\/\/protectoraberga.com\/wp-content\/uploads\/2026\/03\/1000134199-225x300.jpg 225w, https:\/\/protectoraberga.com\/wp-content\/uploads\/2026\/03\/1000134199-1152x1536.jpg 1152w, https:\/\/protectoraberga.com\/wp-content\/uploads\/2026\/03\/1000134199-676x901.jpg 676w, https:\/\/protectoraberga.com\/wp-content\/uploads\/2026\/03\/1000134199-360x480.jpg 360w, https:\/\/protectoraberga.com\/wp-content\/uploads\/2026\/03\/1000134199.jpg 1200w\" sizes=\"auto, (max-width: 768px) 100vw, 768px\" \/><\/figure>\n<\/figure>\n","protected":false},"excerpt":{"rendered":"<p>Gos mascle. Data de naixement, aproximada: 1-2-2024. Al\u00e7ada: 64cm. Pes: 24kg&nbsp; Va ser rescatat pels bombers a Puig-Reig, on estava atrapat al costat del riu. Va arribar amb moltes pors i, a poc a poc, ha anat millorant, tot i que encara es mostra temor\u00f3s en situacions que desconeix. Surt b\u00e9 amb corretja i \u00e9s [&hellip;]<\/p>\n","protected":false},"featured_media":0,"template":"","meta":{"ngg_post_thumbnail":0},"breed":[7],"pet-color":[],"class_list":["post-1300","pets","type-pets","status-publish","hentry","breed-adoptats","post-preview"],"_links":{"self":[{"href":"https:\/\/protectoraberga.com\/index.php?rest_route=\/wp\/v2\/pets\/1300","targetHints":{"allow":["GET"]}}],"collection":[{"href":"https:\/\/protectoraberga.com\/index.php?rest_route=\/wp\/v2\/pets"}],"about":[{"href":"https:\/\/protectoraberga.com\/index.php?rest_route=\/wp\/v2\/types\/pets"}],"wp:attachment":[{"href":"https:\/\/protectoraberga.com\/index.php?rest_route=%2Fwp%2Fv2%2Fmedia&parent=1300"}],"wp:term":[{"taxonomy":"breed","embeddable":true,"href":"https:\/\/protectoraberga.com\/index.php?rest_route=%2Fwp%2Fv2%2Fbreed&post=1300"},{"taxonomy":"pet-color","embeddable":true,"href":"https:\/\/protectoraberga.com\/index.php?rest_route=%2Fwp%2Fv2%2Fpet-color&post=1300"}],"curies":[{"name":"wp","href":"https:\/\/api.w.org\/{rel}","templated":true}]}}

<p>Gos mascle. Data de naixement, aproximada: 1-2-2024. Alçada: 64cm. Pes: 24kg&nbsp;</p>



<p>Va ser rescatat pels bombers a Puig-Reig, on estava atrapat al costat del riu. Va arribar amb moltes pors i, a poc a poc, ha anat millorant, tot i que encara es mostra temorós en situacions que desconeix.</p>



<p>Surt bé amb corretja i és bo amb els altres gossos.</p>



<p>Creiem que l&#8217;ideal per a ell seria una llar on li poguessin donar la tranquil•litat i l&#8217;estima que tant es mereix.</p>



<figure class="wp-block-gallery has-nested-images columns-default is-cropped wp-block-gallery-1 is-layout-flex wp-block-gallery-is-layout-flex">
<figure class="wp-block-image size-large"><img loading="lazy" decoding="async" width="768" height="1024" data-id="1301" src="https://protectoraberga.com/wp-content/uploads/2026/03/1000134154-768x1024.jpg" alt="" class="wp-image-1301" srcset="https://protectoraberga.com/wp-content/uploads/2026/03/1000134154-768x1024.jpg 768w, https://protectoraberga.com/wp-content/uploads/2026/03/1000134154-225x300.jpg 225w, https://protectoraberga.com/wp-content/uploads/2026/03/1000134154-1152x1536.jpg 1152w, https://protectoraberga.com/wp-content/uploads/2026/03/1000134154-676x901.jpg 676w, https://protectoraberga.com/wp-content/uploads/2026/03/1000134154-360x480.jpg 360w, https://protectoraberga.com/wp-content/uploads/2026/03/1000134154.jpg 1200w" sizes="auto, (max-width: 768px) 100vw, 768px" /></figure>



<figure class="wp-block-image size-large"><img loading="lazy" decoding="async" width="768" height="1024" data-id="1303" src="https://protectoraberga.com/wp-content/uploads/2026/03/1000134151-768x1024.jpg" alt="" class="wp-image-1303" srcset="https://protectoraberga.com/wp-content/uploads/2026/03/1000134151-768x1024.jpg 768w, https://protectoraberga.com/wp-content/uploads/2026/03/1000134151-225x300.jpg 225w, https://protectoraberga.com/wp-content/uploads/2026/03/1000134151-1152x1536.jpg 1152w, https://protectoraberga.com/wp-content/uploads/2026/03/1000134151-676x901.jpg 676w, https://protectoraberga.com/wp-content/uploads/2026/03/1000134151-360x480.jpg 360w, https://protectoraberga.com/wp-content/uploads/2026/03/1000134151.jpg 1200w" sizes="auto, (max-width: 768px) 100vw, 768px" /></figure>



<figure class="wp-block-image size-large"><img loading="lazy" decoding="async" width="768" height="1024" data-id="1304" src="https://protectoraberga.com/wp-content/uploads/2026/03/1000134190-768x1024.jpg" alt="" class="wp-image-1304" srcset="https://protectoraberga.com/wp-content/uploads/2026/03/1000134190-768x1024.jpg 768w, https://protectoraberga.com/wp-content/uploads/2026/03/1000134190-225x300.jpg 225w, https://protectoraberga.com/wp-content/uploads/2026/03/1000134190-1152x1536.jpg 1152w, https://protectoraberga.com/wp-content/uploads/2026/03/1000134190-676x901.jpg 676w, https://protectoraberga.com/wp-content/uploads/2026/03/1000134190-360x480.jpg 360w, https://protectoraberga.com/wp-content/uploads/2026/03/1000134190.jpg 1200w" sizes="auto, (max-width: 768px) 100vw, 768px" /></figure>



<figure class="wp-block-image size-large"><img loading="lazy" decoding="async" width="768" height="1024" data-id="1302" src="https://protectoraberga.com/wp-content/uploads/2026/03/1000134199-768x1024.jpg" alt="" class="wp-image-1302" srcset="https://protectoraberga.com/wp-content/uploads/2026/03/1000134199-768x1024.jpg 768w, https://protectoraberga.com/wp-content/uploads/2026/03/1000134199-225x300.jpg 225w, https://protectoraberga.com/wp-content/uploads/2026/03/1000134199-1152x1536.jpg 1152w, https://protectoraberga.com/wp-content/uploads/2026/03/1000134199-676x901.jpg 676w, https://protectoraberga.com/wp-content/uploads/2026/03/1000134199-360x480.jpg 360w, https://protectoraberga.com/wp-content/uploads/2026/03/1000134199.jpg 1200w" sizes="auto, (max-width: 768px) 100vw, 768px" /></figure>
</figure>

<p>Gos mascle. Data de naixement, aproximada: 1-2-2024. Alçada: 64cm. Pes: 24kg&nbsp; Va ser rescatat pels bombers a Puig-Reig, on estava atrapat al costat del riu. Va arribar amb moltes pors i, a poc a poc, ha anat millorant, tot i que encara es mostra temorós en situacions que desconeix. Surt bé amb corretja i és [&hellip;]</p>
