{"id":1305,"date":"2026-03-18T08:27:11","date_gmt":"2026-03-18T08:27:11","guid":{"rendered":"https:\/\/protectoraberga.com\/?post_type=pets&#038;p=1305"},"modified":"2026-03-18T08:27:21","modified_gmt":"2026-03-18T08:27:21","slug":"carbo-2","status":"publish","type":"pets","link":"https:\/\/protectoraberga.com\/?pets=carbo-2","title":{"rendered":"CARB\u00d3"},"content":{"rendered":"\n<p>Gat mascle. Data de naixement, aproximada: 1-7-2022.<\/p>\n\n\n\n<p>Despr\u00e9s de passar pel veterinari i dels dies necessaris per a l&#8217;adaptaci\u00f3 amb la resta de gats, ja est\u00e0 a punt per a trobar a una fam\u00edlia adoptiva. Esperem que sigui molt aviat<\/p>\n\n\n\n<figure class=\"wp-block-gallery has-nested-images columns-default is-cropped wp-block-gallery-1 is-layout-flex wp-block-gallery-is-layout-flex\">\n<figure class=\"wp-block-image size-large\"><img loading=\"lazy\" decoding=\"async\" width=\"901\" height=\"1024\" data-id=\"1306\" src=\"https:\/\/protectoraberga.com\/wp-content\/uploads\/2026\/03\/1000134106-901x1024.jpg\" alt=\"\" class=\"wp-image-1306\" srcset=\"https:\/\/protectoraberga.com\/wp-content\/uploads\/2026\/03\/1000134106-901x1024.jpg 901w, https:\/\/protectoraberga.com\/wp-content\/uploads\/2026\/03\/1000134106-264x300.jpg 264w, https:\/\/protectoraberga.com\/wp-content\/uploads\/2026\/03\/1000134106-768x873.jpg 768w, https:\/\/protectoraberga.com\/wp-content\/uploads\/2026\/03\/1000134106-1351x1536.jpg 1351w, https:\/\/protectoraberga.com\/wp-content\/uploads\/2026\/03\/1000134106-676x769.jpg 676w, https:\/\/protectoraberga.com\/wp-content\/uploads\/2026\/03\/1000134106-360x409.jpg 360w, https:\/\/protectoraberga.com\/wp-content\/uploads\/2026\/03\/1000134106.jpg 1801w\" sizes=\"auto, (max-width: 901px) 100vw, 901px\" \/><\/figure>\n\n\n\n<figure class=\"wp-block-image size-large\"><img loading=\"lazy\" decoding=\"async\" width=\"1024\" height=\"774\" data-id=\"1307\" src=\"https:\/\/protectoraberga.com\/wp-content\/uploads\/2026\/03\/1000134133-1024x774.jpg\" alt=\"\" class=\"wp-image-1307\" srcset=\"https:\/\/protectoraberga.com\/wp-content\/uploads\/2026\/03\/1000134133-1024x774.jpg 1024w, https:\/\/protectoraberga.com\/wp-content\/uploads\/2026\/03\/1000134133-300x227.jpg 300w, https:\/\/protectoraberga.com\/wp-content\/uploads\/2026\/03\/1000134133-768x581.jpg 768w, https:\/\/protectoraberga.com\/wp-content\/uploads\/2026\/03\/1000134133-1536x1161.jpg 1536w, https:\/\/protectoraberga.com\/wp-content\/uploads\/2026\/03\/1000134133-676x511.jpg 676w, https:\/\/protectoraberga.com\/wp-content\/uploads\/2026\/03\/1000134133-360x272.jpg 360w, https:\/\/protectoraberga.com\/wp-content\/uploads\/2026\/03\/1000134133.jpg 2048w\" sizes=\"auto, (max-width: 1024px) 100vw, 1024px\" \/><\/figure>\n\n\n\n<figure class=\"wp-block-image size-large\"><img loading=\"lazy\" decoding=\"async\" width=\"768\" height=\"1024\" data-id=\"1308\" src=\"https:\/\/protectoraberga.com\/wp-content\/uploads\/2026\/03\/1000134118-768x1024.jpg\" alt=\"\" class=\"wp-image-1308\" srcset=\"https:\/\/protectoraberga.com\/wp-content\/uploads\/2026\/03\/1000134118-768x1024.jpg 768w, https:\/\/protectoraberga.com\/wp-content\/uploads\/2026\/03\/1000134118-225x300.jpg 225w, https:\/\/protectoraberga.com\/wp-content\/uploads\/2026\/03\/1000134118-1152x1536.jpg 1152w, https:\/\/protectoraberga.com\/wp-content\/uploads\/2026\/03\/1000134118-676x901.jpg 676w, https:\/\/protectoraberga.com\/wp-content\/uploads\/2026\/03\/1000134118-360x480.jpg 360w, https:\/\/protectoraberga.com\/wp-content\/uploads\/2026\/03\/1000134118.jpg 1500w\" sizes=\"auto, (max-width: 768px) 100vw, 768px\" \/><\/figure>\n\n\n\n<figure class=\"wp-block-image size-large\"><img loading=\"lazy\" decoding=\"async\" width=\"1024\" height=\"981\" data-id=\"1309\" src=\"https:\/\/protectoraberga.com\/wp-content\/uploads\/2026\/03\/1000134136-1024x981.jpg\" alt=\"\" class=\"wp-image-1309\" srcset=\"https:\/\/protectoraberga.com\/wp-content\/uploads\/2026\/03\/1000134136-1024x981.jpg 1024w, https:\/\/protectoraberga.com\/wp-content\/uploads\/2026\/03\/1000134136-300x287.jpg 300w, https:\/\/protectoraberga.com\/wp-content\/uploads\/2026\/03\/1000134136-768x736.jpg 768w, https:\/\/protectoraberga.com\/wp-content\/uploads\/2026\/03\/1000134136-1536x1472.jpg 1536w, https:\/\/protectoraberga.com\/wp-content\/uploads\/2026\/03\/1000134136-676x648.jpg 676w, https:\/\/protectoraberga.com\/wp-content\/uploads\/2026\/03\/1000134136-360x345.jpg 360w, https:\/\/protectoraberga.com\/wp-content\/uploads\/2026\/03\/1000134136.jpg 2048w\" sizes=\"auto, (max-width: 1024px) 100vw, 1024px\" \/><\/figure>\n<\/figure>\n","protected":false},"excerpt":{"rendered":"<p>Gat mascle. Data de naixement, aproximada: 1-7-2022. Despr\u00e9s de passar pel veterinari i dels dies necessaris per a l&#8217;adaptaci\u00f3 amb la resta de gats, ja est\u00e0 a punt per a trobar a una fam\u00edlia adoptiva. Esperem que sigui molt aviat<\/p>\n","protected":false},"featured_media":0,"template":"","meta":{"ngg_post_thumbnail":0},"breed":[6],"pet-color":[],"class_list":["post-1305","pets","type-pets","status-publish","hentry","breed-gat","post-preview"],"_links":{"self":[{"href":"https:\/\/protectoraberga.com\/index.php?rest_route=\/wp\/v2\/pets\/1305","targetHints":{"allow":["GET"]}}],"collection":[{"href":"https:\/\/protectoraberga.com\/index.php?rest_route=\/wp\/v2\/pets"}],"about":[{"href":"https:\/\/protectoraberga.com\/index.php?rest_route=\/wp\/v2\/types\/pets"}],"wp:attachment":[{"href":"https:\/\/protectoraberga.com\/index.php?rest_route=%2Fwp%2Fv2%2Fmedia&parent=1305"}],"wp:term":[{"taxonomy":"breed","embeddable":true,"href":"https:\/\/protectoraberga.com\/index.php?rest_route=%2Fwp%2Fv2%2Fbreed&post=1305"},{"taxonomy":"pet-color","embeddable":true,"href":"https:\/\/protectoraberga.com\/index.php?rest_route=%2Fwp%2Fv2%2Fpet-color&post=1305"}],"curies":[{"name":"wp","href":"https:\/\/api.w.org\/{rel}","templated":true}]}}

CARBÓ

<p>Gat mascle. Data de naixement, aproximada: 1-7-2022.</p>



<p>Després de passar pel veterinari i dels dies necessaris per a l&#8217;adaptació amb la resta de gats, ja està a punt per a trobar a una família adoptiva. Esperem que sigui molt aviat</p>



<figure class="wp-block-gallery has-nested-images columns-default is-cropped wp-block-gallery-1 is-layout-flex wp-block-gallery-is-layout-flex">
<figure class="wp-block-image size-large"><img loading="lazy" decoding="async" width="901" height="1024" data-id="1306" src="https://protectoraberga.com/wp-content/uploads/2026/03/1000134106-901x1024.jpg" alt="" class="wp-image-1306" srcset="https://protectoraberga.com/wp-content/uploads/2026/03/1000134106-901x1024.jpg 901w, https://protectoraberga.com/wp-content/uploads/2026/03/1000134106-264x300.jpg 264w, https://protectoraberga.com/wp-content/uploads/2026/03/1000134106-768x873.jpg 768w, https://protectoraberga.com/wp-content/uploads/2026/03/1000134106-1351x1536.jpg 1351w, https://protectoraberga.com/wp-content/uploads/2026/03/1000134106-676x769.jpg 676w, https://protectoraberga.com/wp-content/uploads/2026/03/1000134106-360x409.jpg 360w, https://protectoraberga.com/wp-content/uploads/2026/03/1000134106.jpg 1801w" sizes="auto, (max-width: 901px) 100vw, 901px" /></figure>



<figure class="wp-block-image size-large"><img loading="lazy" decoding="async" width="1024" height="774" data-id="1307" src="https://protectoraberga.com/wp-content/uploads/2026/03/1000134133-1024x774.jpg" alt="" class="wp-image-1307" srcset="https://protectoraberga.com/wp-content/uploads/2026/03/1000134133-1024x774.jpg 1024w, https://protectoraberga.com/wp-content/uploads/2026/03/1000134133-300x227.jpg 300w, https://protectoraberga.com/wp-content/uploads/2026/03/1000134133-768x581.jpg 768w, https://protectoraberga.com/wp-content/uploads/2026/03/1000134133-1536x1161.jpg 1536w, https://protectoraberga.com/wp-content/uploads/2026/03/1000134133-676x511.jpg 676w, https://protectoraberga.com/wp-content/uploads/2026/03/1000134133-360x272.jpg 360w, https://protectoraberga.com/wp-content/uploads/2026/03/1000134133.jpg 2048w" sizes="auto, (max-width: 1024px) 100vw, 1024px" /></figure>



<figure class="wp-block-image size-large"><img loading="lazy" decoding="async" width="768" height="1024" data-id="1308" src="https://protectoraberga.com/wp-content/uploads/2026/03/1000134118-768x1024.jpg" alt="" class="wp-image-1308" srcset="https://protectoraberga.com/wp-content/uploads/2026/03/1000134118-768x1024.jpg 768w, https://protectoraberga.com/wp-content/uploads/2026/03/1000134118-225x300.jpg 225w, https://protectoraberga.com/wp-content/uploads/2026/03/1000134118-1152x1536.jpg 1152w, https://protectoraberga.com/wp-content/uploads/2026/03/1000134118-676x901.jpg 676w, https://protectoraberga.com/wp-content/uploads/2026/03/1000134118-360x480.jpg 360w, https://protectoraberga.com/wp-content/uploads/2026/03/1000134118.jpg 1500w" sizes="auto, (max-width: 768px) 100vw, 768px" /></figure>



<figure class="wp-block-image size-large"><img loading="lazy" decoding="async" width="1024" height="981" data-id="1309" src="https://protectoraberga.com/wp-content/uploads/2026/03/1000134136-1024x981.jpg" alt="" class="wp-image-1309" srcset="https://protectoraberga.com/wp-content/uploads/2026/03/1000134136-1024x981.jpg 1024w, https://protectoraberga.com/wp-content/uploads/2026/03/1000134136-300x287.jpg 300w, https://protectoraberga.com/wp-content/uploads/2026/03/1000134136-768x736.jpg 768w, https://protectoraberga.com/wp-content/uploads/2026/03/1000134136-1536x1472.jpg 1536w, https://protectoraberga.com/wp-content/uploads/2026/03/1000134136-676x648.jpg 676w, https://protectoraberga.com/wp-content/uploads/2026/03/1000134136-360x345.jpg 360w, https://protectoraberga.com/wp-content/uploads/2026/03/1000134136.jpg 2048w" sizes="auto, (max-width: 1024px) 100vw, 1024px" /></figure>
</figure>

<p>Gat mascle. Data de naixement, aproximada: 1-7-2022. Després de passar pel veterinari i dels dies necessaris per a l&#8217;adaptació amb la resta de gats, ja està a punt per a trobar a una família adoptiva. Esperem que sigui molt aviat</p>
