{"id":1316,"date":"2026-03-26T14:38:18","date_gmt":"2026-03-26T14:38:18","guid":{"rendered":"https:\/\/protectoraberga.com\/?post_type=pets&#038;p=1316"},"modified":"2026-03-26T14:38:27","modified_gmt":"2026-03-26T14:38:27","slug":"josa","status":"publish","type":"pets","link":"https:\/\/protectoraberga.com\/?pets=josa","title":{"rendered":"JOSA"},"content":{"rendered":"\n<p>Gos femella. Data de naixement, aproximada: 15-4-2025. All\u00e7ada: 55cm. Pes: 26kg.<\/p>\n\n\n\n<p>Ella va arribar amb el seu germ\u00e0, el Cad\u00ed, els dos de Castellar del Riu.<\/p>\n\n\n\n<p>\u00c9s una gossa molt activa i efusiva. Surt b\u00e9 amb corretja i li agrada molt jugar a pilota.<\/p>\n\n\n\n<p>Busquem una fam\u00edlia activa que li pugui treure tota aquesta energia i que li pugui donar l&#8217;estima que tant vol.<\/p>\n\n\n\n<figure class=\"wp-block-gallery has-nested-images columns-default is-cropped wp-block-gallery-1 is-layout-flex wp-block-gallery-is-layout-flex\">\n<figure class=\"wp-block-image size-large\"><img loading=\"lazy\" decoding=\"async\" width=\"882\" height=\"1024\" data-id=\"1317\" src=\"https:\/\/protectoraberga.com\/wp-content\/uploads\/2026\/03\/1000135737-882x1024.jpg\" alt=\"\" class=\"wp-image-1317\" srcset=\"https:\/\/protectoraberga.com\/wp-content\/uploads\/2026\/03\/1000135737-882x1024.jpg 882w, https:\/\/protectoraberga.com\/wp-content\/uploads\/2026\/03\/1000135737-258x300.jpg 258w, https:\/\/protectoraberga.com\/wp-content\/uploads\/2026\/03\/1000135737-768x891.jpg 768w, https:\/\/protectoraberga.com\/wp-content\/uploads\/2026\/03\/1000135737-1323x1536.jpg 1323w, https:\/\/protectoraberga.com\/wp-content\/uploads\/2026\/03\/1000135737-676x785.jpg 676w, https:\/\/protectoraberga.com\/wp-content\/uploads\/2026\/03\/1000135737-360x418.jpg 360w, https:\/\/protectoraberga.com\/wp-content\/uploads\/2026\/03\/1000135737.jpg 1500w\" sizes=\"auto, (max-width: 882px) 100vw, 882px\" \/><\/figure>\n\n\n\n<figure class=\"wp-block-image size-large\"><img loading=\"lazy\" decoding=\"async\" width=\"691\" height=\"1024\" data-id=\"1318\" src=\"https:\/\/protectoraberga.com\/wp-content\/uploads\/2026\/03\/1000135719-691x1024.jpg\" alt=\"\" class=\"wp-image-1318\" srcset=\"https:\/\/protectoraberga.com\/wp-content\/uploads\/2026\/03\/1000135719-691x1024.jpg 691w, https:\/\/protectoraberga.com\/wp-content\/uploads\/2026\/03\/1000135719-202x300.jpg 202w, https:\/\/protectoraberga.com\/wp-content\/uploads\/2026\/03\/1000135719-768x1138.jpg 768w, https:\/\/protectoraberga.com\/wp-content\/uploads\/2026\/03\/1000135719-1037x1536.jpg 1037w, https:\/\/protectoraberga.com\/wp-content\/uploads\/2026\/03\/1000135719-676x1002.jpg 676w, https:\/\/protectoraberga.com\/wp-content\/uploads\/2026\/03\/1000135719-360x533.jpg 360w, https:\/\/protectoraberga.com\/wp-content\/uploads\/2026\/03\/1000135719.jpg 1382w\" sizes=\"auto, (max-width: 691px) 100vw, 691px\" \/><\/figure>\n\n\n\n<figure class=\"wp-block-image size-large\"><img loading=\"lazy\" decoding=\"async\" width=\"649\" height=\"1024\" data-id=\"1319\" src=\"https:\/\/protectoraberga.com\/wp-content\/uploads\/2026\/03\/1000135701-649x1024.jpg\" alt=\"\" class=\"wp-image-1319\" srcset=\"https:\/\/protectoraberga.com\/wp-content\/uploads\/2026\/03\/1000135701-649x1024.jpg 649w, https:\/\/protectoraberga.com\/wp-content\/uploads\/2026\/03\/1000135701-190x300.jpg 190w, https:\/\/protectoraberga.com\/wp-content\/uploads\/2026\/03\/1000135701-768x1211.jpg 768w, https:\/\/protectoraberga.com\/wp-content\/uploads\/2026\/03\/1000135701-974x1536.jpg 974w, https:\/\/protectoraberga.com\/wp-content\/uploads\/2026\/03\/1000135701-676x1066.jpg 676w, https:\/\/protectoraberga.com\/wp-content\/uploads\/2026\/03\/1000135701-360x568.jpg 360w, https:\/\/protectoraberga.com\/wp-content\/uploads\/2026\/03\/1000135701.jpg 1073w\" sizes=\"auto, (max-width: 649px) 100vw, 649px\" \/><\/figure>\n\n\n\n<figure class=\"wp-block-image size-large\"><img loading=\"lazy\" decoding=\"async\" width=\"868\" height=\"1024\" data-id=\"1320\" src=\"https:\/\/protectoraberga.com\/wp-content\/uploads\/2026\/03\/1000135695-868x1024.jpg\" alt=\"\" class=\"wp-image-1320\" srcset=\"https:\/\/protectoraberga.com\/wp-content\/uploads\/2026\/03\/1000135695-868x1024.jpg 868w, https:\/\/protectoraberga.com\/wp-content\/uploads\/2026\/03\/1000135695-254x300.jpg 254w, https:\/\/protectoraberga.com\/wp-content\/uploads\/2026\/03\/1000135695-768x906.jpg 768w, https:\/\/protectoraberga.com\/wp-content\/uploads\/2026\/03\/1000135695-1302x1536.jpg 1302w, https:\/\/protectoraberga.com\/wp-content\/uploads\/2026\/03\/1000135695-676x797.jpg 676w, https:\/\/protectoraberga.com\/wp-content\/uploads\/2026\/03\/1000135695-360x425.jpg 360w, https:\/\/protectoraberga.com\/wp-content\/uploads\/2026\/03\/1000135695.jpg 1736w\" sizes=\"auto, (max-width: 868px) 100vw, 868px\" \/><\/figure>\n<\/figure>\n","protected":false},"excerpt":{"rendered":"<p>Gos femella. Data de naixement, aproximada: 15-4-2025. All\u00e7ada: 55cm. Pes: 26kg. Ella va arribar amb el seu germ\u00e0, el Cad\u00ed, els dos de Castellar del Riu. \u00c9s una gossa molt activa i efusiva. Surt b\u00e9 amb corretja i li agrada molt jugar a pilota. Busquem una fam\u00edlia activa que li pugui treure tota aquesta energia [&hellip;]<\/p>\n","protected":false},"featured_media":0,"template":"","meta":{"ngg_post_thumbnail":0},"breed":[3],"pet-color":[],"class_list":["post-1316","pets","type-pets","status-publish","hentry","breed-gos","post-preview"],"_links":{"self":[{"href":"https:\/\/protectoraberga.com\/index.php?rest_route=\/wp\/v2\/pets\/1316","targetHints":{"allow":["GET"]}}],"collection":[{"href":"https:\/\/protectoraberga.com\/index.php?rest_route=\/wp\/v2\/pets"}],"about":[{"href":"https:\/\/protectoraberga.com\/index.php?rest_route=\/wp\/v2\/types\/pets"}],"wp:attachment":[{"href":"https:\/\/protectoraberga.com\/index.php?rest_route=%2Fwp%2Fv2%2Fmedia&parent=1316"}],"wp:term":[{"taxonomy":"breed","embeddable":true,"href":"https:\/\/protectoraberga.com\/index.php?rest_route=%2Fwp%2Fv2%2Fbreed&post=1316"},{"taxonomy":"pet-color","embeddable":true,"href":"https:\/\/protectoraberga.com\/index.php?rest_route=%2Fwp%2Fv2%2Fpet-color&post=1316"}],"curies":[{"name":"wp","href":"https:\/\/api.w.org\/{rel}","templated":true}]}}

<p>Gos femella. Data de naixement, aproximada: 15-4-2025. Allçada: 55cm. Pes: 26kg.</p>



<p>Ella va arribar amb el seu germà, el Cadí, els dos de Castellar del Riu.</p>



<p>És una gossa molt activa i efusiva. Surt bé amb corretja i li agrada molt jugar a pilota.</p>



<p>Busquem una família activa que li pugui treure tota aquesta energia i que li pugui donar l&#8217;estima que tant vol.</p>



<figure class="wp-block-gallery has-nested-images columns-default is-cropped wp-block-gallery-1 is-layout-flex wp-block-gallery-is-layout-flex">
<figure class="wp-block-image size-large"><img loading="lazy" decoding="async" width="882" height="1024" data-id="1317" src="https://protectoraberga.com/wp-content/uploads/2026/03/1000135737-882x1024.jpg" alt="" class="wp-image-1317" srcset="https://protectoraberga.com/wp-content/uploads/2026/03/1000135737-882x1024.jpg 882w, https://protectoraberga.com/wp-content/uploads/2026/03/1000135737-258x300.jpg 258w, https://protectoraberga.com/wp-content/uploads/2026/03/1000135737-768x891.jpg 768w, https://protectoraberga.com/wp-content/uploads/2026/03/1000135737-1323x1536.jpg 1323w, https://protectoraberga.com/wp-content/uploads/2026/03/1000135737-676x785.jpg 676w, https://protectoraberga.com/wp-content/uploads/2026/03/1000135737-360x418.jpg 360w, https://protectoraberga.com/wp-content/uploads/2026/03/1000135737.jpg 1500w" sizes="auto, (max-width: 882px) 100vw, 882px" /></figure>



<figure class="wp-block-image size-large"><img loading="lazy" decoding="async" width="691" height="1024" data-id="1318" src="https://protectoraberga.com/wp-content/uploads/2026/03/1000135719-691x1024.jpg" alt="" class="wp-image-1318" srcset="https://protectoraberga.com/wp-content/uploads/2026/03/1000135719-691x1024.jpg 691w, https://protectoraberga.com/wp-content/uploads/2026/03/1000135719-202x300.jpg 202w, https://protectoraberga.com/wp-content/uploads/2026/03/1000135719-768x1138.jpg 768w, https://protectoraberga.com/wp-content/uploads/2026/03/1000135719-1037x1536.jpg 1037w, https://protectoraberga.com/wp-content/uploads/2026/03/1000135719-676x1002.jpg 676w, https://protectoraberga.com/wp-content/uploads/2026/03/1000135719-360x533.jpg 360w, https://protectoraberga.com/wp-content/uploads/2026/03/1000135719.jpg 1382w" sizes="auto, (max-width: 691px) 100vw, 691px" /></figure>



<figure class="wp-block-image size-large"><img loading="lazy" decoding="async" width="649" height="1024" data-id="1319" src="https://protectoraberga.com/wp-content/uploads/2026/03/1000135701-649x1024.jpg" alt="" class="wp-image-1319" srcset="https://protectoraberga.com/wp-content/uploads/2026/03/1000135701-649x1024.jpg 649w, https://protectoraberga.com/wp-content/uploads/2026/03/1000135701-190x300.jpg 190w, https://protectoraberga.com/wp-content/uploads/2026/03/1000135701-768x1211.jpg 768w, https://protectoraberga.com/wp-content/uploads/2026/03/1000135701-974x1536.jpg 974w, https://protectoraberga.com/wp-content/uploads/2026/03/1000135701-676x1066.jpg 676w, https://protectoraberga.com/wp-content/uploads/2026/03/1000135701-360x568.jpg 360w, https://protectoraberga.com/wp-content/uploads/2026/03/1000135701.jpg 1073w" sizes="auto, (max-width: 649px) 100vw, 649px" /></figure>



<figure class="wp-block-image size-large"><img loading="lazy" decoding="async" width="868" height="1024" data-id="1320" src="https://protectoraberga.com/wp-content/uploads/2026/03/1000135695-868x1024.jpg" alt="" class="wp-image-1320" srcset="https://protectoraberga.com/wp-content/uploads/2026/03/1000135695-868x1024.jpg 868w, https://protectoraberga.com/wp-content/uploads/2026/03/1000135695-254x300.jpg 254w, https://protectoraberga.com/wp-content/uploads/2026/03/1000135695-768x906.jpg 768w, https://protectoraberga.com/wp-content/uploads/2026/03/1000135695-1302x1536.jpg 1302w, https://protectoraberga.com/wp-content/uploads/2026/03/1000135695-676x797.jpg 676w, https://protectoraberga.com/wp-content/uploads/2026/03/1000135695-360x425.jpg 360w, https://protectoraberga.com/wp-content/uploads/2026/03/1000135695.jpg 1736w" sizes="auto, (max-width: 868px) 100vw, 868px" /></figure>
</figure>

<p>Gos femella. Data de naixement, aproximada: 15-4-2025. Allçada: 55cm. Pes: 26kg. Ella va arribar amb el seu germà, el Cadí, els dos de Castellar del Riu. És una gossa molt activa i efusiva. Surt bé amb corretja i li agrada molt jugar a pilota. Busquem una família activa que li pugui treure tota aquesta energia [&hellip;]</p>
